000
CDUS43 KIND 030532
CLIHUF


CLIMATE REPORT
NATIONAL WEATHER SERVICE INDIANAPOLIS IN
132 AM EDT SUN MAY 3 2015


...................................

...THE TERRE HAUTE IN CLIMATE SUMMARY FOR MAY 2 2015...

CLIMATE NORMAL PERIOD 1981 TO 2010
CLIMATE RECORD PERIOD 9999 TO 9999


WEATHER ITEM   OBSERVED TIME   NORMAL DEPARTURE LAST
                VALUE   (LST)  VALUE  FROM      YEAR
                                      NORMAL
......................................................
TEMPERATURE (F)
 YESTERDAY
  MAXIMUM         75    325 PM  70      5       56
  MINIMUM         46    627 AM  47     -1       44
  AVERAGE         61            58      3       50

PRECIPITATION (IN)
  YESTERDAY        0.00          0.24  -0.24      T
  MONTH TO DATE    0.00          0.45  -0.45      T
  SINCE MAR 1      8.02          7.97   0.05     8.03
  SINCE JAN 1     10.92         12.26  -1.34    12.06

DEGREE DAYS
 HEATING
  YESTERDAY        4             7     -3       15
  MONTH TO DATE   15            14      1       32
  SINCE MAR 1   1134          1071     63     1208
  SINCE JUL 1   5768          5234    534     5943

 COOLING
  YESTERDAY        0             1     -1        0
  MONTH TO DATE    0             2     -2        0
  SINCE MAR 1      6            17    -11        6
  SINCE JAN 1      6            17    -11        6
......................................................


WIND (MPH)
  HIGHEST WIND SPEED    15   HIGHEST WIND DIRECTION    SW (240)
  HIGHEST GUST SPEED    19   HIGHEST GUST DIRECTION     S (190)
  AVERAGE WIND SPEED     3.7


SKY COVER
  AVERAGE SKY COVER 0.0


WEATHER CONDITIONS
 THE FOLLOWING WEATHER WAS RECORDED YESTERDAY.
  NO SIGNIFICANT WEATHER WAS OBSERVED.


RELATIVE HUMIDITY (PERCENT)
 HIGHEST    93           200 AM
 LOWEST     33           200 PM
 AVERAGE    63

..........................................................


THE TERRE HAUTE IN CLIMATE NORMALS FOR TODAY
                         NORMAL
 MAXIMUM TEMPERATURE (F)   70
 MINIMUM TEMPERATURE (F)   48


SUNRISE AND SUNSET
MAY  3 2015...........SUNRISE   648 AM EDT   SUNSET   845 PM EDT
MAY  4 2015...........SUNRISE   647 AM EDT   SUNSET   846 PM EDT


-  INDICATES NEGATIVE NUMBERS.
R  INDICATES RECORD WAS SET OR TIED.
MM INDICATES DATA IS MISSING.
T  INDICATES TRACE AMOUNT.




$$
