000
CDUS43 KIND 010550
CLIHUF


CLIMATE REPORT
NATIONAL WEATHER SERVICE INDIANAPOLIS IN
150 AM EDT FRI MAY 1 2015


...................................

...THE TERRE HAUTE IN CLIMATE SUMMARY FOR APRIL 30 2015...

CLIMATE NORMAL PERIOD 1981 TO 2010
CLIMATE RECORD PERIOD 9999 TO 9999


WEATHER ITEM   OBSERVED TIME   NORMAL DEPARTURE LAST
                VALUE   (LST)  VALUE  FROM      YEAR
                                      NORMAL
......................................................
TEMPERATURE (F)
 YESTERDAY
  MAXIMUM         61    154 PM  69     -8       58
  MINIMUM         43   1159 PM  47     -4       45
  AVERAGE         52            58     -6       52

PRECIPITATION (IN)
  YESTERDAY        0.05          0.27  -0.22     0.01
  MONTH TO DATE    4.62          4.15   0.47     6.28
  SINCE MAR 1      8.02          7.52   0.50     8.03
  SINCE JAN 1     10.92         11.81  -0.89    12.06

DEGREE DAYS
 HEATING
  YESTERDAY       13             8      5       13
  MONTH TO DATE  316           366    -50      314
  SINCE MAR 1   1119          1057     62     1176
  SINCE JUL 1   5753          5220    533     5911

 COOLING
  YESTERDAY        0             1     -1        0
  MONTH TO DATE    6            14     -8        6
  SINCE MAR 1      6            15     -9        6
  SINCE JAN 1      6            15     -9        6
......................................................


WIND (MPH)
  HIGHEST WIND SPEED    21   HIGHEST WIND DIRECTION     N (10)
  HIGHEST GUST SPEED    28   HIGHEST GUST DIRECTION     N (360)
  AVERAGE WIND SPEED    11.6


SKY COVER
  AVERAGE SKY COVER 0.5


WEATHER CONDITIONS
 THE FOLLOWING WEATHER WAS RECORDED YESTERDAY.
  LIGHT RAIN


RELATIVE HUMIDITY (PERCENT)
 HIGHEST    86           500 AM
 LOWEST     38           600 PM
 AVERAGE    62

..........................................................


THE TERRE HAUTE IN CLIMATE NORMALS FOR TODAY
                         NORMAL
 MAXIMUM TEMPERATURE (F)   69
 MINIMUM TEMPERATURE (F)   47


SUNRISE AND SUNSET
MAY  1 2015...........SUNRISE   651 AM EDT   SUNSET   843 PM EDT
MAY  2 2015...........SUNRISE   649 AM EDT   SUNSET   844 PM EDT


-  INDICATES NEGATIVE NUMBERS.
R  INDICATES RECORD WAS SET OR TIED.
MM INDICATES DATA IS MISSING.
T  INDICATES TRACE AMOUNT.




$$
