000
CDUS43 KIND 222351
CLIIND


CLIMATE REPORT
NATIONAL WEATHER SERVICE INDIANAPOLIS IN
751 PM EDT WED APR 22 2015


...................................

...THE INDIANAPOLIS IN CLIMATE SUMMARY FOR APRIL 22 2015...
VALID AS OF 0700 PM LOCAL TIME.

CLIMATE NORMAL PERIOD 1981 TO 2010
CLIMATE RECORD PERIOD 1871 TO 2015


WEATHER ITEM   OBSERVED TIME   RECORD YEAR NORMAL DEPARTURE LAST
                VALUE   (LST)  VALUE       VALUE  FROM      YEAR
                                                  NORMAL
..................................................................
TEMPERATURE (F)
 TODAY
  MAXIMUM         50    559 PM  85    1980  66    -16       60
                                      1960
  MINIMUM         40    808 AM  27    1936  45     -5       44
  AVERAGE         45                        55    -10       52

PRECIPITATION (IN)
  TODAY            0.10          2.34 2005   0.13  -0.03     0.00
  MONTH TO DATE    3.38                      2.73   0.65     4.10
  SINCE MAR 1      6.91                      6.29   0.62     6.48
  SINCE JAN 1     10.06                     11.27  -1.21    11.27

SNOWFALL (IN)
  TODAY            0.0           0.1  1927   0.0    0.0      0.0
  MONTH TO DATE    T                         0.2   -0.2      0.3
  SINCE MAR 1      5.9                       2.8    3.1      3.4
  SINCE JUL 1     25.6                      25.9   -0.3     55.7
  SNOW DEPTH       0

..................................................................


WIND (MPH)
  HIGHEST WIND SPEED    30   HIGHEST WIND DIRECTION     W (280)
  HIGHEST GUST SPEED    36   HIGHEST GUST DIRECTION     W (270)
  AVERAGE WIND SPEED    18.4


SKY COVER
  AVERAGE SKY COVER 0.8


WEATHER CONDITIONS
 THE FOLLOWING WEATHER WAS RECORDED TODAY.
  LIGHT RAIN
  FOG


RELATIVE HUMIDITY (PERCENT)
 HIGHEST    86           400 AM
 LOWEST     39           600 PM

..........................................................


THE INDIANAPOLIS IN CLIMATE NORMALS FOR TOMORROW
                         NORMAL    RECORD    YEAR
 MAXIMUM TEMPERATURE (F)   66        88      1925
 MINIMUM TEMPERATURE (F)   45        26      1986


SUNRISE AND SUNSET
APRIL 22 2015.........SUNRISE   658 AM EDT   SUNSET   830 PM EDT
APRIL 23 2015.........SUNRISE   657 AM EDT   SUNSET   831 PM EDT


-  INDICATES NEGATIVE NUMBERS.
R  INDICATES RECORD WAS SET OR TIED.
MM INDICATES DATA IS MISSING.
T  INDICATES TRACE AMOUNT.




$$
