000
CXUS54 KSJT 011328
CF6ABI
PRELIMINARY LOCAL CLIMATOLOGICAL DATA (WS FORM: F-6)

                                          STATION:   ABILENE
                                          MONTH:     MARCH
                                          YEAR:      2015
                                          LATITUDE:   32 25 N
                                          LONGITUDE:  99 41 W

  TEMPERATURE IN F:       :PCPN:    SNOW:  WIND      :SUNSHINE: SKY     :PK WND
================================================================================
1   2   3   4   5  6A  6B    7    8   9   10  11  12  13   14  15   16   17  18
                                     12Z  AVG MX 2MIN
DY MAX MIN AVG DEP HDD CDD  WTR  SNW DPTH SPD SPD DIR MIN PSBL S-S WX    SPD DR
================================================================================

 1  32  29  31 -21  34   0    T  0.0    0  7.4 13 360   M    M  10 16     15  10
 2  38  30  34 -18  31   0 0.01  0.0    0  6.0 14 360   M    M   9 16     16  10
 3  58  37  48  -5  17   0    T  0.0    0  6.9 23 210   M    M   7 1      28 220
 4  52  23  38 -15  27   0 0.43  0.6    0 16.0 30 350   M    M  10 1246   36  10
 5  42  20  31 -22  34   0    T  0.1    1  8.1 24 360   M    M   2        30  10
 6  55  26  41 -13  24   0 0.00  0.0    0  8.8 15 220   M    M   0        19 210
 7  59  34  47  -7  18   0 0.00  0.0    0  8.1 16 150   M    M   5        19 140
 8  61  45  53  -1  12   0 0.03  0.0    0  9.1 16 200   M    M   M        19 170
 9  52  47  50  -4  15   0 0.54  0.0    0  7.2 16 340   M    M  10 1      18 340
10  63  45  54  -1  11   0 0.00  0.0    0  6.3 12 330   M    M   6 1      15 310
11  70  36  53  -2  12   0 0.00  0.0    0  4.9 15  70   M    M   3 12     19  50
12  70  38  54  -1  11   0 0.00  0.0    0  3.7 13  10   M    M   0        18  10
13  71  39  55  -1  10   0 0.00  0.0    0  7.6 20 360   M    M   1        26 350
14  70  45  58   2   7   0    T  0.0    0  9.6 25 350   M    M   4        31 350
15  70  39  55  -1  10   0 0.00  0.0    0  3.8 12 360   M    M   0        14 340
16  78  46  62   6   3   0 0.00  0.0    0  9.2 16 200   M    M   0        21 210
17  74  53  64   7   1   0 0.01  0.0    0  7.5 16 360   M    M   5 8      21 360
18  68  49  59   2   6   0 0.07  0.0    0  7.0 14 190   M    M   7        17 200
19  80  56  68  11   0   3    T  0.0    0 11.5 23 360   M    M   5 1      28 200
20  56  48  52  -6  13   0 0.22  0.0    0  9.0 20 350   M    M   9 1      22 360
21  55  50  53  -5  12   0 0.28  0.0    0  3.0  9  80   M    M   9 1      11  20
22  73  52  63   5   2   0 0.01  0.0    0  3.9 10 130   M    M   6 1      12 310
23  83  52  68  10   0   3 0.00  0.0    0 13.7 22 160   M    M   0        27 170
24  88  62  75  16   0  10 0.00  0.0    0 12.3 28 210   M    M   0        37 200
25  86  53  70  11   0   5 0.00  0.0    0 17.0 38 350   M    M   1        48 360
26  64  43  54  -5  11   0 0.00  0.0    0 16.8 33 350   M    M   3        41 350
27  77  42  60   1   5   0 0.00  0.0    0  7.5 15 330   M    M   0        18 330
28  87  49  68   8   0   3 0.00  0.0    0 15.9 29 210   M    M   0        36 210
29  91  60  76  16   0  11 0.00  0.0    0 13.5 28 360   M    M   0        34  10
30  83  51  67   7   0   2 0.00  0.0    0  5.7 14 170   M    M   0        19 160
31  86  64  75  15   0  10 0.00  0.0    0 11.1 21 170   M    M   0        27 200
================================================================================
SM 2092 1363       326  47  1.60     0.7 278.1          M      112
================================================================================
AV 67.5 44.0                               9.0 FASTST   M    M   4    MAX(MPH)
                                 MISC ---->  # 38 350               # 48  360
================================================================================
NOTES:
# LAST OF SEVERAL OCCURRENCES

COLUMN 17 PEAK WIND IN M.P.H.

PRELIMINARY LOCAL CLIMATOLOGICAL DATA (WS FORM: F-6) , PAGE 2

                                          STATION:  ABILENE
                                          MONTH:    MARCH
                                          YEAR:     2015
                                          LATITUDE:   32 25 N
                                          LONGITUDE:  99 41 W

[TEMPERATURE DATA]      [PRECIPITATION DATA]       SYMBOLS USED IN COLUMN 16

AVERAGE MONTHLY: 55.7   TOTAL FOR MONTH:   1.60    1 = FOG OR MIST
DPTR FM NORMAL:  -0.7   DPTR FM NORMAL:   -0.14    2 = FOG REDUCING VISIBILITY
HIGHEST:    91 ON 29    GRTST 24HR  0.54 ON  9- 9      TO 1/4 MILE OR LESS
LOWEST:     20 ON  5                               3 = THUNDER
                        SNOW, ICE PELLETS, HAIL    4 = ICE PELLETS
                        TOTAL MONTH:   0.7 INCH    5 = HAIL
                        GRTST 24HR   0.6 ON   M    6 = FREEZING RAIN OR DRIZZLE
                        GRTST DEPTH:   1 ON  5     7 = DUSTSTORM OR SANDSTORM:
                                                       VSBY 1/2 MILE OR LESS
                                                   8 = SMOKE OR HAZE
[NO. OF DAYS WITH]      [WEATHER - DAYS WITH]      9 = BLOWING SNOW
                                                   X = TORNADO
MAX 32 OR BELOW:   1    0.01 INCH OR MORE:   9
MAX 90 OR ABOVE:   1    0.10 INCH OR MORE:   4
MIN 32 OR BELOW:   5    0.50 INCH OR MORE:   1
MIN  0 OR BELOW:   0    1.00 INCH OR MORE:   0

[HDD (BASE 65) ]
TOTAL THIS MO.   326    CLEAR  (SCALE 0-3)  16
DPTR FM NORMAL    28    PTCLDY (SCALE 4-7)   8
TOTAL FM JUL 1  2403    CLOUDY (SCALE 8-10)  6
DPTR FM NORMAL   -28

[CDD (BASE 65) ]
TOTAL THIS MO.    47
DPTR FM NORMAL    18    [PRESSURE DATA]
TOTAL FM JAN 1    51    HIGHEST SLP 30.66 ON  5
DPTR FM NORMAL    17    LOWEST  SLP 29.67 ON 25

[REMARKS]
#FINAL-03-15#
