000
CXUS51 KRLX 271400
CF6BKW
PRELIMINARY LOCAL CLIMATOLOGICAL DATA (WS FORM: F-6)

                                          STATION:   BECKLEY WV
                                          MONTH:     APRIL
                                          YEAR:      2015
                                          LATITUDE:   37 46 N
                                          LONGITUDE:  81  7 W

  TEMPERATURE IN F:       :PCPN:    SNOW:  WIND      :SUNSHINE: SKY     :PK WND
================================================================================
1   2   3   4   5  6A  6B    7    8   9   10  11  12  13   14  15   16   17  18
                                     12Z  AVG MX 2MIN
DY MAX MIN AVG DEP HDD CDD  WTR  SNW DPTH SPD SPD DIR MIN PSBL S-S WX    SPD DR
================================================================================

 1  60  29  45  -2  20   0 0.00  0.0    0  4.7 15 350   M    M   0        19 360
 2  75  48  62  14   3   0    T  0.0    0 14.6 28 220   M    M   3        39 220
 3  62  48  55   7  10   0 1.75  0.0    0  9.3 21 290   M    M  10 13     28 290
 4  49  33  41  -7  24   0    T  0.0    0 11.5 23 300   M    M   5        31 310
 5  62  28  45  -4  20   0 0.00  0.0    0  5.1 18 220   M    M   0        22 220
 6  70  48  59  10   6   0 0.00  0.0    0  9.2 20 220   M    M   7        25 220
 7  63  54  59   9   6   0 0.46  0.0    0  6.2 16 220   M    M  10 1      22 210
 8  72  56  64  14   1   0 0.15  0.0    0  7.2 26 350   M    M   7 13     39 360
 9  80  55  68  18   0   3 0.14  0.0    0  8.9 24 210   M    M   5 13     31 210
10  68  50  59   9   6   0 0.23  0.0    0 11.2 28 230   M    M   4 1      41 250
11  60  41  51   0  14   0 0.00  0.0    0  7.8 17 360   M    M   0        23 360
12  71  38  55   4  10   0 0.00  0.0    0  9.5 20 150   M    M   1        28 170
13  76  54  65  13   0   0    T  0.0    0 10.0 21 170   M    M   4        28 160
14  62  55  59   7   6   0 1.88  0.0    0  5.8 14  90   M    M  10 1      19  80
15  55  48  52   0  13   0 0.33  0.0    0  8.9 17 120   M    M  10 1      24 110
16  54  45  50  -2  15   0 0.04  0.0    0 13.4 24 140   M    M   9        33 120
17  72  52  62   9   3   0 0.01  0.0    0  4.9 13 340   M    M   6        17 350
18  77  49  63  10   2   0    T  0.0    0  4.4 14 360   M    M   1        20 360
19  65  55  60   7   5   0 0.50  0.0    0 16.1 29 130   M    M   7 1      40 120
20  72  47  60   6   5   0 0.06  0.0    0 12.6 26 210   M    M   4 13     37 250
21  58  42  50  -4  15   0    T  0.0    0 11.0 24 280   M    M   4        33 270
22  59  39  49  -5  16   0 0.11  0.0    0 12.0 28 250   M    M   4 1      38 270
23  55  34  45  -9  20   0 0.00  0.0    0 11.7 25 290   M    M   2        39 280
24  57  33  45 -10  20   0 0.00  0.0    0  8.0 18 340   M    M   0        26 300
25  48  41  45 -10  20   0 0.45  0.0    0  7.7 28 330   M    M   9 13     35 320
26  53  37  45 -10  20   0 0.12  0.0    0  4.6 12 310   M    M   6 12     15  10
================================================================================
SM 1655 1159       280   3  6.23     0.0 236.3          M      128
================================================================================
AV 63.7 44.6                               9.1 FASTST   M    M   5    MAX(MPH)
                                 MISC ---->  # 29 130               # 41  250
================================================================================
NOTES:
# LAST OF SEVERAL OCCURRENCES

COLUMN 17 PEAK WIND IN M.P.H.

PRELIMINARY LOCAL CLIMATOLOGICAL DATA (WS FORM: F-6) , PAGE 2

                                          STATION:  BECKLEY WV
                                          MONTH:    APRIL
                                          YEAR:     2015
                                          LATITUDE:   37 46 N
                                          LONGITUDE:  81  7 W

[TEMPERATURE DATA]      [PRECIPITATION DATA]       SYMBOLS USED IN COLUMN 16

AVERAGE MONTHLY: 54.1   TOTAL FOR MONTH:   6.23    1 = FOG OR MIST
DPTR FM NORMAL:   2.6   DPTR FM NORMAL:    3.35    2 = FOG REDUCING VISIBILITY
HIGHEST:    80 ON  9    GRTST 24HR  1.88 ON 14-14      TO 1/4 MILE OR LESS
LOWEST:     28 ON  5                               3 = THUNDER
                        SNOW, ICE PELLETS, HAIL    4 = ICE PELLETS
                        TOTAL MONTH:   0.0 INCH    5 = HAIL
                        GRTST 24HR     0.0         6 = FREEZING RAIN OR DRIZZLE
                        GRTST DEPTH:   0           7 = DUSTSTORM OR SANDSTORM:
                                                       VSBY 1/2 MILE OR LESS
                                                   8 = SMOKE OR HAZE
[NO. OF DAYS WITH]      [WEATHER - DAYS WITH]      9 = BLOWING SNOW
                                                   X = TORNADO
MAX 32 OR BELOW:   0    0.01 INCH OR MORE:  14
MAX 90 OR ABOVE:   0    0.10 INCH OR MORE:  11
MIN 32 OR BELOW:   2    0.50 INCH OR MORE:   3
MIN  0 OR BELOW:   0    1.00 INCH OR MORE:   2

[HDD (BASE 65) ]
TOTAL THIS MO.   280    CLEAR  (SCALE 0-3)   7
DPTR FM NORMAL   -76    PTCLDY (SCALE 4-7)  13
TOTAL FM JUL 1  5292    CLOUDY (SCALE 8-10)  6
DPTR FM NORMAL   223

[CDD (BASE 65) ]
TOTAL THIS MO.     3
DPTR FM NORMAL     3    [PRESSURE DATA]
TOTAL FM JAN 1     3    HIGHEST SLP M ON M
DPTR FM NORMAL     2    LOWEST  SLP 29.50 ON 20

[REMARKS]
