000
CXUS55 KRIW 270903
CF6CPR
PRELIMINARY LOCAL CLIMATOLOGICAL DATA (WS FORM: F-6)

                                          STATION:   CASPER WY
                                          MONTH:     APRIL
                                          YEAR:      2015
                                          LATITUDE:   42 55 N
                                          LONGITUDE: 106 28 W

  TEMPERATURE IN F:       :PCPN:    SNOW:  WIND      :SUNSHINE: SKY     :PK WND
================================================================================
1   2   3   4   5  6A  6B    7    8   9   10  11  12  13   14  15   16   17  18
                                     12Z  AVG MX 2MIN
DY MAX MIN AVG DEP HDD CDD  WTR  SNW DPTH SPD SPD DIR MIN PSBL S-S WX    SPD DR
================================================================================

 1  53  31  42   3  23   0 0.00  0.0    0 10.0 24 350   M    M   4        29 350
 2  39  25  32  -7  33   0    T    T    0  8.9 23 340   M    M   7 8      27 340
 3  48  22  35  -5  30   0 0.00  0.0    0 11.7 22 260   M    M   3        35 290
 4  59  27  43   3  22   0 0.00  0.0    0 13.3 26 220   M    M   0        32 250
 5  69  23  46   6  19   0 0.00  0.0    0 10.8 30 240   M    M   1        36 240
 6  69  21  45   5  20   0 0.00  0.0    0  8.9 30 230   M    M   1        40 230
 7  57  25  41   1  24   0 0.00  0.0    0  9.7 21  90   M    M   2        28  90
 8  62  30  46   5  19   0    T    T    0 11.1 32 330   M    M   6 1      39 340
 9  53  27  40  -1  25   0 0.02  0.3    T  6.5 16 250   M    M   4 1      21 360
10  63  18  41   0  24   0 0.00  0.0    0  7.6 21 270   M    M   1        33 260
11  69  30  50   9  15   0 0.00  0.0    0 16.3 31 260   M    M   1        41 250
12  57  22  40  -2  25   0 0.06  1.0    1  9.2 30 280   M    M   4 12     38 290
13  67  21  44   2  21   0 0.00  0.0    0  8.4 22 210   M    M   0        26 210
14  78  37  58  16   7   0 0.00  0.0    0 16.8 37 200   M    M   0        63 200
15  49  31  40  -2  25   0 0.45  3.1    T 14.3 25  30   M    M  10 12     33  30
16  40  32  36  -7  29   0 0.01  0.1    T 12.5 24  10   M    M   9 1      29 360
17  43  34  39  -4  26   0 0.53    T    0  7.0 14 110   M    M  10 1      18 110
18  48  34  41  -2  24   0 0.03  0.0    0  8.6 24  10   M    M  10 1      32  10
19  48  25  37  -7  28   0 0.00  0.0    0  6.8 21  40   M    M   7        25  40
20  55  26  41  -3  24   0 0.00  0.0    0 10.4 22 330   M    M   3        33 280
21  64  26  45   1  20   0 0.00  0.0    0  9.7 18 280   M    M   3        23 280
22  68  25  47   3  18   0    T  0.0    0  7.5 21 100   M    M   1        24 110
23  69  40  55  10  10   0    T  0.0    0 11.2 29 240   M    M   3 3      37 260
24  68  43  56  11   9   0 0.00  0.0    0 12.4 31 210   M    M   3        37 220
25  61  38  50   5  15   0 0.00  0.0    0 16.0 30 210   M    M   4        36 210
26  41  33  37  -9  28   0 0.47    T    0 12.8 22  10   M    M  10 1      27  10
================================================================================
SM 1497  746       563   0  1.57     4.5 278.4          M      107
================================================================================
AV 57.6 28.7                              10.7 FASTST   M    M   4    MAX(MPH)
                                 MISC ---->  # 37 200               # 63  200
================================================================================
NOTES:
# LAST OF SEVERAL OCCURRENCES

COLUMN 17 PEAK WIND IN M.P.H.

PRELIMINARY LOCAL CLIMATOLOGICAL DATA (WS FORM: F-6) , PAGE 2

                                          STATION:  CASPER WY
                                          MONTH:    APRIL
                                          YEAR:     2015
                                          LATITUDE:   42 55 N
                                          LONGITUDE: 106 28 W

[TEMPERATURE DATA]      [PRECIPITATION DATA]       SYMBOLS USED IN COLUMN 16

AVERAGE MONTHLY: 43.1   TOTAL FOR MONTH:   1.57    1 = FOG OR MIST
DPTR FM NORMAL:   1.0   DPTR FM NORMAL:    0.50    2 = FOG REDUCING VISIBILITY
HIGHEST:    78 ON 14    GRTST 24HR  0.53 ON 17-17      TO 1/4 MILE OR LESS
LOWEST:     18 ON 10                               3 = THUNDER
                        SNOW, ICE PELLETS, HAIL    4 = ICE PELLETS
                        TOTAL MONTH:   4.5 INCHES  5 = HAIL
                        GRTST 24HR   3.1 ON   M    6 = FREEZING RAIN OR DRIZZLE
                        GRTST DEPTH:   1 ON 12     7 = DUSTSTORM OR SANDSTORM:
                                                       VSBY 1/2 MILE OR LESS
                                                   8 = SMOKE OR HAZE
[NO. OF DAYS WITH]      [WEATHER - DAYS WITH]      9 = BLOWING SNOW
                                                   X = TORNADO
MAX 32 OR BELOW:   0    0.01 INCH OR MORE:   7
MAX 90 OR ABOVE:   0    0.10 INCH OR MORE:   3
MIN 32 OR BELOW:  19    0.50 INCH OR MORE:   1
MIN  0 OR BELOW:   0    1.00 INCH OR MORE:   0

[HDD (BASE 65) ]
TOTAL THIS MO.   563    CLEAR  (SCALE 0-3)  12
DPTR FM NORMAL   -32    PTCLDY (SCALE 4-7)   9
TOTAL FM JUL 1  6383    CLOUDY (SCALE 8-10)  5
DPTR FM NORMAL  -585

[CDD (BASE 65) ]
TOTAL THIS MO.     0
DPTR FM NORMAL     0    [PRESSURE DATA]
TOTAL FM JAN 1     0    HIGHEST SLP M ON M
DPTR FM NORMAL     0    LOWEST  SLP 29.47 ON 14

[REMARKS]
