000
CXUS52 KILM 011000
CF6CRE
PRELIMINARY LOCAL CLIMATOLOGICAL DATA (WS FORM: F-6)

                                          STATION:   NORTH MYRTLE BEACH SC
                                          MONTH:     MARCH
                                          YEAR:      2015
                                          LATITUDE:   33 49 N
                                          LONGITUDE:  78 43 W

  TEMPERATURE IN F:       :PCPN:    SNOW:  WIND      :SUNSHINE: SKY     :PK WND
================================================================================
1   2   3   4   5  6A  6B    7    8   9   10  11  12  13   14  15   16   17  18
                                     12Z  AVG MX 2MIN
DY MAX MIN AVG DEP HDD CDD  WTR  SNW DPTH SPD SPD DIR MIN PSBL S-S WX    SPD DR
================================================================================

 1  52  38  45  -6  20   0 0.07    M    M  6.5 13  40   M    M  10 1      16  40
 2  64  42  53   2  12   0 0.00    M    M  5.7 17  70   M    M   7 12     23  80
 3  56  45  51   0  14   0 0.01    M    M  7.1 16  70   M    M   9 128    23  60
 4  65  47  56   5   9   0 0.00    M    M 13.7 28 210   M    M   7 128    36 210
 5  67  38  53   1  12   0 0.31    M    M 17.3 29 220   M    M   8 12     37 210
 6  46  33  40 -12  25   0    T    M    M  9.8 22  30   M    M   8        28 360
 7  52  27  40 -12  25   0 0.00    M    M  5.8 14 200   M    M   0        16 180
 8  63  41  52   0  13   0 0.00    M    M  9.2 18 210   M    M   0        23 220
 9  63  43  53   0  12   0 0.00    M    M  3.0  9 140   M    M   1        12 130
10  69  51  60   7   5   0 0.02    M    M  7.3 16 190   M    M   6 12     21 200
11  69  59  64  11   1   0 0.00    M    M 12.1 22 220   M    M   7 12     25 220
12  67  53  60   7   5   0    T    M    M 10.1 21  90   M    M   8        26  90
13  63  50  57   3   8   0 0.00    M    M 11.8 20  80   M    M   9        29  70
14  67  59  63   9   2   0 0.15    M    M 10.5 24 210   M    M   7 1      30 200
15  77  50  64  10   1   0 0.00    M    M  6.1 15 350   M    M   0        24 360
16  68  43  56   2   9   0 0.00    M    M  6.7 15 220   M    M   0        20 220
17  84  54  69  15   0   4 0.00    M    M  7.7 21 210   M    M   0        25 210
18  68  50  59   4   6   0 0.00    M    M  9.2 21  50   M    M   0        28  50
19  59  51  55   0  10   0 0.07    M    M  9.3 18  80   M    M   7 1      28  80
20  66  48  57   2   8   0 0.29    M    M  6.0 14 330   M    M   6 1      20 330
21  59  53  56   1   9   0    T    M    M  6.4 13 160   M    M   6        15 160
22  67  52  60   4   5   0 0.16    M    M  4.6 14  90   M    M   7 1      18  70
23  58  49  54  -2  11   0 0.40    M    M 10.3 20  50   M    M  10 1      26  40
24  68  44  56   0   9   0    T    M    M  8.9 15  80   M    M   7        23  90
25  73  53  63   7   2   0 0.10    M    M  8.9 18  90   M    M   7 1      25 100
26  75  60  68  12   0   3 0.40    M    M 11.5 20 210   M    M   6 18     26 210
27  68  45  57   0   8   0 0.32    M    M  8.8 23 210   M    M   8 123    28 210
28  56  37  47 -10  18   0 0.13    M    M  5.3 16 280   M    M   6 1      23 340
29  52  31  42 -15  23   0 0.00    M    M  7.2 17  20   M    M   0        22  40
30  67  44  56  -1   9   0    T    M    M  9.1 21 220   M    M   2        28 240
31  67  44  56  -2   9   0 0.00    M    M  9.2 23 220   M    M   0 1      29 220
================================================================================
SM 1995 1434       300   7  2.43    M    265.1          M      159
================================================================================
AV 64.4 46.3                               8.6 FASTST   M    M   5    MAX(MPH)
                                 MISC ---->  # 29 220               # 37  210
================================================================================
NOTES:
# LAST OF SEVERAL OCCURRENCES

COLUMN 17 PEAK WIND IN M.P.H.

PRELIMINARY LOCAL CLIMATOLOGICAL DATA (WS FORM: F-6) , PAGE 2

                                          STATION:  NORTH MYRTLE BEACH SC
                                          MONTH:    MARCH
                                          YEAR:     2015
                                          LATITUDE:   33 49 N
                                          LONGITUDE:  78 43 W

[TEMPERATURE DATA]      [PRECIPITATION DATA]       SYMBOLS USED IN COLUMN 16

AVERAGE MONTHLY: 55.3   TOTAL FOR MONTH:   2.43    1 = FOG OR MIST
DPTR FM NORMAL:   1.1   DPTR FM NORMAL:   -1.49    2 = FOG REDUCING VISIBILITY
HIGHEST:    84 ON 17    GRTST 24HR  0.40 ON 26-26      TO 1/4 MILE OR LESS
LOWEST:     27 ON  7                               3 = THUNDER
                        SNOW, ICE PELLETS, HAIL    4 = ICE PELLETS
                        TOTAL MONTH:    M          5 = HAIL
                        GRTST 24HR    M  ON   M    6 = FREEZING RAIN OR DRIZZLE
                        GRTST DEPTH:  M  ON   M    7 = DUSTSTORM OR SANDSTORM:
                                                       VSBY 1/2 MILE OR LESS
                                                   8 = SMOKE OR HAZE
[NO. OF DAYS WITH]      [WEATHER - DAYS WITH]      9 = BLOWING SNOW
                                                   X = TORNADO
MAX 32 OR BELOW:   0    0.01 INCH OR MORE:  13
MAX 90 OR ABOVE:   0    0.10 INCH OR MORE:   9
MIN 32 OR BELOW:   2    0.50 INCH OR MORE:   0
MIN  0 OR BELOW:   0    1.00 INCH OR MORE:   0

[HDD (BASE 65) ]
TOTAL THIS MO.   300    CLEAR  (SCALE 0-3)  10
DPTR FM NORMAL   -38    PTCLDY (SCALE 4-7)  15
TOTAL FM JUL 1  2355    CLOUDY (SCALE 8-10)  6
DPTR FM NORMAL    73

[CDD (BASE 65) ]
TOTAL THIS MO.     7
DPTR FM NORMAL     4    [PRESSURE DATA]
TOTAL FM JAN 1     8    HIGHEST SLP 30.60 ON  1
DPTR FM NORMAL     5    LOWEST  SLP 29.62 ON 27

[REMARKS]
#FINAL-03-15#
