000
CXUS51 KRLX 191148
CF6CRW
PRELIMINARY LOCAL CLIMATOLOGICAL DATA (WS FORM: F-6)

                                          STATION:   CHARLESTON WV
                                          MONTH:     APRIL
                                          YEAR:      2015
                                          LATITUDE:   38 22 N
                                          LONGITUDE:  81 36 W

  TEMPERATURE IN F:       :PCPN:    SNOW:  WIND      :SUNSHINE: SKY     :PK WND
================================================================================
1   2   3   4   5  6A  6B    7    8   9   10  11  12  13   14  15   16   17  18
                                     12Z  AVG MX 2MIN
DY MAX MIN AVG DEP HDD CDD  WTR  SNW DPTH SPD SPD DIR MIN PSBL S-S WX    SPD DR
================================================================================

 1  65  33  49  -3  16   0 0.00  0.0    0  2.1 10 340   M    M   0        14 340
 2  79  34  57   5   8   0 0.05  0.0    0  8.6 30 230   M    M   5 3      39 230
 3  65  49  57   5   8   0 1.85  0.0    0  7.1 26 330   M    M  10 13     40 320
 4  54  37  46  -6  19   0    T  0.0    0  8.2 18 290   M    M   5        27 290
 5  66  29  48  -5  17   0 0.00  0.0    0  3.2 16 250   M    M   2        20 240
 6  76  37  57   4   8   0 0.00  0.0    0  5.9 20 200   M    M   6        25 230
 7  67  58  63   9   2   0 0.05  0.0    0  3.1  9 200   M    M  10        12 160
 8  74  54  64  10   1   0 0.41  0.0    0  4.6 31 320   M    M   7 13     47 310
 9  85  56  71  17   0   6    T  0.0    0  7.7 22 200   M    M   7 13     29 200
10  78  53  66  11   0   1 0.60  0.0    0 10.9 23 300   M    M   6 13     37 270
11  64  44  54  -1  11   0 0.00  0.0    0  5.5 14 300   M    M   1        19 310
12  80  35  58   3   7   0 0.00  0.0    0  4.1 12 190   M    M   2        16 280
13  86  55  71  15   0   6 0.14  0.0    0  4.6 18 170   M    M   5 1      24 180
14  65  52  59   3   6   0 1.78  0.0    0  4.5 18  60   M    M  10 1      22  30
15  60  52  56   0   9   0 0.12  0.0    0  4.5 12 140   M    M   9        20 140
16  65  53  59   3   6   0 0.01  0.0    0  6.8 22 140   M    M   8        30 150
17  77  52  65   8   0   0 0.00  0.0    0  3.2 13 310   M    M   7        18 250
18  82  51  67  10   0   2 0.00  0.0    0  2.8 12  10   M    M   3 1      16  10
================================================================================
SM 1288  834       118  15  5.01     0.0  97.4          M      103
================================================================================
AV 71.6 46.3                               5.4 FASTST   M    M   6    MAX(MPH)
                                 MISC ---->  # 31 320               # 47  310
================================================================================
NOTES:
# LAST OF SEVERAL OCCURRENCES

COLUMN 17 PEAK WIND IN M.P.H.

PRELIMINARY LOCAL CLIMATOLOGICAL DATA (WS FORM: F-6) , PAGE 2

                                          STATION:  CHARLESTON WV
                                          MONTH:    APRIL
                                          YEAR:     2015
                                          LATITUDE:   38 22 N
                                          LONGITUDE:  81 36 W

[TEMPERATURE DATA]      [PRECIPITATION DATA]       SYMBOLS USED IN COLUMN 16

AVERAGE MONTHLY: 58.9   TOTAL FOR MONTH:   5.01    1 = FOG OR MIST
DPTR FM NORMAL:   4.6   DPTR FM NORMAL:    3.15    2 = FOG REDUCING VISIBILITY
HIGHEST:    86 ON 13    GRTST 24HR  1.92 ON 13-14      TO 1/4 MILE OR LESS
LOWEST:     29 ON  5                               3 = THUNDER
                        SNOW, ICE PELLETS, HAIL    4 = ICE PELLETS
                        TOTAL MONTH:   0.0 INCH    5 = HAIL
                        GRTST 24HR     0.0         6 = FREEZING RAIN OR DRIZZLE
                        GRTST DEPTH:   0           7 = DUSTSTORM OR SANDSTORM:
                                                       VSBY 1/2 MILE OR LESS
                                                   8 = SMOKE OR HAZE
[NO. OF DAYS WITH]      [WEATHER - DAYS WITH]      9 = BLOWING SNOW
                                                   X = TORNADO
MAX 32 OR BELOW:   0    0.01 INCH OR MORE:   9
MAX 90 OR ABOVE:   0    0.10 INCH OR MORE:   6
MIN 32 OR BELOW:   1    0.50 INCH OR MORE:   3
MIN  0 OR BELOW:   0    1.00 INCH OR MORE:   2

[HDD (BASE 65) ]
TOTAL THIS MO.   118    CLEAR  (SCALE 0-3)   4
DPTR FM NORMAL   -86    PTCLDY (SCALE 4-7)  10
TOTAL FM JUL 1  4636    CLOUDY (SCALE 8-10)  4
DPTR FM NORMAL   378

[CDD (BASE 65) ]
TOTAL THIS MO.    15
DPTR FM NORMAL    -2    [PRESSURE DATA]
TOTAL FM JAN 1    15    HIGHEST SLP M ON M
DPTR FM NORMAL    -7    LOWEST  SLP 29.72 ON M

[REMARKS]
