000
CXUS55 KDVN 011100
CF6DBQ
PRELIMINARY LOCAL CLIMATOLOGICAL DATA (WS FORM: F-6)

                                          STATION:   DUBUQUE IA
                                          MONTH:     MARCH
                                          YEAR:      2015
                                          LATITUDE:   42 24 N
                                          LONGITUDE:  90 42 W

  TEMPERATURE IN F:       :PCPN:    SNOW:  WIND      :SUNSHINE: SKY     :PK WND
================================================================================
1   2   3   4   5  6A  6B    7    8   9   10  11  12  13   14  15   16   17  18
                                     12Z  AVG MX 2MIN
DY MAX MIN AVG DEP HDD CDD  WTR  SNW DPTH SPD SPD DIR MIN PSBL S-S WX    SPD DR
================================================================================

 1  25   5  15 -14  50   0    T    T    6  8.6 21 280   M    M   6 128    27 280
 2  25  -2  12 -17  53   0 0.00  0.0    5  6.1 15 140   M    M   4 18     17 150
 3  32   M   M   M   M   M 0.18  1.1    6 14.8 18 250   M    M  10 168    28 300
 4  15   2   9 -21  56   0 0.00  0.0    5 12.6 17 330   M    M   1        24 330
 5  10 -12  -1 -32  66   0 0.00  0.0    5  8.2 15 330   M    M   0        18 320
 6  31  -6  13 -18  52   0 0.00  0.0    5 12.4 22 200   M    M   2        24 200
 7  40  17  29  -2  36   0 0.00  0.0    5  8.8 21 300   M    M   2        24 300
 8  40  28  34   2  31   0 0.03  0.4    3  6.9 12 230   M    M   6 1      13 320
 9  46  24  35   3  30   0 0.00  0.0    3  8.1 14 160   M    M   0 1      16 200
10  52  32  42   9  23   0 0.00  0.0    1  7.7 12 220   M    M   5 128    19 300
11  56  32  44  11  21   0 0.00  0.0    T  7.8 16  30   M    M   0 1      19  20
12  54  32  43   9  22   0 0.00  0.0    T 14.2 22 160   M    M   0 18     26 170
13  66  35  51  17  14   0 0.00  0.0    0 10.2 20 340   M    M   0 18     25 320
14  61  36  49  15  16   0 0.00  0.0    0 12.6 22 320   M    M   0        28 330
15  63  27  45  10  20   0 0.00  0.0    0 11.9 29 210   M    M   0        35 200
16  77  39  58  23   7   0 0.00  0.0    0 14.6 28 360   M    M   1        34  10
17  47  32  40   4  25   0 0.00  0.0    0 14.1 28  10   M    M   0        37  30
18  43  29  36   0  29   0 0.00  0.0    0  4.2  9 100   M    M   7        13 170
19  47  32  40   3  25   0 0.00  0.0    0  8.2 22 160   M    M   8        26 140
20  57  29  43   6  22   0 0.00  0.0    0  9.3 20 260   M    M   3 18     25 270
21  53  33  43   5  22   0 0.00  0.0    0 10.4 21  20   M    M   1        25  20
22  43  26  35  -3  30   0    T    T    0 13.5 22  70   M    M   6        27  90
23  31  25  28 -10  37   0 0.30  2.5    2 11.4 23 100   M    M  10 126    29  90
24  34  25  30  -9  35   0 0.10  0.1    2 12.6 21 100   M    M   7 168    27 110
25  41  31  36  -3  29   0 0.09    T    1 12.8 26 320   M    M   8 16     34 320
26  41  27  34  -6  31   0 0.00  0.0    0 14.6 24 320   M    M   4        30 330
27  35  19  27 -13  38   0    T    T    0  8.7 17  30   M    M   2        24  20
28  40  17  29 -12  36   0 0.00  0.0    0  8.8 15 180   M    M   0        20 180
29  54  29  42   1  23   0 0.10  0.0    0 19.5 31 300   M    M   5 6      41 180
30  66  30  48   6  17   0 0.00  0.0    0 11.3 24 270   M    M   4        29 270
31  65  32  49   7  16   0 0.00  0.0    0  7.3 18 360   M    M   0        23 360
================================================================================
SM 1390  705       912   0  0.80     4.1 332.2          M      102
================================================================================
AV 44.8 23.5                              10.7 FASTST   M    M   3    MAX(MPH)
                                 MISC ---->  # 31 300               # 41  180
================================================================================
NOTES:
# LAST OF SEVERAL OCCURRENCES

COLUMN 17 PEAK WIND IN M.P.H.

PRELIMINARY LOCAL CLIMATOLOGICAL DATA (WS FORM: F-6) , PAGE 2

                                          STATION:  DUBUQUE IA
                                          MONTH:    MARCH
                                          YEAR:     2015
                                          LATITUDE:   42 24 N
                                          LONGITUDE:  90 42 W

[TEMPERATURE DATA]      [PRECIPITATION DATA]       SYMBOLS USED IN COLUMN 16

AVERAGE MONTHLY: 34.2   TOTAL FOR MONTH:   0.80    1 = FOG OR MIST
DPTR FM NORMAL:  -1.2   DPTR FM NORMAL:   -1.61    2 = FOG REDUCING VISIBILITY
HIGHEST:    77 ON 16    GRTST 24HR  0.30 ON 23-23      TO 1/4 MILE OR LESS
LOWEST:    -12 ON  5                               3 = THUNDER
                        SNOW, ICE PELLETS, HAIL    4 = ICE PELLETS
                        TOTAL MONTH:   4.1 INCHES  5 = HAIL
                        GRTST 24HR   2.5 ON 23-23  6 = FREEZING RAIN OR DRIZZLE
                        GRTST DEPTH:   6 ON  3, 1  7 = DUSTSTORM OR SANDSTORM:
                                                       VSBY 1/2 MILE OR LESS
                                                   8 = SMOKE OR HAZE
[NO. OF DAYS WITH]      [WEATHER - DAYS WITH]      9 = BLOWING SNOW
                                                   X = TORNADO
MAX 32 OR BELOW:   7    0.01 INCH OR MORE:   6
MAX 90 OR ABOVE:   0    0.10 INCH OR MORE:   4
MIN 32 OR BELOW:  26    0.50 INCH OR MORE:   0
MIN  0 OR BELOW:   3    1.00 INCH OR MORE:   0

[HDD (BASE 65) ]
TOTAL THIS MO.   912    CLEAR  (SCALE 0-3)  17
DPTR FM NORMAL    -6    PTCLDY (SCALE 4-7)  10
TOTAL FM JUL 1  6760    CLOUDY (SCALE 8-10)  4
DPTR FM NORMAL   449

[CDD (BASE 65) ]
TOTAL THIS MO.     0
DPTR FM NORMAL     0    [PRESSURE DATA]
TOTAL FM JAN 1     0    HIGHEST SLP 30.59 ON  5
DPTR FM NORMAL     0    LOWEST  SLP 29.67 ON  3

[REMARKS]
#FINAL-03-15#
