000
CXUS54 KHUN 261015
CF6DCU
PRELIMINARY LOCAL CLIMATOLOGICAL DATA (WS FORM: F-6)

                                          STATION:   DECATUR
                                          MONTH:     APRIL
                                          YEAR:      2015
                                          LATITUDE:   34 39 N
                                          LONGITUDE:  86 56 W

  TEMPERATURE IN F:       :PCPN:    SNOW:  WIND      :SUNSHINE: SKY     :PK WND
================================================================================
1   2   3   4   5  6A  6B    7    8   9   10  11  12  13   14  15   16   17  18
                                     12Z  AVG MX 2MIN
DY MAX MIN AVG DEP HDD CDD  WTR  SNW DPTH SPD SPD DIR MIN PSBL S-S WX    SPD DR
================================================================================

 1  78  52  65   8   0   0    T  0.0    0  3.7  9 180   M    M   2 12     11 120
 2  75  59  67  10   0   2 0.10  0.0    0 10.9 24 190   M    M   5 3      31 190
 3  81  53  67  10   0   2 0.19  0.0    0 15.0 32 350   M    M   6 13     41 310
 4  64  44  54  -4  11   0 0.00  0.0    0 10.5 20 360   M    M   1        24  40
 5  66  35  51  -7  14   0 0.00  0.0    0  5.7 20 140   M    M   2        23 140
 6  66  54  60   2   5   0 0.70  0.0    0  6.7 15 160   M    M   9 1      20 160
 7  74  61  68  10   0   3    T  0.0    0  6.7 21 160   M    M   5 1      25 170
 8  80  56  68   9   0   3 0.00  0.0    0  8.0 18 200   M    M   0 12     23 200
 9  79  64  72  13   0   7 0.00  0.0    0 11.7 20 200   M    M   1        25 210
10  73  55  64   5   1   0 1.13  0.0    0  7.5 30 290   M    M   4 13     40 290
11  75  44  60   1   5   0 0.00  0.0    0  6.8 15  20   M    M   0        20  40
12  77  44  61   1   4   0 0.00  0.0    0  7.2 24 140   M    M   2        28 140
13  72  64  68   8   0   3 0.35  0.0    0  7.9 18 140   M    M   9 1      26 150
14  77  64  71  11   0   6 0.19  0.0    0  6.9 14 230   M    M   9 1      19 230
15  76  62  69   9   0   4 0.34  0.0    0  4.9 12 130   M    M   7 1      15 140
16  67  57  62   1   3   0 1.01  0.0    0  9.4 17 140   M    M  10 13     21 110
17  64  57  61   0   4   0 0.20  0.0    0  3.5  8 110   M    M  10 12     11 100
18  75  54  65   4   0   0 0.01  0.0    0  3.7 10 170   M    M   8 12     13 130
19  76  60  68   6   0   3 0.89  0.0    0 10.1 17 170   M    M   6 13     25 210
20  67  47  57  -5   8   0 0.22  0.0    0  9.5 33 260   M    M   5 13     43 250
21  69  45  57  -5   8   0 0.00  0.0    0  6.0 13 300   M    M   0        17 300
22  77  44  61  -1   4   0 0.52  0.0    0  6.3 29 290   M    M   2 38     43 290
23  68  49  59  -4   6   0 0.00  0.0    0  5.4 14 350   M    M   1 1      18  40
24  69  43  56  -7   9   0 0.12  0.0    0  3.8 12  80   M    M   4 1      14  60
25  76  56  66   3   0   1 0.59  0.0    0  8.5 18 180   M    M   5 1      22 220
================================================================================
SM 1821 1323        82  34  6.56     0.0 186.3          M      113
================================================================================
AV 72.8 52.9                               7.5 FASTST   M    M   5    MAX(MPH)
                                 MISC ---->  # 33 260               # 43  250
================================================================================
NOTES:
# LAST OF SEVERAL OCCURRENCES

COLUMN 17 PEAK WIND IN M.P.H.

PRELIMINARY LOCAL CLIMATOLOGICAL DATA (WS FORM: F-6) , PAGE 2

                                          STATION:  DECATUR
                                          MONTH:    APRIL
                                          YEAR:     2015
                                          LATITUDE:   34 39 N
                                          LONGITUDE:  86 56 W

[TEMPERATURE DATA]      [PRECIPITATION DATA]       SYMBOLS USED IN COLUMN 16

AVERAGE MONTHLY: 62.9   TOTAL FOR MONTH:   6.56    1 = FOG OR MIST
DPTR FM NORMAL:   2.9   DPTR FM NORMAL:    2.88    2 = FOG REDUCING VISIBILITY
HIGHEST:    81 ON  3    GRTST 24HR  1.13 ON 10-10      TO 1/4 MILE OR LESS
LOWEST:     35 ON  5                               3 = THUNDER
                        SNOW, ICE PELLETS, HAIL    4 = ICE PELLETS
                        TOTAL MONTH:   0.0 INCH    5 = HAIL
                        GRTST 24HR     0.0         6 = FREEZING RAIN OR DRIZZLE
                        GRTST DEPTH:   0           7 = DUSTSTORM OR SANDSTORM:
                                                       VSBY 1/2 MILE OR LESS
                                                   8 = SMOKE OR HAZE
[NO. OF DAYS WITH]      [WEATHER - DAYS WITH]      9 = BLOWING SNOW
                                                   X = TORNADO
MAX 32 OR BELOW:   0    0.01 INCH OR MORE:  15
MAX 90 OR ABOVE:   0    0.10 INCH OR MORE:  14
MIN 32 OR BELOW:   0    0.50 INCH OR MORE:   6
MIN  0 OR BELOW:   0    1.00 INCH OR MORE:   2

[HDD (BASE 65) ]
TOTAL THIS MO.    82    CLEAR  (SCALE 0-3)  10
DPTR FM NORMAL   -80    PTCLDY (SCALE 4-7)  10
TOTAL FM JUL 1  3399    CLOUDY (SCALE 8-10)  5
DPTR FM NORMAL   222

[CDD (BASE 65) ]
TOTAL THIS MO.    34
DPTR FM NORMAL    -5    [PRESSURE DATA]
TOTAL FM JAN 1    35    HIGHEST SLP M ON M
DPTR FM NORMAL   -12    LOWEST  SLP 29.56 ON 25

[REMARKS]
