000
CXUS55 KBOU 280758
CF6DEN
PRELIMINARY LOCAL CLIMATOLOGICAL DATA (WS FORM: F-6)

                                          STATION:   DENVER CO
                                          MONTH:     APRIL
                                          YEAR:      2015
                                          LATITUDE:   39 52 N
                                          LONGITUDE: 104 40 W

  TEMPERATURE IN F:       :PCPN:    SNOW:  WIND      :SUNSHINE: SKY     :PK WND
================================================================================
1   2   3   4   5  6A  6B    7    8   9   10  11  12  13   14  15   16   17  18
                                     12Z  AVG MX 2MIN
DY MAX MIN AVG DEP HDD CDD  WTR  SNW DPTH SPD SPD DIR MIN PSBL S-S WX    SPD DR
================================================================================

 1  73  35  54  10  11   0    T  0.0    0 11.1 36 290   M    M   7        43 300
 2  45  29  37  -7  28   0 0.15  0.8    0 12.7 26  40   M    M  10 12     32  40
 3  47  27  37  -8  28   0 0.02  0.4    1  7.7 17 160   M    M   6 12     21 170
 4  63  28  46   1  19   0 0.00  0.0    0  9.6 21  70   M    M   1        27  60
 5  74  31  53   8  12   0 0.00  0.0    0  9.2 17 200   M    M   3        24 200
 6  73  38  56  11   9   0 0.00  0.0    0 12.1 24  50   M    M   3        30  80
 7  64  39  52   7  13   0 0.00  0.0    0 10.5 28  60   M    M   7 12     34  60
 8  68  37  53   7  12   0 0.10  0.0    0 12.4 32  10   M    M   7 18     42  30
 9  51  33  42  -4  23   0 0.01    T    0 12.7 23  20   M    M   7        28  50
10  64  32  48   2  17   0 0.00  0.0    0  8.6 20 150   M    M   5        24 150
11  72  35  54   8  11   0 0.00  0.0    0 10.1 22 180   M    M   5        27 170
12  68  33  51   5  14   0 0.00  0.0    0 17.0 40 280   M    M   3        52 280
13  70  28  49   2  16   0 0.00  0.0    0 10.8 28 190   M    M   3        34 180
14  75  40  58  11   7   0 0.00  0.0    0 15.2 32 180   M    M   2        50 170
15  69  35  52   5  13   0 0.00  0.0    0 15.4 41 350   M    M   6 78     51 350
16  36  33  35 -12  30   0 1.22  4.1    0 13.6 23 360   M    M  10 12     28 360
17  51  33  42  -6  23   0 0.30    T    2  9.8 26 190   M    M   9 123    33 180
18  53  34  44  -4  21   0    T  0.0    0  9.2 26 340   M    M   9 35     34 350
19  51  34  43  -5  22   0    T  0.0    0 15.2 37 350   M    M   8        41 350
20  54  29  42  -6  23   0 0.00  0.0    0  6.2 13 170   M    M   6 1      18  40
21  66  36  51   2  14   0 0.00  0.0    0  8.1 21 350   M    M   5        25 360
22  69  37  53   4  12   0    T  0.0    0 10.5 26 190   M    M   5        33 190
23  69  43  56   7   9   0    T  0.0    0  8.4 26 310   M    M   7        34 310
24  67  35  51   1  14   0    T  0.0    0  8.4 32 260   M    M   5 3      39 230
25  68  39  54   4  11   0    T  0.0    0 10.1 29 190   M    M   6 3      36 190
26  47  39  43  -7  22   0 0.73  0.0    0 14.7 25  60   M    M  10 138    30  60
27  46  37  42  -8  23   0 0.11  0.0    0  5.8 10 350   M    M   9 1      12 360
================================================================================
SM 1653  929       457   0  2.64     5.3 295.1            M    164
================================================================================
AV 61.2 34.4                              10.9 FASTST            6    MAX(MPH)
                                 MISC ---->  # 41 350     M   M     # 52  280
================================================================================
NOTES: SUNSHINE DATA WILL NO LONGER BE AVAILABLE EFFECTIVE OCTOBER 1ST 2009.

# LAST OF SEVERAL OCCURRENCES

COLUMN 17 PEAK WIND IN M.P.H.

PRELIMINARY LOCAL CLIMATOLOGICAL DATA (WS FORM: F-6) , PAGE 2

                                          STATION:  DENVER CO
                                          MONTH:    APRIL
                                          YEAR:     2015
                                          LATITUDE:   39 52 N
                                          LONGITUDE: 104 40 W

[TEMPERATURE DATA]      [PRECIPITATION DATA]       SYMBOLS USED IN COLUMN 16

AVERAGE MONTHLY: 47.8   TOTAL FOR MONTH:   2.64    1 = FOG OR MIST
DPTR FM NORMAL:   0.8   DPTR FM NORMAL:    1.14    2 = FOG REDUCING VISIBILITY
HIGHEST:    75 ON 14    GRTST 24HR  1.41 ON 16-17      TO 1/4 MILE OR LESS
LOWEST:     27 ON  3                               3 = THUNDER
                        SNOW, ICE PELLETS, HAIL    4 = ICE PELLETS
                        TOTAL MONTH:   5.3 INCHES  5 = HAIL
                        GRTST 24HR   4.1 ON 16-16  6 = FREEZING RAIN OR DRIZZLE
                        GRTST DEPTH:   2 ON 17     7 = DUSTSTORM OR SANDSTORM:
                                                       VSBY 1/2 MILE OR LESS
                                                   8 = SMOKE OR HAZE
[NO. OF DAYS WITH]      [WEATHER - DAYS WITH]      9 = BLOWING SNOW
                                                   X = TORNADO
MAX 32 OR BELOW:   0    0.01 INCH OR MORE:   8
MAX 90 OR ABOVE:   0    0.10 INCH OR MORE:   6
MIN 32 OR BELOW:   7    0.50 INCH OR MORE:   2
MIN  0 OR BELOW:   0    1.00 INCH OR MORE:   1

[HDD (BASE 65) ]
TOTAL THIS MO.   457    CLEAR  (SCALE 0-3)   6
DPTR FM NORMAL   -30    PTCLDY (SCALE 4-7)  14
TOTAL FM JUL 1  5181    CLOUDY (SCALE 8-10)  7
DPTR FM NORMAL  -508

[CDD (BASE 65) ]
TOTAL THIS MO.     0
DPTR FM NORMAL     0    [PRESSURE DATA]
TOTAL FM JAN 1     0    HIGHEST SLP M ON M
DPTR FM NORMAL     0    LOWEST  SLP 29.35 ON  8

[REMARKS]
