000
CXUS55 KDVN 271339
CF6DVN
PRELIMINARY LOCAL CLIMATOLOGICAL DATA (WS FORM: F-6)

                                          STATION:   DAVENPORT IA
                                          MONTH:     APRIL
                                          YEAR:      2015
                                          LATITUDE:   41 37 N
                                          LONGITUDE:  90 35 W

  TEMPERATURE IN F:       :PCPN:    SNOW:  WIND      :SUNSHINE: SKY     :PK WND
================================================================================
1   2   3   4   5  6A  6B    7    8   9   10  11  12  13   14  15   16   17  18
                                     12Z  AVG MX 2MIN
DY MAX MIN AVG DEP HDD CDD  WTR  SNW DPTH SPD SPD DIR MIN PSBL S-S WX    SPD DR
================================================================================

 1  80  36  58  13   7   0 0.00  0.0    0 17.3 32 180   M    M   0        38 170
 2  70  42  56  11   9   0 0.01  0.0    0 10.9 24 320   M    M   4 1      28 330
 3  49  25  37  -9  28   0    T  0.0    0 15.2 29 310   M    M   4        37 300
 4  63  21  42  -4  23   0 0.00  0.0    0 13.0 25 280   M    M   0        36 270
 5  70  42  56   9   9   0 0.00  0.0    0 12.2 21 180   M    M   2        27 210
 6  63  39  51   4  14   0    T  0.0    0  9.2 20  80   M    M   7 138    23  80
 7  54  41  48   1  17   0    T  0.0    0 16.3 24  90   M    M  10 1238   30  90
 8  58  45  52   4  13   0 0.04  0.0    0 13.7 22  70   M    M  10 1238   29  80
 9  77  39  58  10   7   0 0.36    T    0 17.3 40 250   M    M   7 1358   50 250
10  58  34  46  -2  19   0 0.00  0.0    0 17.4 40 290   M    M   1 1      50 290
11  67  28  48  -1  17   0 0.00  0.0    0  7.5 16 200   M    M   0        27 180
12  67  48  58   9   7   0 0.01  0.0    0 13.8 25 180   M    M   4 38     32 190
13  65  41  53   3  12   0 0.30  0.0    0 12.7 26 320   M    M   2 13     34 320
14  67  34  51   1  14   0 0.00  0.0    0  5.1 14  70   M    M   0        17 110
15  71  40  56   6   9   0 0.00  0.0    0 13.8 25 100   M    M   0        31 110
16  73  44  59   8   6   0 0.00  0.0    0  5.4 12  70   M    M   0        14  70
17  79  45  62  11   3   0 0.00  0.0    0  3.1 13 200   M    M   1        17 210
18  80  51  66  15   0   1    T  0.0    0 10.9 25  90   M    M   1 8      30  70
19  76  48  62  10   3   0 0.26  0.0    0 10.5 23 130   M    M   5 1      29 130
20  52  35  44  -8  21   0 0.05    M    0 22.8 39 300   M    M   8 1      47 290
21  55  32  44  -8  21   0 0.00  0.0    0 21.0 44 280   M    M   2        53 300
22  53  30  42 -11  23   0 0.00  0.0    0 18.1 33 290   M    M   2        41 300
23  59  24  42 -11  23   0 0.00  0.0    0  8.1 21 310   M    M   0        31 310
24  62  32  47  -6  18   0 0.27  0.0    0 13.2 25 150   M    M   8 138    32 150
25  51  40  46  -8  19   0 0.59  0.0    0 18.3 36  60   M    M  10 18     47  70
26  59  34  47  -7  18   0 0.00  0.0    0  8.1 16  50   M    M   0        20  70
================================================================================
SM 1678  970       360   1  1.89    T    334.9          M       88
================================================================================
AV 64.5 37.3                              12.9 FASTST   M    M   3    MAX(MPH)
                                 MISC ---->  # 44 280               # 53  300
================================================================================
NOTES:
# LAST OF SEVERAL OCCURRENCES

COLUMN 17 PEAK WIND IN M.P.H.

PRELIMINARY LOCAL CLIMATOLOGICAL DATA (WS FORM: F-6) , PAGE 2

                                          STATION:  DAVENPORT IA
                                          MONTH:    APRIL
                                          YEAR:     2015
                                          LATITUDE:   41 37 N
                                          LONGITUDE:  90 35 W

[TEMPERATURE DATA]      [PRECIPITATION DATA]       SYMBOLS USED IN COLUMN 16

AVERAGE MONTHLY: 50.9   TOTAL FOR MONTH:   1.89    1 = FOG OR MIST
DPTR FM NORMAL:   1.3   DPTR FM NORMAL:   -0.93    2 = FOG REDUCING VISIBILITY
HIGHEST:    80 ON 18, 1 GRTST 24HR  0.86 ON 24-25      TO 1/4 MILE OR LESS
LOWEST:     21 ON  4                               3 = THUNDER
                        SNOW, ICE PELLETS, HAIL    4 = ICE PELLETS
                        TOTAL MONTH:    T          5 = HAIL
                        GRTST 24HR    T  ON  9- 9  6 = FREEZING RAIN OR DRIZZLE
                        GRTST DEPTH:   0           7 = DUSTSTORM OR SANDSTORM:
                                                       VSBY 1/2 MILE OR LESS
                                                   8 = SMOKE OR HAZE
[NO. OF DAYS WITH]      [WEATHER - DAYS WITH]      9 = BLOWING SNOW
                                                   X = TORNADO
MAX 32 OR BELOW:   0    0.01 INCH OR MORE:   9
MAX 90 OR ABOVE:   0    0.10 INCH OR MORE:   5
MIN 32 OR BELOW:   7    0.50 INCH OR MORE:   1
MIN  0 OR BELOW:   0    1.00 INCH OR MORE:   0

[HDD (BASE 65) ]
TOTAL THIS MO.   360    CLEAR  (SCALE 0-3)  15
DPTR FM NORMAL   -44    PTCLDY (SCALE 4-7)   8
TOTAL FM JUL 1  6737    CLOUDY (SCALE 8-10)  3
DPTR FM NORMAL   475

[CDD (BASE 65) ]
TOTAL THIS MO.     1
DPTR FM NORMAL     1    [PRESSURE DATA]
TOTAL FM JAN 1     1    HIGHEST SLP M ON M
DPTR FM NORMAL     1    LOWEST  SLP 29.32 ON 19

[REMARKS]
