000
CXUS56 KOTX 201500
CF6EAT
PRELIMINARY LOCAL CLIMATOLOGICAL DATA (WS FORM: F-6)

                                          STATION:   WENATCHEE WA PANGBORN FIELD
                                          MONTH:     APRIL
                                          YEAR:      2015
                                          LATITUDE:   47 23 N
                                          LONGITUDE: 120 12 W

  TEMPERATURE IN F:       :PCPN:    SNOW:  WIND      :SUNSHINE: SKY     :PK WND
================================================================================
1   2   3   4   5  6A  6B    7    8   9   10  11  12  13   14  15   16   17  18
                                     12Z  AVG MX 2MIN
DY MAX MIN AVG DEP HDD CDD  WTR  SNW DPTH SPD SPD DIR MIN PSBL S-S WX    SPD DR
================================================================================

 1  60  37  49   0  16   0 0.00    M    M 12.9 26 320   M    M   0        32 320
 2  59  38  49   0  16   0 0.00    M    M  6.9 17 280   M    M   0        28 330
 3  59  36  48  -1  17   0 0.00    M    M  7.0 20 290   M    M   2        23 290
 4  57  36  47  -2  18   0 0.00    M    M  5.8 18 180   M    M   1        22 170
 5  54  32  43  -7  22   0 0.00    M    M  4.8 15 160   M    M   4        19 160
 6  52  40  46  -4  19   0 0.30    M    M  4.1 10 300   M    M   7        16 300
 7  55  42  49  -1  16   0    T    M    M  7.0 15 290   M    M   8        17 290
 8  64  43  54   4  11   0 0.00    M    M  9.1 24 300   M    M   3        30 310
 9  63  41  52   2  13   0 0.00    M    M  6.6 16 320   M    M   4        20 300
10  64  39  52   2  13   0 0.00    M    M  5.7 17 320   M    M   1        21 300
11  57  35  46  -5  19   0    T    M    M 12.0 26 270   M    M   3        33 270
12  56  33  45  -6  20   0 0.00    M    M  4.6 13 300   M    M   4        17 310
13  59  37  48  -3  17   0 0.00    M    M  8.1 28 290   M    M   4        34 290
14  58  42  50  -1  15   0 0.00    M    M 21.5 35 310   M    M   0        44 300
15  63  37  50  -1  15   0 0.00    M    M  8.7 23 300   M    M   0        25 300
16  68  38  53   1  12   0 0.00    M    M  7.1 14 130   M    M   0        23  90
17  77  43  60   8   5   0 0.00    M    M  9.1 29 300   M    M   0        35 290
18  73  47  60   8   5   0 0.00    M    M  6.5 17 290   M    M   0        20 290
19  75  47  61   9   4   0 0.00    M    M  5.6 14 150   M    M   0        17 140
================================================================================
SM 1173  743       273   0  0.30    M    153.1          M       41
================================================================================
AV 61.7 39.1                               8.1 FASTST   M    M   2    MAX(MPH)
                                 MISC ---->  # 35 310               # 44  300
================================================================================
NOTES:
# LAST OF SEVERAL OCCURRENCES

COLUMN 17 PEAK WIND IN M.P.H.

PRELIMINARY LOCAL CLIMATOLOGICAL DATA (WS FORM: F-6) , PAGE 2

                                          STATION:  WENATCHEE WA PANGBORN FIELD
                                          MONTH:    APRIL
                                          YEAR:     2015
                                          LATITUDE:   47 23 N
                                          LONGITUDE: 120 12 W

[TEMPERATURE DATA]      [PRECIPITATION DATA]       SYMBOLS USED IN COLUMN 16

AVERAGE MONTHLY: 50.4   TOTAL FOR MONTH:   0.30    1 = FOG OR MIST
DPTR FM NORMAL:  -0.1   DPTR FM NORMAL:    0.00    2 = FOG REDUCING VISIBILITY
HIGHEST:    77 ON 17    GRTST 24HR  0.30 ON  6- 6      TO 1/4 MILE OR LESS
LOWEST:     32 ON  5                               3 = THUNDER
                        SNOW, ICE PELLETS, HAIL    4 = ICE PELLETS
                        TOTAL MONTH:    M          5 = HAIL
                        GRTST 24HR    M  ON   M    6 = FREEZING RAIN OR DRIZZLE
                        GRTST DEPTH:  M  ON   M    7 = DUSTSTORM OR SANDSTORM:
                                                       VSBY 1/2 MILE OR LESS
                                                   8 = SMOKE OR HAZE
[NO. OF DAYS WITH]      [WEATHER - DAYS WITH]      9 = BLOWING SNOW
                                                   X = TORNADO
MAX 32 OR BELOW:   0    0.01 INCH OR MORE:   1
MAX 90 OR ABOVE:   0    0.10 INCH OR MORE:   1
MIN 32 OR BELOW:   1    0.50 INCH OR MORE:   0
MIN  0 OR BELOW:   0    1.00 INCH OR MORE:   0

[HDD (BASE 65) ]
TOTAL THIS MO.   273    CLEAR  (SCALE 0-3)  11
DPTR FM NORMAL    -3    PTCLDY (SCALE 4-7)   7
TOTAL FM JUL 1  4339    CLOUDY (SCALE 8-10)  1
DPTR FM NORMAL -1049

[CDD (BASE 65) ]
TOTAL THIS MO.     0
DPTR FM NORMAL     0    [PRESSURE DATA]
TOTAL FM JAN 1     0    HIGHEST SLP M ON M
DPTR FM NORMAL    -2    LOWEST  SLP  0.00 ON M

[REMARKS]
