000
CXUS56 KFGZ 011616
CF6FLG
PRELIMINARY LOCAL CLIMATOLOGICAL DATA (WS FORM: F-6)

                                          STATION:   FLAGSTAFF AZ AIRPORT
                                          MONTH:     APRIL
                                          YEAR:      2015
                                          LATITUDE:   35  7 N
                                          LONGITUDE: 111 40 W

  TEMPERATURE IN F:       :PCPN:    SNOW:  WIND      :SUNSHINE: SKY     :PK WND
================================================================================
1   2   3   4   5  6A  6B    7    8   9   10  11  12  13   14  15   16   17  18
                                     12Z  AVG MX 2MIN
DY MAX MIN AVG DEP HDD CDD  WTR  SNW DPTH SPD SPD DIR MIN PSBL S-S WX    SPD DR
================================================================================

 1  64  42  53  13  12   0 0.00  0.0    0 13.0 28 230   M    M   0 8      36 220
 2  60  27  44   4  21   0 0.00  0.0    0 11.4 32 210   M    M   0        42 230
 3  56  27  42   2  23   0 0.00  0.0    0  9.5 21  70   M    M   0        29  70
 4  62  23  43   3  22   0 0.00  0.0    0  9.4 25 210   M    M   0        32 210
 5  60  26  43   2  22   0 0.00  0.0    0 12.5 30 210   M    M   0        39 220
 6  58  37  48   7  17   0 0.00  0.0    0 17.3 36 220   M    M   0        48 220
 7  57  38  48   7  17   0 0.00  0.0    0 18.4 37 220   M    M   0        46 200
 8  53  25  39  -2  26   0 0.00  0.0    0 15.4 35 220   M    M   0        45 220
 9  58  16  37  -5  28   0 0.00  0.0    0  4.9 20 220   M    M   0        25  60
10  59  20  40  -2  25   0 0.00  0.0    0  4.3 17 210   M    M   0        22 220
11  61  27  44   2  21   0 0.00  0.0    0  6.7 21 230   M    M   0        28 230
12  65  28  47   5  18   0 0.00  0.0    0  5.0 18  50   M    M   0        27  40
13  69  24  47   4  18   0 0.00  0.0    0  5.6 18 220   M    M   1        23 220
14  65  30  48   5  17   0 0.00  0.0    0 16.0 37 230   M    M   1        49 210
15  52  26  39  -4  26   0 0.00  0.0    0  6.9 24 230   M    M   0 8      29 230
16  42  15  29 -14  36   0    T    T    0  3.5 21  50   M    M   3 18     28  40
17  49  18  34 -10  31   0 0.03  0.3    T  3.9 15 250   M    M   4 1      23 330
18  63  27  45   1  20   0 0.00  0.0    0  5.8 18 260   M    M   0 8      25 340
19  61  26  44   0  21   0    T  0.0    0  2.7 17  30   M    M   3 3      26  10
20  66  26  46   2  19   0 0.00  0.0    0  4.0 21 210   M    M   3 8      29 260
21  63  29  46   1  19   0 0.00  0.0    0  7.2 23 210   M    M   0 8      32 220
22  59  30  45   0  20   0 0.00  0.0    0  6.8 22 230   M    M   1        30 220
23  57  26  42  -3  23   0 0.00  0.0    0  8.0 25 210   M    M   2        34 220
24  49  29  39  -7  26   0 0.46  0.0    0 10.9 23 210   M    M   7 1      32 190
25  44  33  39  -7  26   0 0.57    T    0 13.0 29 220   M    M  10 1      39 200
26  50  32  41  -5  24   0 0.03  0.5    0  7.4 18  40   M    M   7 1      26  10
27  59  27  43  -3  22   0 0.00  0.0    0  8.7 25  60   M    M   1        33  60
28  65  31  48   1  17   0 0.00  0.0    0  3.4 13  40   M    M   3        19 150
29  70  32  51   4  14   0 0.00  0.0    0  3.5 15 220   M    M   3        19  40
30  72  36  54   7  11   0 0.00  0.0    0  4.6 20 220   M    M   1        25 200
================================================================================
SM 1768  833       642   0  1.09     0.8 249.7          M       50
================================================================================
AV 58.9 27.8                               8.3 FASTST   M    M   2    MAX(MPH)
                                 MISC ---->  # 37 220               # 49  210
================================================================================
NOTES:
# LAST OF SEVERAL OCCURRENCES

COLUMN 17 PEAK WIND IN M.P.H.

PRELIMINARY LOCAL CLIMATOLOGICAL DATA (WS FORM: F-6) , PAGE 2

                                          STATION:  FLAGSTAFF AZ AIRPORT
                                          MONTH:    APRIL
                                          YEAR:     2015
                                          LATITUDE:   35  7 N
                                          LONGITUDE: 111 40 W

[TEMPERATURE DATA]      [PRECIPITATION DATA]       SYMBOLS USED IN COLUMN 16

AVERAGE MONTHLY: 43.3   TOTAL FOR MONTH:   1.09    1 = FOG OR MIST
DPTR FM NORMAL:   0.0   DPTR FM NORMAL:   -0.06    2 = FOG REDUCING VISIBILITY
HIGHEST:    72 ON 30    GRTST 24HR  0.57 ON 25-25      TO 1/4 MILE OR LESS
LOWEST:     15 ON 16                               3 = THUNDER
                        SNOW, ICE PELLETS, HAIL    4 = ICE PELLETS
                        TOTAL MONTH:   0.8 INCH    5 = HAIL
                        GRTST 24HR   0.5 ON 26-26  6 = FREEZING RAIN OR DRIZZLE
                        GRTST DEPTH:   T           7 = DUSTSTORM OR SANDSTORM:
                                                       VSBY 1/2 MILE OR LESS
                                                   8 = SMOKE OR HAZE
[NO. OF DAYS WITH]      [WEATHER - DAYS WITH]      9 = BLOWING SNOW
                                                   X = TORNADO
MAX 32 OR BELOW:   0    0.01 INCH OR MORE:   4
MAX 90 OR ABOVE:   0    0.10 INCH OR MORE:   2
MIN 32 OR BELOW:  25    0.50 INCH OR MORE:   1
MIN  0 OR BELOW:   0    1.00 INCH OR MORE:   0

[HDD (BASE 65) ]
TOTAL THIS MO.   642    CLEAR  (SCALE 0-3)  26
DPTR FM NORMAL    -7    PTCLDY (SCALE 4-7)   3
TOTAL FM JUL 1  5400    CLOUDY (SCALE 8-10)  1
DPTR FM NORMAL  -956

[CDD (BASE 65) ]
TOTAL THIS MO.     0
DPTR FM NORMAL     0    [PRESSURE DATA]
TOTAL FM JAN 1     0    HIGHEST SLP 30.23 ON  3
DPTR FM NORMAL     0    LOWEST  SLP 29.64 ON 26

[REMARKS]
#FINAL-04-15#
