000
CXUS56 KSGX 011445
CF6FUL
PRELIMINARY LOCAL CLIMATOLOGICAL DATA (WS FORM: F-6)

                                          STATION:   FULLERTON AIRPORT CA
                                          MONTH:     MARCH
                                          YEAR:      2015
                                          LATITUDE:   33 52 N
                                          LONGITUDE: 117 58 W

  TEMPERATURE IN F:       :PCPN:    SNOW:  WIND      :SUNSHINE: SKY     :PK WND
================================================================================
1   2   3   4   5  6A  6B    7    8   9   10  11  12  13   14  15   16   17  18
                                     12Z  AVG MX 2MIN
DY MAX MIN AVG DEP HDD CDD  WTR  SNW DPTH SPD SPD DIR MIN PSBL S-S WX    SPD DR
================================================================================

 1  62  50  56  -3   9   0 0.06  0.0    0  5.5 12 180   M    M   6 1      17 180
 2  62  49  56  -3   9   0 0.33    M    0  4.3 14 210   M    M   4 1      23 200
 3  68  44  56  -3   9   0 0.00  0.0    0  3.7 13 270   M    M   0 8      18 210
 4  75  46  61   2   4   0 0.00  0.0    0  3.5 12 260   M    M   0        18 230
 5  80  45  63   3   2   0 0.00  0.0    0  3.2 10 300   M    M   0        14 290
 6  88  46  67   7   0   2 0.00  0.0    0  2.3 10  90   M    M   0        14  90
 7  89  50  70  10   0   5 0.00  0.0    0  2.9 14 190   M    M   0        17 210
 8  78  52  65   5   0   0 0.00  0.0    0  4.1 10 220   M    M   0        15 250
 9  75  55  65   5   0   0 0.00  0.0    0  2.3  9 210   M    M   3 8      13 220
10  83  55  69   9   0   4 0.00  0.0    0  1.5  8 210   M    M   3 18     10 300
11  77  60  69   9   0   4 0.00  0.0    0  1.2  9 200   M    M   2 8      14 260
12  91  54  73  13   0   8 0.00  0.0    0  2.0 10 350   M    M   0 8      14 340
13  93  59  76  16   0  11 0.00  0.0    0  4.6 14  80   M    M   0        19  90
14  96  62  79  19   0  14 0.00  0.0    0  3.0 13 220   M    M   0        20 230
15  94  65  80  20   0  15 0.00  0.0    0  4.0 12 290   M    M   0        18 270
16  92  62  77  17   0  12 0.00  0.0    0  3.4 12 210   M    M   0        16 220
17  84  59  72  12   0   7 0.00  0.0    0  4.1 12 210   M    M   0        16 240
18  74  62  68   8   0   3 0.00  0.0    0  5.0 13 170   M    M   2        17 180
19  77  60  69   9   0   4 0.00  0.0    0  2.5 13 210   M    M   1 8      17 210
20  79  60  70  10   0   5 0.00  0.0    0  3.2 10 200   M    M   3 8      15 210
21  76  61  69   9   0   4 0.00  0.0    0  4.3  9 200   M    M   5 18     15 200
22  73  59  66   6   0   1 0.00  0.0    0  3.6 12 210   M    M   5        16 230
23  73  56  65   5   0   0 0.00  0.0    0  4.2 13 190   M    M   2        18 210
24  76  56  66   6   0   1 0.00  0.0    0  4.9 13 220   M    M   1        19 230
25  87  56  72  12   0   7 0.00  0.0    0  2.8 13 210   M    M   0        16 200
26  96  56  76  16   0  11 0.00  0.0    0  2.6 15 160   M    M   0        19 160
27  91  60  76  16   0  11 0.00  0.0    0  3.0 10 210   M    M   0        14 210
28  83  59  71  11   0   6 0.00  0.0    0  3.5 10 210   M    M   1        17 210
29  82  61  72  12   0   7 0.00  0.0    0  4.2 12 220   M    M   2 18     15 220
30  81  60  71  10   0   6 0.00  0.0    0  2.9 12 200   M    M   3 18     15 200
31  75  59  67   6   0   2 0.00  0.0    0  3.9 12 210   M    M   3 18     16 200
================================================================================
SM 2510 1738        33 150  0.39     0.0 106.2          M       46
================================================================================
AV 81.0 56.1                               3.4 FASTST   M    M   1    MAX(MPH)
                                 MISC ---->  # 15 160               # 23  200
================================================================================
NOTES:
# LAST OF SEVERAL OCCURRENCES

COLUMN 17 PEAK WIND IN M.P.H.

PRELIMINARY LOCAL CLIMATOLOGICAL DATA (WS FORM: F-6) , PAGE 2

                                          STATION:  FULLERTON AIRPORT CA
                                          MONTH:    MARCH
                                          YEAR:     2015
                                          LATITUDE:   33 52 N
                                          LONGITUDE: 117 58 W

[TEMPERATURE DATA]      [PRECIPITATION DATA]       SYMBOLS USED IN COLUMN 16

AVERAGE MONTHLY: 68.5   TOTAL FOR MONTH:   0.39    1 = FOG OR MIST
DPTR FM NORMAL:   8.6   DPTR FM NORMAL:   -1.77    2 = FOG REDUCING VISIBILITY
HIGHEST:    96 ON 26,14 GRTST 24HR  0.33 ON  2- 2      TO 1/4 MILE OR LESS
LOWEST:     44 ON  3                               3 = THUNDER
                        SNOW, ICE PELLETS, HAIL    4 = ICE PELLETS
                        TOTAL MONTH:   0.0 INCH    5 = HAIL
                        GRTST 24HR     0.0         6 = FREEZING RAIN OR DRIZZLE
                        GRTST DEPTH:   0           7 = DUSTSTORM OR SANDSTORM:
                                                       VSBY 1/2 MILE OR LESS
                                                   8 = SMOKE OR HAZE
[NO. OF DAYS WITH]      [WEATHER - DAYS WITH]      9 = BLOWING SNOW
                                                   X = TORNADO
MAX 32 OR BELOW:   0    0.01 INCH OR MORE:   2
MAX 90 OR ABOVE:   7    0.10 INCH OR MORE:   1
MIN 32 OR BELOW:   0    0.50 INCH OR MORE:   0
MIN  0 OR BELOW:   0    1.00 INCH OR MORE:   0

[HDD (BASE 65) ]
TOTAL THIS MO.    33    CLEAR  (SCALE 0-3)  27
DPTR FM NORMAL  -137    PTCLDY (SCALE 4-7)   4
TOTAL FM JUL 1   396    CLOUDY (SCALE 8-10)  0
DPTR FM NORMAL  -696

[CDD (BASE 65) ]
TOTAL THIS MO.   150
DPTR FM NORMAL   137    [PRESSURE DATA]
TOTAL FM JAN 1   201    HIGHEST SLP 30.26 ON  5
DPTR FM NORMAL   179    LOWEST  SLP 29.85 ON 16

[REMARKS]
#FINAL-03-15#
