000
CXUS53 KIWX 260800
CF6FWA
PRELIMINARY LOCAL CLIMATOLOGICAL DATA (WS FORM: F-6)

                                          STATION:   FORT WAYNE
                                          MONTH:     APRIL
                                          YEAR:      2015
                                          LATITUDE:   41  0 N
                                          LONGITUDE:  85 12 W

  TEMPERATURE IN F:       :PCPN:    SNOW:  WIND      :SUNSHINE: SKY     :PK WND
================================================================================
1   2   3   4   5  6A  6B    7    8   9   10  11  12  13   14  15   16   17  18
                                     12Z  AVG MX 2MIN
DY MAX MIN AVG DEP HDD CDD  WTR  SNW DPTH SPD SPD DIR MIN PSBL S-S WX    SPD DR
================================================================================

 1  67  32  50   6  15   0 0.00  0.0    0  8.7 15 230   M    M   2 1      19 230
 2  69  43  56  11   9   0 0.24  0.0    0 11.6 38 230   M    M   8 13     48 220
 3  56  35  46   1  19   0 0.02  0.0    0  9.3 21 320   M    M   8 12     27 300
 4  53  26  40  -6  25   0 0.00  0.0    0 12.5 26 260   M    M   1        35 230
 5  63  39  51   5  14   0 0.00  0.0    0 13.3 29 230   M    M   3        33 230
 6  62  37  50   4  15   0 0.02  0.0    0  6.2 17 190   M    M   8 1      21 180
 7  53  40  47   0  18   0 0.38  0.0    0 13.8 25  70   M    M  10 13     30  70
 8  70  38  54   7  11   0 0.17  0.0    0  9.8 32 170   M    M  10 1238   38 180
 9  74  45  60  12   5   0 0.48  0.0    0 12.6 25 220   M    M   9 123    32 220
10  69  42  56   8   9   0 0.00  0.0    0 24.0 38 260   M    M   7        47 270
11  63  33  48   0  17   0 0.00  0.0    0  7.7 17 260   M    M   1 1      22 260
12  68  37  53   4  12   0 0.00  0.0    0  6.0 16 160   M    M   6        22 160
13  69  50  60  11   5   0 0.11  0.0    0 11.9 29 240   M    M   8 1      35 210
14  63  42  53   3  12   0 0.00  0.0    0  6.7 20  80   M    M   8        24  80
15  65  41  53   3  12   0 0.06  0.0    0 15.9 29  80   M    M   7        35  70
16  62  45  54   4  11   0 0.03  0.0    0  6.4 15  80   M    M   9 1      17  80
17  77  43  60   9   5   0 0.00  0.0    0  4.0 12 260   M    M   5 1      14 250
18  80  49  65  14   0   0 0.00  0.0    0  8.1 26  70   M    M   7        32  70
19  64  48  56   5   9   0 1.06  0.0    0 16.1 23 110   M    M   9 1      31 110
20  62  44  53   1  12   0 0.16  0.0    0 21.1 33 240   M    M   9 1      44 260
21  56  37  47  -5  18   0 0.01  0.0    0 19.7 38 240   M    M   6        49 250
22  44  32  38 -14  27   0    T    T    0 13.2 26 310   M    M   8        33 320
23  51  30  41 -12  24   0 0.00  0.0    0 10.4 24 330   M    M   3        33 290
24  60  28  44  -9  21   0 0.00  0.0    0  5.4 16  60   M    M   4        19  60
25  50  40  45  -9  20   0 0.54  0.0    0 14.6 29  60   M    M  10 1      38  60
================================================================================
SM 1570  976       345   0  3.28    T    289.0          M      166
================================================================================
AV 62.8 39.0                              11.6 FASTST   M    M   7    MAX(MPH)
                                 MISC ---->  # 38 230               # 49  250
================================================================================
NOTES:
# LAST OF SEVERAL OCCURRENCES

COLUMN 17 PEAK WIND IN M.P.H.

PRELIMINARY LOCAL CLIMATOLOGICAL DATA (WS FORM: F-6) , PAGE 2

                                          STATION:  FORT WAYNE
                                          MONTH:    APRIL
                                          YEAR:     2015
                                          LATITUDE:   41  0 N
                                          LONGITUDE:  85 12 W

[TEMPERATURE DATA]      [PRECIPITATION DATA]       SYMBOLS USED IN COLUMN 16

AVERAGE MONTHLY: 50.9   TOTAL FOR MONTH:   3.28    1 = FOG OR MIST
DPTR FM NORMAL:   1.8   DPTR FM NORMAL:    0.30    2 = FOG REDUCING VISIBILITY
HIGHEST:    80 ON 18    GRTST 24HR  1.21 ON 19-20      TO 1/4 MILE OR LESS
LOWEST:     26 ON  4                               3 = THUNDER
                        SNOW, ICE PELLETS, HAIL    4 = ICE PELLETS
                        TOTAL MONTH:    T          5 = HAIL
                        GRTST 24HR    T  ON 22-22  6 = FREEZING RAIN OR DRIZZLE
                        GRTST DEPTH:   0           7 = DUSTSTORM OR SANDSTORM:
                                                       VSBY 1/2 MILE OR LESS
                                                   8 = SMOKE OR HAZE
[NO. OF DAYS WITH]      [WEATHER - DAYS WITH]      9 = BLOWING SNOW
                                                   X = TORNADO
MAX 32 OR BELOW:   0    0.01 INCH OR MORE:  13
MAX 90 OR ABOVE:   0    0.10 INCH OR MORE:   8
MIN 32 OR BELOW:   5    0.50 INCH OR MORE:   2
MIN  0 OR BELOW:   0    1.00 INCH OR MORE:   1

[HDD (BASE 65) ]
TOTAL THIS MO.   345    CLEAR  (SCALE 0-3)   5
DPTR FM NORMAL   -59    PTCLDY (SCALE 4-7)  12
TOTAL FM JUL 1  6455    CLOUDY (SCALE 8-10)  8
DPTR FM NORMAL   627

[CDD (BASE 65) ]
TOTAL THIS MO.     0
DPTR FM NORMAL     0    [PRESSURE DATA]
TOTAL FM JAN 1     0    HIGHEST SLP M ON M
DPTR FM NORMAL     0    LOWEST  SLP 29.27 ON 20

[REMARKS]
