000
CXUS56 KPQR 181200
CF6HIO
PRELIMINARY LOCAL CLIMATOLOGICAL DATA (WS FORM: F-6)

                                          STATION:   HILLSBORO OR
                                          MONTH:     APRIL
                                          YEAR:      2015
                                          LATITUDE:   45 32 N
                                          LONGITUDE: 122 57 W

  TEMPERATURE IN F:       :PCPN:    SNOW:  WIND      :SUNSHINE: SKY     :PK WND
================================================================================
1   2   3   4   5  6A  6B    7    8   9   10  11  12  13   14  15   16   17  18
                                     12Z  AVG MX 2MIN
DY MAX MIN AVG DEP HDD CDD  WTR  SNW DPTH SPD SPD DIR MIN PSBL S-S WX    SPD DR
================================================================================

 1  52  37  45  -3  20   0 0.07    M    0  3.3 14  10   M    M   7 12     19 240
 2  57  35  46  -2  19   0    T    M    0  1.9  7 300   M    M   6 128     9 170
 3  51  34  43  -5  22   0 0.25    M    0  3.2 13 120   M    M   7 128    16 140
 4  55  37  46  -2  19   0 0.00  0.0    0  3.0 12 300   M    M   6 128    14 210
 5  57  32  45  -4  20   0 0.18    M    0  5.1 21 160   M    M   5 1      26 150
 6  56  35  46  -3  19   0 0.04    M    0  4.5 15 170   M    M   7 1      20 180
 7  60  43  52   3  13   0 0.02    M    0  4.6 18 310   M    M   9        22 290
 8  58  40  49   0  16   0 0.14    M    0  2.2 20  10   M    M   8 13     24 360
 9  65  34  50   1  15   0 0.00  0.0    0  2.2  8 300   M    M   2 12     10 280
10  60  35  48  -1  17   0 0.02    M    0  7.4 18 190   M    M   5        25 200
11  56  42  49   0  16   0 0.16    M    0  6.9 24 290   M    M   7 18     32 280
12  59  36  48  -1  17   0 0.00  0.0    0  2.3  9 200   M    M   5        12 190
13  52  36  44  -6  21   0 0.30    M    0  3.9 22 310   M    M   9 1      26 320
14  54  35  45  -5  20   0 0.07    M    0  5.8 20 240   M    M   6 1      28 220
15  59  31  45  -5  20   0 0.00  0.0    0  3.1 12 300   M    M   2        14 300
16  72  36  54   4  11   0 0.00  0.0    0  3.4 12  20   M    M   0        16  10
17  74  39  57   7   8   0 0.00  0.0    0  6.5 22 310   M    M   0 8      27 300
================================================================================
SM  997  617       293   0  1.25     0.0  69.3          M       91
================================================================================
AV 58.6 36.3                               4.1 FASTST   M    M   5    MAX(MPH)
                                 MISC ---->  # 24 290               # 32  280
================================================================================
NOTES:
# LAST OF SEVERAL OCCURRENCES

COLUMN 17 PEAK WIND IN M.P.H.

PRELIMINARY LOCAL CLIMATOLOGICAL DATA (WS FORM: F-6) , PAGE 2

                                          STATION:  HILLSBORO OR
                                          MONTH:    APRIL
                                          YEAR:     2015
                                          LATITUDE:   45 32 N
                                          LONGITUDE: 122 57 W

[TEMPERATURE DATA]      [PRECIPITATION DATA]       SYMBOLS USED IN COLUMN 16

AVERAGE MONTHLY: 47.5   TOTAL FOR MONTH:   1.25    1 = FOG OR MIST
DPTR FM NORMAL:  -1.6   DPTR FM NORMAL:   -0.56    2 = FOG REDUCING VISIBILITY
HIGHEST:    74 ON 17    GRTST 24HR  0.43 ON 31- 1      TO 1/4 MILE OR LESS
LOWEST:     31 ON 15                               3 = THUNDER
                        SNOW, ICE PELLETS, HAIL    4 = ICE PELLETS
                        TOTAL MONTH:   0.0 INCH    5 = HAIL
                        GRTST 24HR     0.0         6 = FREEZING RAIN OR DRIZZLE
                        GRTST DEPTH:   0           7 = DUSTSTORM OR SANDSTORM:
                                                       VSBY 1/2 MILE OR LESS
                                                   8 = SMOKE OR HAZE
[NO. OF DAYS WITH]      [WEATHER - DAYS WITH]      9 = BLOWING SNOW
                                                   X = TORNADO
MAX 32 OR BELOW:   0    0.01 INCH OR MORE:  10
MAX 90 OR ABOVE:   0    0.10 INCH OR MORE:   5
MIN 32 OR BELOW:   2    0.50 INCH OR MORE:   0
MIN  0 OR BELOW:   0    1.00 INCH OR MORE:   0

[HDD (BASE 65) ]
TOTAL THIS MO.   293    CLEAR  (SCALE 0-3)   4
DPTR FM NORMAL    22    PTCLDY (SCALE 4-7)  11
TOTAL FM JUL 1  3427    CLOUDY (SCALE 8-10)  2
DPTR FM NORMAL  -958

[CDD (BASE 65) ]
TOTAL THIS MO.     0
DPTR FM NORMAL     0    [PRESSURE DATA]
TOTAL FM JAN 1     0    HIGHEST SLP M ON M
DPTR FM NORMAL     0    LOWEST  SLP 29.65 ON  5

[REMARKS]
