000
CXUS53 KGID 250730
CF6HJH
PRELIMINARY LOCAL CLIMATOLOGICAL DATA (WS FORM: F-6)

                                          STATION:   HEBRON
                                          MONTH:     APRIL
                                          YEAR:      2015
                                          LATITUDE:   40  9 N
                                          LONGITUDE:  97 35 W

  TEMPERATURE IN F:       :PCPN:    SNOW:  WIND      :SUNSHINE: SKY     :PK WND
================================================================================
1   2   3   4   5  6A  6B    7    8   9   10  11  12  13   14  15   16   17  18
                                     12Z  AVG MX 2MIN
DY MAX MIN AVG DEP HDD CDD  WTR  SNW DPTH SPD SPD DIR MIN PSBL S-S WX    SPD DR
================================================================================

 1  84  53  69  23   0   4 0.54    M    M 16.4 30 320   M    M   1 3      48 320
 2  63  46  55   9  10   0    T    M    M 10.0 18 360   M    M   6        29 360
 3  50  35  43  -4  22   0 0.10    M    M 11.4 28 360   M    M   4 3      35 360
 4  66  33  50   3  15   0 0.00    M    M 12.2 22 210   M    M   1        29 210
 5  71  41  56   9   9   0 0.00    M    M 14.2 20 170   M    M   1        27 180
 6  64  51  58  10   7   0    T    M    M 10.6 15 170   M    M   9 1      22 170
 7  55  44  50   2  15   0    T    M    M 11.4 15  70   M    M  10 12     20 360
 8  48  43  46  -2  19   0    T    M    M  8.8 16  30   M    M  10 1      23  30
 9  47  39  43  -6  22   0    T    M    M 14.0 30 330   M    M   7 1      39 330
10  69  35  52   3  13   0 0.00    M    M  6.6 14 270   M    M   0        23 300
11  74  38  56   7   9   0 0.00    M    M 12.1 22 190   M    M   2        29 180
12  77  52  65  15   0   0 0.07    M    M 13.9 18  20   M    M   4 3      28 180
13  67  38  53   3  12   0 0.00    M    M  5.8 10  30   M    M   0        17  60
14  69  39  54   4  11   0 0.00    M    M  8.3 17 160   M    M   0        25 160
15  67  45  56   5   9   0 0.00    M    M 12.6 18 130   M    M   6 1      25 160
16  75  53  64  13   1   0 0.04    M    M  6.3 12  90   M    M   7 1       M  M
17  71  55  63  11   2   0 0.01    M    M  5.2 12  70   M    M   6 13      M  M
18  72  53  63  11   2   0 0.23    M    M  6.0 16 210   M    M   8 13     23 210
19  55  42  49  -3  16   0 0.01    M    M 11.7 25 340   M    M   8        39 330
20  60  36  48  -5  17   0 0.00    M    M 13.0 23 310   M    M   2        35 310
21  71  34  53   0  12   0 0.00    M    M  8.3 17  10   M    M   3        28  20
22  57  30  44  -9  21   0 0.00    M    M  3.5  9  50   M    M   0         M  M
23  67  37  52  -2  13   0 0.00    M    M 10.4 20 160   M    M   3        25 140
24  62  53  58   4   7   0 0.51    M    M  8.2 14 180   M    M  10 13     21 170
================================================================================
SM 1561 1025       264   4  1.51    M    240.9          M      108
================================================================================
AV 65.0 42.7                              10.0 FASTST   M    M   5    MAX(MPH)
                                 MISC ---->    30   M                 48    M
================================================================================
NOTES:
# LAST OF SEVERAL OCCURRENCES

COLUMN 17 PEAK WIND IN M.P.H.

PRELIMINARY LOCAL CLIMATOLOGICAL DATA (WS FORM: F-6) , PAGE 2

                                          STATION:  HEBRON
                                          MONTH:    APRIL
                                          YEAR:     2015
                                          LATITUDE:   40  9 N
                                          LONGITUDE:  97 35 W

[TEMPERATURE DATA]      [PRECIPITATION DATA]       SYMBOLS USED IN COLUMN 16

AVERAGE MONTHLY: 53.9   TOTAL FOR MONTH:   1.51    1 = FOG OR MIST
DPTR FM NORMAL:   3.9   DPTR FM NORMAL:   -0.59    2 = FOG REDUCING VISIBILITY
HIGHEST:    84 ON  1    GRTST 24HR  0.54 ON  1- 1      TO 1/4 MILE OR LESS
LOWEST:     30 ON 22                               3 = THUNDER
                        SNOW, ICE PELLETS, HAIL    4 = ICE PELLETS
                        TOTAL MONTH:    M          5 = HAIL
                        GRTST 24HR    M  ON   M    6 = FREEZING RAIN OR DRIZZLE
                        GRTST DEPTH:  M  ON   M    7 = DUSTSTORM OR SANDSTORM:
                                                       VSBY 1/2 MILE OR LESS
                                                   8 = SMOKE OR HAZE
[NO. OF DAYS WITH]      [WEATHER - DAYS WITH]      9 = BLOWING SNOW
                                                   X = TORNADO
MAX 32 OR BELOW:   0    0.01 INCH OR MORE:   8
MAX 90 OR ABOVE:   0    0.10 INCH OR MORE:   4
MIN 32 OR BELOW:   1    0.50 INCH OR MORE:   2
MIN  0 OR BELOW:   0    1.00 INCH OR MORE:   0

[HDD (BASE 65) ]
TOTAL THIS MO.   264    CLEAR  (SCALE 0-3)  11
DPTR FM NORMAL  -105    PTCLDY (SCALE 4-7)   9
TOTAL FM JUL 1  5428    CLOUDY (SCALE 8-10)  4
DPTR FM NORMAL  -325

[CDD (BASE 65) ]
TOTAL THIS MO.     4
DPTR FM NORMAL    -1    [PRESSURE DATA]
TOTAL FM JAN 1     8    HIGHEST SLP M ON M
DPTR FM NORMAL     2    LOWEST  SLP M ON M

[REMARKS]
