000
CXUS55 KPSR 271005
CF6IPL
PRELIMINARY LOCAL CLIMATOLOGICAL DATA (WS FORM: F-6)

                                          STATION:   IMPERIAL CA
                                          MONTH:     APRIL
                                          YEAR:      2015
                                          LATITUDE:   32 50 N
                                          LONGITUDE: 115 35 W

  TEMPERATURE IN F:       :PCPN:    SNOW:  WIND      :SUNSHINE: SKY     :PK WND
================================================================================
1   2   3   4   5  6A  6B    7    8   9   10  11  12  13   14  15   16   17  18
                                     12Z  AVG MX 2MIN
DY MAX MIN AVG DEP HDD CDD  WTR  SNW DPTH SPD SPD DIR MIN PSBL S-S WX    SPD DR
================================================================================

 1  91  61  76   9   0  11 0.00  0.0    0  8.8 15 260   M    M   0        18 260
 2  85  61  73   6   0   8 0.00  0.0    0  8.8 20 250   M    M   0        24 260
 3  85  52  69   2   0   4 0.00  0.0    0  6.4 15  40   M    M   0        22  70
 4  89  51  70   3   0   5 0.00  0.0    0  6.6 15 260   M    M   0        19 240
 5  87  56  72   4   0   7 0.00  0.0    0 14.0 26 250   M    M   0        35 270
 6  80  56  68   0   0   3 0.00  0.0    0 17.8 28 260   M    M   0        38 260
 7  79  55  67  -1   0   2 0.00  0.0    0 15.7 44 260   M    M   0 8      55 250
 8  78  53  66  -2   0   1 0.00  0.0    0  8.1 23 260   M    M   0        28 250
 9  82  49  66  -2   0   1 0.00  0.0    0  5.1 14 220   M    M   0        18 110
10  85  55  70   2   0   5 0.00  0.0    0  6.0 15 270   M    M   0        19 270
11  86  57  72   3   0   7 0.00  0.0    0  5.0 10 250   M    M   0        13 240
12  87  59  73   4   0   8 0.00  0.0    0  5.8 14 150   M    M   0        16 150
13  94  58  76   7   0  11 0.00  0.0    0  5.5 14 250   M    M   0        17 240
14  95  60  78   8   0  13 0.00  0.0    0  8.0 22 240   M    M   0        27 240
15  81  51  66  -4   0   1 0.00  0.0    0  7.9 16  40   M    M   1        21  40
16  78  46  62  -8   3   0 0.00  0.0    0  4.8 12 170   M    M   0        16 180
17  87  49  68  -2   0   3 0.00  0.0    0  5.2 13 280   M    M   0        17  40
18  93  54  74   4   0   9 0.00  0.0    0  5.6 15 240   M    M   0        18 240
19  93  60  77   6   0  12 0.00  0.0    0  6.5 14 240   M    M   0 8      19 130
20  92  61  77   6   0  12 0.00  0.0    0  6.5 21 130   M    M   0        23 130
21  86  59  73   2   0   8 0.00  0.0    0  8.7 21 260   M    M   0 8      26 260
22  82  59  71  -1   0   6 0.00  0.0    0  9.7 20 270   M    M   0        24 270
23  82  61  72   0   0   7    T  0.0    0 12.3 22 260   M    M   3 3      28 260
24  80  61  71  -1   0   6 0.00  0.0    0 16.3 32 280   M    M   0        40 270
25  73  61  67  -6   0   2 0.00  0.0    0 18.1 36 250   M    M   1 8      42 260
26  85  55  70  -3   0   5 0.00  0.0    0  8.7 20 340   M    M   0        26 330
================================================================================
SM 2215 1460         3 157    T      0.0 231.9          M        5
================================================================================
AV 85.2 56.2                               8.9 FASTST   M    M   0    MAX(MPH)
                                 MISC ---->  # 44 260               # 55  250
================================================================================
NOTES:
# LAST OF SEVERAL OCCURRENCES

COLUMN 17 PEAK WIND IN M.P.H.

PRELIMINARY LOCAL CLIMATOLOGICAL DATA (WS FORM: F-6) , PAGE 2

                                          STATION:  IMPERIAL CA
                                          MONTH:    APRIL
                                          YEAR:     2015
                                          LATITUDE:   32 50 N
                                          LONGITUDE: 115 35 W

[TEMPERATURE DATA]      [PRECIPITATION DATA]       SYMBOLS USED IN COLUMN 16

AVERAGE MONTHLY: 70.7   TOTAL FOR MONTH:      T    1 = FOG OR MIST
DPTR FM NORMAL:   1.1   DPTR FM NORMAL:   -0.07    2 = FOG REDUCING VISIBILITY
HIGHEST:    95 ON 14    GRTST 24HR    T  ON 23-23      TO 1/4 MILE OR LESS
LOWEST:     46 ON 16                               3 = THUNDER
                        SNOW, ICE PELLETS, HAIL    4 = ICE PELLETS
                        TOTAL MONTH:   0.0 INCH    5 = HAIL
                        GRTST 24HR     0.0         6 = FREEZING RAIN OR DRIZZLE
                        GRTST DEPTH:   0           7 = DUSTSTORM OR SANDSTORM:
                                                       VSBY 1/2 MILE OR LESS
                                                   8 = SMOKE OR HAZE
[NO. OF DAYS WITH]      [WEATHER - DAYS WITH]      9 = BLOWING SNOW
                                                   X = TORNADO
MAX 32 OR BELOW:   0    0.01 INCH OR MORE:   0
MAX 90 OR ABOVE:   6    0.10 INCH OR MORE:   0
MIN 32 OR BELOW:   0    0.50 INCH OR MORE:   0
MIN  0 OR BELOW:   0    1.00 INCH OR MORE:   0

[HDD (BASE 65) ]
TOTAL THIS MO.     3    CLEAR  (SCALE 0-3)  26
DPTR FM NORMAL   -11    PTCLDY (SCALE 4-7)   0
TOTAL FM JUL 1   596    CLOUDY (SCALE 8-10)  0
DPTR FM NORMAL  -430

[CDD (BASE 65) ]
TOTAL THIS MO.   157
DPTR FM NORMAL    23    [PRESSURE DATA]
TOTAL FM JAN 1   410    HIGHEST SLP M ON M
DPTR FM NORMAL   202    LOWEST  SLP 29.62 ON 20

[REMARKS]
