000
CXUS55 KBOU 251114
CF6LIC
PRELIMINARY LOCAL CLIMATOLOGICAL DATA (WS FORM: F-6)

                                          STATION:   LIMON CO
                                          MONTH:     APRIL
                                          YEAR:      2015
                                          LATITUDE:   39 10 N
                                          LONGITUDE: 103 42 W

  TEMPERATURE IN F:       :PCPN:    SNOW:  WIND      :SUNSHINE: SKY     :PK WND
================================================================================
1   2   3   4   5  6A  6B    7    8   9   10  11  12  13   14  15   16   17  18
                                     12Z  AVG MX 2MIN
DY MAX MIN AVG DEP HDD CDD  WTR  SNW DPTH SPD SPD DIR MIN PSBL S-S WX    SPD DR
================================================================================

 1  74  28  51   M  14   0    T    M    M  8.7 52 360   M    M   1 8      64 360
 2  62  29  46   M  19   0 0.16    M    M 17.0 38 360   M    M   6 13     49  10
 3  47  24  36   M  29   0 0.00    M    M  8.4 20 340   M    M   5        24  10
 4  62  20  41   M  24   0 0.00    M    M  8.3 21 160   M    M   0        28 200
 5  72  24  48   M  17   0 0.00    M    M  9.0 22 190   M    M   0        30 190
 6  75  26  51   M  14   0 0.00    M    M  8.6 23 180   M    M   0        30 200
 7  67  27  47   M  18   0 0.00    M    M 13.6 29 140   M    M   2        40 130
 8  73  36  55   M  10   0    T    M    M 18.8 41 200   M    M   5 1      53 200
 9  48  24  36   M  29   0    T    M    M 17.7 35 350   M    M   6 1      41 330
10  61  24  43   M  22   0 0.00    M    M  8.6 21 180   M    M   2        30 170
11  70  26  48   M  17   0 0.00    M    M  7.7 24 170   M    M   1        33 180
12  70  29  50   M  15   0 0.00    M    M 13.7 33 320   M    M   3 12     42 310
13  61  20  41   M  24   0 0.00    M    M 11.4 24 160   M    M   0        33 170
14  70  26  48   M  17   0 0.00    M    M 17.9 35 150   M    M   0        43 140
15  71  30  51   M  14   0 0.00    M    M 19.3 37 330   M    M   2        45 220
16  39  33  36   M  29   0 0.05    M    M 15.3 30 350   M    M  10 1      37 330
17  59  35  47   M  18   0 0.05    M    M 13.6 33 190   M    M   7 1      42 110
18  51  33  42   M  23   0 0.24    M    M 12.7 32 340   M    M   7 13     39 340
19  49  26  38   M  27   0 0.14    M    M 21.3 36 350   M    M   5 1      45 350
20  55  25  40   M  25   0    T    M    M  5.6 17  10   M    M   5        23  10
21  66  28  47   M  18   0 0.00    M    M  7.3 23 340   M    M   3        29 330
22  63  29  46   M  19   0 0.00    M    M 10.2 22 160   M    M   0        29 150
23  72  35  54   M  11   0 0.03    M    M  6.0 28 200   M    M   4 123    35 170
24  68  30  49   M  16   0 0.05    M    M  7.6 31 300   M    M   3 1      42 300
================================================================================
SM 1505  667       469   0  0.72    M    288.3          M       77
================================================================================
AV 62.7 27.8                              12.0 FASTST   M    M   3    MAX(MPH)
                                 MISC ---->  # 52 360               # 64  360
================================================================================
NOTES:
# LAST OF SEVERAL OCCURRENCES

COLUMN 17 PEAK WIND IN M.P.H.

PRELIMINARY LOCAL CLIMATOLOGICAL DATA (WS FORM: F-6) , PAGE 2

                                          STATION:  LIMON CO
                                          MONTH:    APRIL
                                          YEAR:     2015
                                          LATITUDE:   39 10 N
                                          LONGITUDE: 103 42 W

[TEMPERATURE DATA]      [PRECIPITATION DATA]       SYMBOLS USED IN COLUMN 16

AVERAGE MONTHLY: 45.2   TOTAL FOR MONTH:   0.72    1 = FOG OR MIST
DPTR FM NORMAL:     M   DPTR FM NORMAL:       M    2 = FOG REDUCING VISIBILITY
HIGHEST:    75 ON  6    GRTST 24HR  0.38 ON 18-19      TO 1/4 MILE OR LESS
LOWEST:     20 ON 13, 4                            3 = THUNDER
                        SNOW, ICE PELLETS, HAIL    4 = ICE PELLETS
                        TOTAL MONTH:    M          5 = HAIL
                        GRTST 24HR    M  ON   M    6 = FREEZING RAIN OR DRIZZLE
                        GRTST DEPTH:  M  ON   M    7 = DUSTSTORM OR SANDSTORM:
                                                       VSBY 1/2 MILE OR LESS
                                                   8 = SMOKE OR HAZE
[NO. OF DAYS WITH]      [WEATHER - DAYS WITH]      9 = BLOWING SNOW
                                                   X = TORNADO
MAX 32 OR BELOW:   0    0.01 INCH OR MORE:   7
MAX 90 OR ABOVE:   0    0.10 INCH OR MORE:   3
MIN 32 OR BELOW:  19    0.50 INCH OR MORE:   0
MIN  0 OR BELOW:   0    1.00 INCH OR MORE:   0

[HDD (BASE 65) ]
TOTAL THIS MO.   469    CLEAR  (SCALE 0-3)  13
DPTR FM NORMAL     M    PTCLDY (SCALE 4-7)  10
TOTAL FM JUL 1  6150    CLOUDY (SCALE 8-10)  1
DPTR FM NORMAL     M

[CDD (BASE 65) ]
TOTAL THIS MO.     0
DPTR FM NORMAL     M    [PRESSURE DATA]
TOTAL FM JAN 1     0    HIGHEST SLP M ON M
DPTR FM NORMAL     M    LOWEST  SLP 29.32 ON  8

[REMARKS]
