000
CXUS56 KHNX 011146
CF6MCE
PRELIMINARY LOCAL CLIMATOLOGICAL DATA (WS FORM: F-6)

                                          STATION:   MERCED CA AIRPORT
                                          MONTH:     MARCH
                                          YEAR:      2015
                                          LATITUDE:   37 16 N
                                          LONGITUDE: 120 36 W

  TEMPERATURE IN F:       :PCPN:    SNOW:  WIND      :SUNSHINE: SKY     :PK WND
================================================================================
1   2   3   4   5  6A  6B    7    8   9   10  11  12  13   14  15   16   17  18
                                     12Z  AVG MX 2MIN
DY MAX MIN AVG DEP HDD CDD  WTR  SNW DPTH SPD SPD DIR MIN PSBL S-S WX    SPD DR
================================================================================

 1   M   M   M   M   M   M    T  0.0    0  2.1  8 320   M    M   1         M  M
 2   M   M   M   M   M   M 0.08  0.0    0  7.1 15 120   M    M   6 3      17 220
 3  64  32  48  -4  17   0 0.00  0.0    0  5.3 15 330   M    M   1 12     21 340
 4  68  34  51  -1  14   0 0.00  0.0    0  1.6  8 300   M    M   0 1      11 340
 5  72  32  52   0  13   0 0.00  0.0    0  2.1 12 320   M    M   0 8      14 320
 6  72  34  53   0  12   0 0.00  0.0    0  2.2 10 360   M    M   0 1      14 350
 7  75  38  57   4   8   0 0.00  0.0    0  2.4  9 130   M    M   0        12 130
 8  76  41  59   6   6   0 0.00  0.0    0  3.4 12 360   M    M   0 18     15 320
 9  75  40  58   5   7   0 0.00  0.0    0  2.7  7 160   M    M   0 18     10 250
10  78  46  62   9   3   0    T  0.0    0  4.1 10 140   M    M   0 18     14 200
11  73  56  65  12   0   0 0.11  0.0    0  7.2 16 330   M    M   5 18     20 330
12  74  50  62   9   3   0 0.00  0.0    0  7.3 15 350   M    M   0 1      20 330
13  78  45  62   9   3   0 0.00  0.0    0  3.0  9 150   M    M   0 18     12 150
14  84  50  67  14   0   2 0.00  0.0    0  3.1 12  90   M    M   0 18     13  90
15  88  53  71  18   0   6    T  0.0    0  8.3 23 330   M    M   0        32 320
16  75  48  62   8   3   0 0.00  0.0    0  8.0 14 340   M    M   0        20  40
17  74  51  63   9   2   0 0.00  0.0    0  8.4 17 310   M    M   1        22 320
18  76  44  60   6   5   0 0.00  0.0    0  5.8 15 320   M    M   0        20 300
19  80  41  61   7   4   0 0.00  0.0    0  3.5 10 350   M    M   0        13 350
20  81  43  62   8   3   0 0.00  0.0    0  5.4 17 330   M    M   0        21 340
21  77  45  61   7   4   0 0.00  0.0    0  6.7 15 330   M    M   0        18 330
22  75  52  64  10   1   0 0.00  0.0    0  7.2 18 270   M    M   2        24 260
23  70  48  59   5   6   0    T  0.0    0 10.0 20 330   M    M   2        23 340
24  71  46  59   5   6   0 0.00  0.0    0 12.7 25 340   M    M   0        30 340
25  76  43  60   6   5   0 0.00  0.0    0  4.5 18 300   M    M   0 1       M  M
26  85  45  65  10   0   0 0.00  0.0    0  2.8  8 170   M    M   0        14 110
27  88  47  68  13   0   3 0.00    M    0  6.6 18 340   M    M   0 1      25  10
28  81  52  67  12   0   2 0.00  0.0    0  9.9 20 340   M    M   0        25 340
29  84  44  64   9   1   0 0.00  0.0    0  5.2 13 340   M    M   0        18 330
30  87  44  66  11   0   1 0.00  0.0    0  4.3 14 340   M    M   0        17 350
31  75  47  61   6   4   0 0.00  0.0    0 12.8 24 340   M    M   0        34 310
================================================================================
SM 2232 1291       130  14  0.19     0.0 175.7          M       18
================================================================================
AV 77.0 44.5                               5.7 FASTST   M    M   1    MAX(MPH)
                                 MISC ---->  # 25 340               # 34  310
================================================================================
NOTES:
# LAST OF SEVERAL OCCURRENCES

COLUMN 17 PEAK WIND IN M.P.H.

PRELIMINARY LOCAL CLIMATOLOGICAL DATA (WS FORM: F-6) , PAGE 2

                                          STATION:  MERCED CA AIRPORT
                                          MONTH:    MARCH
                                          YEAR:     2015
                                          LATITUDE:   37 16 N
                                          LONGITUDE: 120 36 W

[TEMPERATURE DATA]      [PRECIPITATION DATA]       SYMBOLS USED IN COLUMN 16

AVERAGE MONTHLY: 60.7   TOTAL FOR MONTH:   0.19    1 = FOG OR MIST
DPTR FM NORMAL:   7.1   DPTR FM NORMAL:   -1.88    2 = FOG REDUCING VISIBILITY
HIGHEST:    88 ON 27,15 GRTST 24HR  0.11 ON 11-11      TO 1/4 MILE OR LESS
LOWEST:     32 ON  5, 3                            3 = THUNDER
                        SNOW, ICE PELLETS, HAIL    4 = ICE PELLETS
                        TOTAL MONTH:   0.0 INCH    5 = HAIL
                        GRTST 24HR     0.0         6 = FREEZING RAIN OR DRIZZLE
                        GRTST DEPTH:   0           7 = DUSTSTORM OR SANDSTORM:
                                                       VSBY 1/2 MILE OR LESS
                                                   8 = SMOKE OR HAZE
[NO. OF DAYS WITH]      [WEATHER - DAYS WITH]      9 = BLOWING SNOW
                                                   X = TORNADO
MAX 32 OR BELOW:   0    0.01 INCH OR MORE:   2
MAX 90 OR ABOVE:   0    0.10 INCH OR MORE:   1
MIN 32 OR BELOW:   2    0.50 INCH OR MORE:   0
MIN  0 OR BELOW:   0    1.00 INCH OR MORE:   0

[HDD (BASE 65) ]
TOTAL THIS MO.   130    CLEAR  (SCALE 0-3)  29
DPTR FM NORMAL  -224    PTCLDY (SCALE 4-7)   2
TOTAL FM JUL 1  1594    CLOUDY (SCALE 8-10)  0
DPTR FM NORMAL  -930

[CDD (BASE 65) ]
TOTAL THIS MO.    14
DPTR FM NORMAL    14    [PRESSURE DATA]
TOTAL FM JAN 1    14    HIGHEST SLP 30.35 ON  5
DPTR FM NORMAL    14    LOWEST  SLP 29.88 ON 10

[REMARKS]
#FINAL-03-15#
