000
CXUS54 KBMX 261216
CF6MGM
PRELIMINARY LOCAL CLIMATOLOGICAL DATA (WS FORM: F-6)

                                          STATION:   MONTGOMERY
                                          MONTH:     APRIL
                                          YEAR:      2015
                                          LATITUDE:   32 17 N
                                          LONGITUDE:  86 24 W

  TEMPERATURE IN F:       :PCPN:    SNOW:  WIND      :SUNSHINE: SKY     :PK WND
================================================================================
1   2   3   4   5  6A  6B    7    8   9   10  11  12  13   14  15   16   17  18
                                     12Z  AVG MX 2MIN
DY MAX MIN AVG DEP HDD CDD  WTR  SNW DPTH SPD SPD DIR MIN PSBL S-S WX    SPD DR
================================================================================

 1  85  60  73  12   0   8    T  0.0    0  3.8 16 340   M    M   2        22 320
 2  84  63  74  13   0   9 0.00  0.0    0  6.5 16 200   M    M   1 1      22 200
 3  87  56  72  11   0   7 0.00  0.0    0  7.2 18 210   M    M   2 1      49 310
 4  73  50  62   1   3   0 0.57  0.0    0  8.9 18 340   M    M   3 13     23 360
 5  77  44  61  -1   4   0 0.00  0.0    0  5.7 17 100   M    M   1        24 200
 6  77  63  70   8   0   5 1.28  0.0    0  5.6 15 130   M    M   9 13     18 130
 7  82  62  72  10   0   7 0.00  0.0    0  2.8 14 330   M    M   4 12     17 340
 8  87  60  74  12   0   9 0.00  0.0    0  2.9 12 240   M    M   1 12     16 230
 9  88  63  76  14   0  11 0.00  0.0    0  5.0 15 170   M    M   2 1      23 160
10  80  67  74  11   0   9 0.94  0.0    0  4.5 17 340   M    M   5 13     23 330
11  82  61  72   9   0   7 0.00  0.0    0  3.5 13  20   M    M   2 1      16 350
12  75  57  66   3   0   1 0.19  0.0    0  5.1 13 100   M    M   5 1      15 110
13  77  68  73  10   0   8 0.64  0.0    0  7.1 15 160   M    M   9 1      20 160
14  80  66  73   9   0   8 0.40  0.0    0  3.6 15 260   M    M   8 138    20 270
15  81  67  74  10   0   9 0.02  0.0    0  2.4  8 270   M    M   6 1      10 260
16  70  62  66   2   0   1 0.89  0.0    0 10.3 17  80   M    M   9 13     21  80
17  66  60  63  -1   2   0 0.57  0.0    0  5.8 14  70   M    M  10 1      16 100
18  74  64  69   4   0   4 0.15  0.0    0  3.1 12 120   M    M   9 12     14 130
19  79  70  75  10   0  10 0.01  0.0    0  7.0 16 180   M    M   4        21 190
20  80  57  69   4   0   4 0.00  0.0    0  8.1 18 290   M    M   2        23 250
21  76  50  63  -2   2   0 0.00  0.0    0  5.0 14 300   M    M   0        17 290
22  83  50  67   1   0   2 0.00  0.0    0  3.9  9 280   M    M   1         M  M
23  80  58  69   3   0   4 0.00  0.0    0  4.6 12 350   M    M   3        14  20
24  80  55  68   2   0   3 0.00  0.0    0  4.3 15  60   M    M   1        18  60
25  85  64  75   9   0  10 0.13  0.0    0  7.5 20 200   M    M   3 13     30 170
================================================================================
SM 1988 1497        11 136  5.79     0.0 134.2          M      102
================================================================================
AV 79.5 59.9                               5.4 FASTST   M    M   4    MAX(MPH)
                                 MISC ---->  # 20 200               # 49  310
================================================================================
NOTES:
# LAST OF SEVERAL OCCURRENCES

COLUMN 17 PEAK WIND IN M.P.H.

PRELIMINARY LOCAL CLIMATOLOGICAL DATA (WS FORM: F-6) , PAGE 2

                                          STATION:  MONTGOMERY
                                          MONTH:    APRIL
                                          YEAR:     2015
                                          LATITUDE:   32 17 N
                                          LONGITUDE:  86 24 W

[TEMPERATURE DATA]      [PRECIPITATION DATA]       SYMBOLS USED IN COLUMN 16

AVERAGE MONTHLY: 69.7   TOTAL FOR MONTH:   5.79    1 = FOG OR MIST
DPTR FM NORMAL:   6.3   DPTR FM NORMAL:    2.32    2 = FOG REDUCING VISIBILITY
HIGHEST:    88 ON  9    GRTST 24HR  1.28 ON  6- 6      TO 1/4 MILE OR LESS
LOWEST:     44 ON  5                               3 = THUNDER
                        SNOW, ICE PELLETS, HAIL    4 = ICE PELLETS
                        TOTAL MONTH:   0.0 INCH    5 = HAIL
                        GRTST 24HR     0.0         6 = FREEZING RAIN OR DRIZZLE
                        GRTST DEPTH:   0           7 = DUSTSTORM OR SANDSTORM:
                                                       VSBY 1/2 MILE OR LESS
                                                   8 = SMOKE OR HAZE
[NO. OF DAYS WITH]      [WEATHER - DAYS WITH]      9 = BLOWING SNOW
                                                   X = TORNADO
MAX 32 OR BELOW:   0    0.01 INCH OR MORE:  12
MAX 90 OR ABOVE:   0    0.10 INCH OR MORE:  10
MIN 32 OR BELOW:   0    0.50 INCH OR MORE:   6
MIN  0 OR BELOW:   0    1.00 INCH OR MORE:   1

[HDD (BASE 65) ]
TOTAL THIS MO.    11    CLEAR  (SCALE 0-3)  13
DPTR FM NORMAL   -80    PTCLDY (SCALE 4-7)   7
TOTAL FM JUL 1  2133    CLOUDY (SCALE 8-10)  5
DPTR FM NORMAL   -85

[CDD (BASE 65) ]
TOTAL THIS MO.   136
DPTR FM NORMAL    83    [PRESSURE DATA]
TOTAL FM JAN 1   207    HIGHEST SLP M ON M
DPTR FM NORMAL   125    LOWEST  SLP 29.63 ON 25

[REMARKS]
