000
CXUS55 KTWC 200855
CF6OLS
PRELIMINARY LOCAL CLIMATOLOGICAL DATA (WS FORM: F-6)

                                          STATION:   NOGALES AZ AIRPORT
                                          MONTH:     APRIL
                                          YEAR:      2015
                                          LATITUDE:   31 25 N
                                          LONGITUDE: 110 51 W

  TEMPERATURE IN F:       :PCPN:    SNOW:  WIND      :SUNSHINE: SKY     :PK WND
================================================================================
1   2   3   4   5  6A  6B    7    8   9   10  11  12  13   14  15   16   17  18
                                     12Z  AVG MX 2MIN
DY MAX MIN AVG DEP HDD CDD  WTR  SNW DPTH SPD SPD DIR MIN PSBL S-S WX    SPD DR
================================================================================

 1  83  48  66   8   0   1 0.00  0.0    0  7.6 23 210   M    M   0        31 220
 2  83  45  64   6   1   0 0.00  0.0    0  7.6 24 220   M    M   0        31 210
 3  81  44  63   4   2   0 0.00  0.0    0  3.3 15 240   M    M   0        19 260
 4  83  47  65   6   0   0 0.00  0.0    0  5.0 20 230   M    M   0        25 220
 5  82  44  63   4   2   0 0.00  0.0    0  7.5 22 210   M    M   0        30 210
 6  80  43  62   3   3   0 0.00  0.0    0  9.1 24 210   M    M   0        33 220
 7  82  43  63   3   2   0 0.00  0.0    0  8.6 28 220   M    M   0        34 220
 8  77  45  61   1   4   0 0.00  0.0    0  6.6 17 260   M    M   0        23 270
 9  82  39  61   1   4   0 0.00  0.0    0  5.9 20 200   M    M   0        27 220
10  81  42  62   2   3   0 0.00  0.0    0  6.3 21 210   M    M   0        25 210
11  82  43  63   3   2   0 0.00  0.0    0 10.0 28 180   M    M   0        33 180
12  60  47  54  -7  11   0 0.39    M    0  5.7 15 150   M    M   8 1      20 140
13  78  43  61   0   4   0 0.00  0.0    0  5.7 17 110   M    M   2        22 110
14  81  49  65   4   0   0    T    M    0  4.1 15 350   M    M   0        22 360
15  80  48  64   2   1   0 0.00  0.0    0 10.7 29 220   M    M   1        37 210
16  71  40  56  -6   9   0 0.00  0.0    0  6.1 15 290   M    M   0        24 310
17  72  34  53  -9  12   0 0.00  0.0    0  4.5 16 300   M    M   0        23 310
18  77  38  58  -4   7   0 0.00  0.0    0  4.4 15 310   M    M   0        22 320
19  81  41  61  -1   4   0 0.00  0.0    0  4.1 14 240   M    M   0        19 260
================================================================================
SM 1496  823        71   1  0.39     0.0 122.8          M       11
================================================================================
AV 78.7 43.3                               6.5 FASTST   M    M   1    MAX(MPH)
                                 MISC ---->  # 29 220               # 37  210
================================================================================
NOTES:
# LAST OF SEVERAL OCCURRENCES

COLUMN 17 PEAK WIND IN M.P.H.

PRELIMINARY LOCAL CLIMATOLOGICAL DATA (WS FORM: F-6) , PAGE 2

                                          STATION:  NOGALES AZ AIRPORT
                                          MONTH:    APRIL
                                          YEAR:     2015
                                          LATITUDE:   31 25 N
                                          LONGITUDE: 110 51 W

[TEMPERATURE DATA]      [PRECIPITATION DATA]       SYMBOLS USED IN COLUMN 16

AVERAGE MONTHLY: 61.0   TOTAL FOR MONTH:   0.39    1 = FOG OR MIST
DPTR FM NORMAL:   0.8   DPTR FM NORMAL:   -0.01    2 = FOG REDUCING VISIBILITY
HIGHEST:    83 ON  4, 2 GRTST 24HR  0.39 ON 12-12      TO 1/4 MILE OR LESS
LOWEST:     34 ON 17                               3 = THUNDER
                        SNOW, ICE PELLETS, HAIL    4 = ICE PELLETS
                        TOTAL MONTH:   0.0 INCH    5 = HAIL
                        GRTST 24HR     0.0         6 = FREEZING RAIN OR DRIZZLE
                        GRTST DEPTH:   0           7 = DUSTSTORM OR SANDSTORM:
                                                       VSBY 1/2 MILE OR LESS
                                                   8 = SMOKE OR HAZE
[NO. OF DAYS WITH]      [WEATHER - DAYS WITH]      9 = BLOWING SNOW
                                                   X = TORNADO
MAX 32 OR BELOW:   0    0.01 INCH OR MORE:   1
MAX 90 OR ABOVE:   0    0.10 INCH OR MORE:   1
MIN 32 OR BELOW:   0    0.50 INCH OR MORE:   0
MIN  0 OR BELOW:   0    1.00 INCH OR MORE:   0

[HDD (BASE 65) ]
TOTAL THIS MO.    71    CLEAR  (SCALE 0-3)  18
DPTR FM NORMAL   -29    PTCLDY (SCALE 4-7)   1
TOTAL FM JUL 1  1590    CLOUDY (SCALE 8-10)  0
DPTR FM NORMAL  -510

[CDD (BASE 65) ]
TOTAL THIS MO.     1
DPTR FM NORMAL    -7    [PRESSURE DATA]
TOTAL FM JAN 1    18    HIGHEST SLP M ON M
DPTR FM NORMAL     5    LOWEST  SLP 29.69 ON  5

[REMARKS]
