000
CXUS53 KARX 270930
CF6OLZ
PRELIMINARY LOCAL CLIMATOLOGICAL DATA (WS FORM: F-6)

                                          STATION:   OELWEIN IA
                                          MONTH:     APRIL
                                          YEAR:      2015
                                          LATITUDE:   42 40 N
                                          LONGITUDE:  91 58 W

  TEMPERATURE IN F:       :PCPN:    SNOW:  WIND      :SUNSHINE: SKY     :PK WND
================================================================================
1   2   3   4   5  6A  6B    7    8   9   10  11  12  13   14  15   16   17  18
                                     12Z  AVG MX 2MIN
DY MAX MIN AVG DEP HDD CDD  WTR  SNW DPTH SPD SPD DIR MIN PSBL S-S WX    SPD DR
================================================================================

 1  79  41  60   M   5   0 0.00  0.0    0 18.7 33 180   M    M   0        45 190
 2  64  46  55   M  10   0 0.24  0.0    0 12.5 18 290   M    M   5 1      28 330
 3  46  28  37   M  28   0 0.00  0.0    0 15.2 25 320   M    M   6        33 320
 4  59  25  42   M  23   0 0.00  0.0    0 10.2 18 260   M    M   3        29 300
 5  68  39  54   M  11   0 0.00  0.0    0  9.3 14 200   M    M   2        18 210
 6  59  37  48   M  17   0    T  0.0    0  9.6 21  80   M    M   7 1      24  90
 7  50  39  45   M  20   0 0.14  0.0    0 17.5 23 100   M    M  10 1      31  90
 8  50  39  45   M  20   0 1.10  0.0    0 12.8 21 110   M    M  10 1      28 110
 9  54  36  45   M  20   0 0.53  0.0    0 15.1 27 320   M    M  10 12     35 320
10  50  34  42   M  23   0 0.00  0.0    0 16.2 33 310   M    M   4        41 300
11  66  32  49   M  16   0 0.00  0.0    0  9.9 15 180   M    M   0        22 200
12  66  43  55   M  10   0 0.00  0.0    0 17.2 31 180   M    M   2        44 180
13  63  41  52   M  13   0 0.10    M    0 14.3 29 310   M    M   2        35 300
14  66  36  51   M  14   0 0.00  0.0    0  4.4  8 110   M    M   0        12 110
15  68  45  57   M   8   0 0.00  0.0    0 13.5 22 130   M    M   2        28 120
16  72  48  60   M   5   0 0.00  0.0    0  6.8 16 100   M    M   8        13 290
17  77  50  64   M   1   0 0.00  0.0    0  3.5  7 320   M    M   3        12   0
18  79  52  66   M   0   1 0.18  0.0    0 14.1 24 110   M    M   4 1      31 110
19  64  45  55   M  10   0 0.55  0.0    0 12.6 27 330   M    M   7        37 330
20  46  37  42   M  23   0 0.26    M    0 24.7 32 320   M    M   8        43 320
21  46  36  41   M  24   0 0.00  0.0    0 22.2 33 300   M    M   7        39 290
22  50  32  41   M  24   0 0.00  0.0    0 20.0 33 310   M    M   2        38 320
23  55  27  41   M  24   0 0.00  0.0    0  7.7 14 300   M    M   0        18 310
24  48  36  42   M  23   0 0.39  0.0    0 15.8 23 120   M    M   9        29 120
25  52  39  46   M  19   0 0.00  0.0    0 15.3 24  70   M    M   9        32  70
26  59  34  47   M  18   0 0.00  0.0    0  8.0 12  60   M    M   0        16  40
================================================================================
SM 1556  997       409   1  3.49     0.0 347.1          M      120
================================================================================
AV 59.8 38.3                              13.4 FASTST   M    M   5    MAX(MPH)
                                 MISC ---->    33   M                 45    M
================================================================================
NOTES:
# LAST OF SEVERAL OCCURRENCES

COLUMN 17 PEAK WIND IN M.P.H.

PRELIMINARY LOCAL CLIMATOLOGICAL DATA (WS FORM: F-6) , PAGE 2

                                          STATION:  OELWEIN IA
                                          MONTH:    APRIL
                                          YEAR:     2015
                                          LATITUDE:   42 40 N
                                          LONGITUDE:  91 58 W

[TEMPERATURE DATA]      [PRECIPITATION DATA]       SYMBOLS USED IN COLUMN 16

AVERAGE MONTHLY: 49.1   TOTAL FOR MONTH:   3.49    1 = FOG OR MIST
DPTR FM NORMAL:     M   DPTR FM NORMAL:       M    2 = FOG REDUCING VISIBILITY
HIGHEST:    79 ON 18, 1 GRTST 24HR  1.10 ON  8- 8      TO 1/4 MILE OR LESS
LOWEST:     25 ON  4                               3 = THUNDER
                        SNOW, ICE PELLETS, HAIL    4 = ICE PELLETS
                        TOTAL MONTH:   0.0 INCH    5 = HAIL
                        GRTST 24HR     0.0         6 = FREEZING RAIN OR DRIZZLE
                        GRTST DEPTH:   0           7 = DUSTSTORM OR SANDSTORM:
                                                       VSBY 1/2 MILE OR LESS
                                                   8 = SMOKE OR HAZE
[NO. OF DAYS WITH]      [WEATHER - DAYS WITH]      9 = BLOWING SNOW
                                                   X = TORNADO
MAX 32 OR BELOW:   0    0.01 INCH OR MORE:   9
MAX 90 OR ABOVE:   0    0.10 INCH OR MORE:   9
MIN 32 OR BELOW:   5    0.50 INCH OR MORE:   3
MIN  0 OR BELOW:   0    1.00 INCH OR MORE:   1

[HDD (BASE 65) ]
TOTAL THIS MO.   409    CLEAR  (SCALE 0-3)  11
DPTR FM NORMAL     M    PTCLDY (SCALE 4-7)   8
TOTAL FM JUL 1  7157    CLOUDY (SCALE 8-10)  7
DPTR FM NORMAL     M

[CDD (BASE 65) ]
TOTAL THIS MO.     1
DPTR FM NORMAL     M    [PRESSURE DATA]
TOTAL FM JAN 1     1    HIGHEST SLP M ON M
DPTR FM NORMAL     M    LOWEST  SLP M ON M

[REMARKS]
