000
CXUS53 KIWX 180800
CF6SBN
PRELIMINARY LOCAL CLIMATOLOGICAL DATA (WS FORM: F-6)

                                          STATION:   SOUTH BEND
                                          MONTH:     APRIL
                                          YEAR:      2015
                                          LATITUDE:   41 42 N
                                          LONGITUDE:  86 19 W

  TEMPERATURE IN F:       :PCPN:    SNOW:  WIND      :SUNSHINE: SKY     :PK WND
================================================================================
1   2   3   4   5  6A  6B    7    8   9   10  11  12  13   14  15   16   17  18
                                     12Z  AVG MX 2MIN
DY MAX MIN AVG DEP HDD CDD  WTR  SNW DPTH SPD SPD DIR MIN PSBL S-S WX    SPD DR
================================================================================

 1  71  31  51   7  14   0 0.00  0.0    0  8.7 21 180   M    M   0        27 180
 2  64  40  52   8  13   0 0.24  0.0    0  8.9 20 310   M    M   6 12     26 250
 3  52  33  43  -1  22   0 0.00  0.0    0 10.0 23 350   M    M   8 12     27 340
 4  57  23  40  -5  25   0 0.00  0.0    0 10.5 29 240   M    M   2        38 240
 5  66  43  55  10  10   0 0.00  0.0    0 13.4 29 250   M    M   3        35 250
 6  65  43  54   8  11   0    T  0.0    0  6.4 14 200   M    M   7        17 160
 7  55  45  50   4  15   0 0.11  0.0    0 11.6 28 130   M    M  10 18     32 130
 8  62  43  53   7  12   0 0.02  0.0    0  9.9 22 120   M    M   9 18     27 110
 9  73  49  61  14   4   0 0.57  0.0    0 14.4 29 190   M    M   7 12     39 220
10  70  37  54   7  11   0 0.01  0.0    0 18.9 37 240   M    M   7        49 240
11  62  33  48   1  17   0 0.00  0.0    0  7.3 17 300   M    M   0        23 270
12  69  38  54   6  11   0 0.00  0.0    0  8.9 18 200   M    M   2        23 150
13  65  45  55   7  10   0 0.29  0.0    0 10.5 25 310   M    M   6 13     32 310
14  68  40  54   5  11   0 0.00  0.0    0  4.8 16 340   M    M   0 8      19 310
15  68  39  54   5  11   0    T  0.0    0 12.0 22 100   M    M   1        29 110
16  67  45  56   7   9   0 0.05  0.0    0  6.7 23 110   M    M   9        30 100
17  76  40  58   8   7   0 0.00  0.0    0  4.4 16 310   M    M   2 18     22 310
================================================================================
SM 1110  667       213   0  1.29     0.0 167.3          M       79
================================================================================
AV 65.3 39.2                               9.8 FASTST   M    M   5    MAX(MPH)
                                 MISC ---->  # 37 240               # 49  240
================================================================================
NOTES:
# LAST OF SEVERAL OCCURRENCES

COLUMN 17 PEAK WIND IN M.P.H.

PRELIMINARY LOCAL CLIMATOLOGICAL DATA (WS FORM: F-6) , PAGE 2

                                          STATION:  SOUTH BEND
                                          MONTH:    APRIL
                                          YEAR:     2015
                                          LATITUDE:   41 42 N
                                          LONGITUDE:  86 19 W

[TEMPERATURE DATA]      [PRECIPITATION DATA]       SYMBOLS USED IN COLUMN 16

AVERAGE MONTHLY: 52.3   TOTAL FOR MONTH:   1.29    1 = FOG OR MIST
DPTR FM NORMAL:   5.6   DPTR FM NORMAL:   -0.50    2 = FOG REDUCING VISIBILITY
HIGHEST:    76 ON 17    GRTST 24HR  0.57 ON  8- 9      TO 1/4 MILE OR LESS
LOWEST:     23 ON  4                               3 = THUNDER
                        SNOW, ICE PELLETS, HAIL    4 = ICE PELLETS
                        TOTAL MONTH:   0.0 INCH    5 = HAIL
                        GRTST 24HR     0.0         6 = FREEZING RAIN OR DRIZZLE
                        GRTST DEPTH:   0           7 = DUSTSTORM OR SANDSTORM:
                                                       VSBY 1/2 MILE OR LESS
                                                   8 = SMOKE OR HAZE
[NO. OF DAYS WITH]      [WEATHER - DAYS WITH]      9 = BLOWING SNOW
                                                   X = TORNADO
MAX 32 OR BELOW:   0    0.01 INCH OR MORE:   7
MAX 90 OR ABOVE:   0    0.10 INCH OR MORE:   4
MIN 32 OR BELOW:   2    0.50 INCH OR MORE:   1
MIN  0 OR BELOW:   0    1.00 INCH OR MORE:   0

[HDD (BASE 65) ]
TOTAL THIS MO.   213    CLEAR  (SCALE 0-3)   7
DPTR FM NORMAL  -103    PTCLDY (SCALE 4-7)   7
TOTAL FM JUL 1  6252    CLOUDY (SCALE 8-10)  3
DPTR FM NORMAL   392

[CDD (BASE 65) ]
TOTAL THIS MO.     0
DPTR FM NORMAL     0    [PRESSURE DATA]
TOTAL FM JAN 1     0    HIGHEST SLP M ON M
DPTR FM NORMAL    -1    LOWEST  SLP 29.53 ON M

[REMARKS]
