000
CXUS54 KSJT 180900
CF6SJT
PRELIMINARY LOCAL CLIMATOLOGICAL DATA (WS FORM: F-6)

                                          STATION:   SAN ANGELO
                                          MONTH:     APRIL
                                          YEAR:      2015
                                          LATITUDE:   31 21 N
                                          LONGITUDE: 100 30 W

  TEMPERATURE IN F:       :PCPN:    SNOW:  WIND      :SUNSHINE: SKY     :PK WND
================================================================================
1   2   3   4   5  6A  6B    7    8   9   10  11  12  13   14  15   16   17  18
                                     12Z  AVG MX 2MIN
DY MAX MIN AVG DEP HDD CDD  WTR  SNW DPTH SPD SPD DIR MIN PSBL S-S WX    SPD DR
================================================================================

 1  87  65  76  14   0  11    T  0.0    0 14.4 22 210   M    M   2        27 180
 2  93  65  79  17   0  14 0.00  0.0    0 15.6 24 180   M    M   0        35 200
 3  75  57  66   4   0   1    T  0.0    0 15.5 26 340   M    M   3 8      32  30
 4  64  49  57  -6   8   0 0.48  0.0    0 10.2 21  40   M    M   6 13     26  30
 5  80  52  66   3   0   1 0.00  0.0    0  6.8 15 140   M    M   5 1      19 140
 6  81  62  72   9   0   7    T  0.0    0 14.0 37 180   M    M   4        52 180
 7  90  65  78  14   0  13 0.00  0.0    0 11.4 22 200   M    M   2        27 210
 8  85  68  77  13   0  12 0.00  0.0    0 12.8 25 170   M    M   2        32 170
 9  88  65  77  13   0  12 0.00  0.0    0 10.8 20 300   M    M   0        26 210
10  81  56  69   5   0   4 0.00  0.0    0 12.5 20  60   M    M   0        25  70
11  76  58  67   2   0   2    T  0.0    0  8.4 17 180   M    M   3        22 180
12  88  61  75  10   0  10 0.06  0.0    0 10.1 30 260   M    M   5 3      37 280
13  78  54  66   1   0   1 0.05  0.0    0  6.9 26 290   M    M   5 3      33 290
14  66  50  58  -8   7   0 0.01  0.0    0  8.5 21  30   M    M   9 1      24  30
15  84  41  63  -3   2   0 0.00  0.0    0  8.6 18 180   M    M   0        26 170
16  84  59  72   6   0   7    T  0.0    0 12.7 39 230   M    M   1        49 240
17  77  57  67   1   0   2 1.13  0.0    0  7.6 35 130   M    M   5 13     43 120
================================================================================
SM 1377  984        17  97  1.73     0.0 186.8          M       52
================================================================================
AV 81.0 57.9                              11.0 FASTST   M    M   3    MAX(MPH)
                                 MISC ---->  # 39 230               # 52  180
================================================================================
NOTES:
# LAST OF SEVERAL OCCURRENCES

COLUMN 17 PEAK WIND IN M.P.H.

PRELIMINARY LOCAL CLIMATOLOGICAL DATA (WS FORM: F-6) , PAGE 2

                                          STATION:  SAN ANGELO
                                          MONTH:    APRIL
                                          YEAR:     2015
                                          LATITUDE:   31 21 N
                                          LONGITUDE: 100 30 W

[TEMPERATURE DATA]      [PRECIPITATION DATA]       SYMBOLS USED IN COLUMN 16

AVERAGE MONTHLY: 69.4   TOTAL FOR MONTH:   1.73    1 = FOG OR MIST
DPTR FM NORMAL:   5.3   DPTR FM NORMAL:    1.00    2 = FOG REDUCING VISIBILITY
HIGHEST:    93 ON  2    GRTST 24HR  1.13 ON 17-17      TO 1/4 MILE OR LESS
LOWEST:     41 ON 15                               3 = THUNDER
                        SNOW, ICE PELLETS, HAIL    4 = ICE PELLETS
                        TOTAL MONTH:   0.0 INCH    5 = HAIL
                        GRTST 24HR     0.0         6 = FREEZING RAIN OR DRIZZLE
                        GRTST DEPTH:   0           7 = DUSTSTORM OR SANDSTORM:
                                                       VSBY 1/2 MILE OR LESS
                                                   8 = SMOKE OR HAZE
[NO. OF DAYS WITH]      [WEATHER - DAYS WITH]      9 = BLOWING SNOW
                                                   X = TORNADO
MAX 32 OR BELOW:   0    0.01 INCH OR MORE:   5
MAX 90 OR ABOVE:   2    0.10 INCH OR MORE:   2
MIN 32 OR BELOW:   0    0.50 INCH OR MORE:   1
MIN  0 OR BELOW:   0    1.00 INCH OR MORE:   1

[HDD (BASE 65) ]
TOTAL THIS MO.    17    CLEAR  (SCALE 0-3)   9
DPTR FM NORMAL   -49    PTCLDY (SCALE 4-7)   7
TOTAL FM JUL 1  2150    CLOUDY (SCALE 8-10)  1
DPTR FM NORMAL  -134

[CDD (BASE 65) ]
TOTAL THIS MO.    97
DPTR FM NORMAL    46    [PRESSURE DATA]
TOTAL FM JAN 1   150    HIGHEST SLP M ON M
DPTR FM NORMAL    61    LOWEST  SLP 29.65 ON  8

[REMARKS]
