000
CXUS53 KTOP 210200
CF6TOP
PRELIMINARY LOCAL CLIMATOLOGICAL DATA (WS FORM: F-6)

                                          STATION:   Topeka KS
                                          MONTH:     APRIL
                                          YEAR:      2015
                                          LATITUDE:   39  4 N
                                          LONGITUDE:  95 38 W

  TEMPERATURE IN F:       :PCPN:    SNOW:  WIND      :SUNSHINE: SKY     :PK WND
================================================================================
1   2   3   4   5  6A  6B    7    8   9   10  11  12  13   14  15   16   17  18
                                     12Z  AVG MX 2MIN
DY MAX MIN AVG DEP HDD CDD  WTR  SNW DPTH SPD SPD DIR MIN PSBL S-S WX    SPD DR
================================================================================

 1  81  50  66  16   0   1 0.00  0.0    0 13.5 26 150   M    M   0        34 140
 2  70  53  62  11   3   0 0.11  0.0    0 11.8 30  10   M    M   5 3      36  10
 3  58  33  46  -5  19   0 0.08  0.0    0 13.8 25 270   M    M   4 3      33 260
 4  63  28  46  -5  19   0 0.00  0.0    0  7.1 21 170   M    M   0 12     26 210
 5  65  41  53   1  12   0 0.00  0.0    0 10.1 24 150   M    M   4 1      36 150
 6  69  51  60   8   5   0 0.00  0.0    0  9.8 16 170   M    M   8 1      21 170
 7  86  52  69  17   0   4 0.00  0.0    0 10.3 21 320   M    M   6 1      26 310
 8  78  50  64  11   1   0    T  0.0    0  7.5 33 200   M    M   8 18     49 200
 9  72  41  57   4   8   0 0.01  0.0    0 15.5 29 270   M    M   7 3      40 270
10  70  39  55   2  10   0 0.00  0.0    0  7.4 18 290   M    M   0        22 320
11  73  45  59   5   6   0    T  0.0    0  7.5 24 160   M    M   2        28 160
12  69  52  61   7   4   0 0.79  0.0    0 11.8 35 140   M    M   7 13     42 130
13  65  50  58   4   7   0 0.04  0.0    0  9.0 20  10   M    M   0 1      26  30
14  71  44  58   3   7   0 0.00  0.0    0  6.5 20  80   M    M   2        25  90
15  60  51  56   1   9   0    T  0.0    0 11.2 16 110   M    M  10         M  M
16  76  53  65  10   0   0 0.00  0.0    0  5.0 13 140   M    M   4 1      17 140
17  74  52  63   7   2   0 0.05  0.0    0  4.1 13 130   M    M   3 128    16 120
18  68  57  63   7   2   0 0.70  0.0    0  4.9 18 180   M    M   6 13     23 190
19  67  49  58   2   7   0 0.07    M    0 10.5 24 330   M    M   7 1      33 340
================================================================================
SM 1335  891       121   5  1.85     0.0 177.3          M       83
================================================================================
AV 70.3 46.9                               9.3 FASTST   M    M   4    MAX(MPH)
                                 MISC ---->  # 35 140               # 49  200
================================================================================
NOTES:
# LAST OF SEVERAL OCCURRENCES

COLUMN 17 PEAK WIND IN M.P.H.

PRELIMINARY LOCAL CLIMATOLOGICAL DATA (WS FORM: F-6) , PAGE 2

                                          STATION:  Topeka KS
                                          MONTH:    APRIL
                                          YEAR:     2015
                                          LATITUDE:   39  4 N
                                          LONGITUDE:  95 38 W

[TEMPERATURE DATA]      [PRECIPITATION DATA]       SYMBOLS USED IN COLUMN 16

AVERAGE MONTHLY: 58.6   TOTAL FOR MONTH:   1.85    1 = FOG OR MIST
DPTR FM NORMAL:   5.3   DPTR FM NORMAL:   -0.21    2 = FOG REDUCING VISIBILITY
HIGHEST:    86 ON  7    GRTST 24HR  0.81 ON 12-13      TO 1/4 MILE OR LESS
LOWEST:     28 ON  4                               3 = THUNDER
                        SNOW, ICE PELLETS, HAIL    4 = ICE PELLETS
                        TOTAL MONTH:   0.0 INCH    5 = HAIL
                        GRTST 24HR     0.0         6 = FREEZING RAIN OR DRIZZLE
                        GRTST DEPTH:   0           7 = DUSTSTORM OR SANDSTORM:
                                                       VSBY 1/2 MILE OR LESS
                                                   8 = SMOKE OR HAZE
[NO. OF DAYS WITH]      [WEATHER - DAYS WITH]      9 = BLOWING SNOW
                                                   X = TORNADO
MAX 32 OR BELOW:   0    0.01 INCH OR MORE:   8
MAX 90 OR ABOVE:   0    0.10 INCH OR MORE:   3
MIN 32 OR BELOW:   1    0.50 INCH OR MORE:   2
MIN  0 OR BELOW:   0    1.00 INCH OR MORE:   0

[HDD (BASE 65) ]
TOTAL THIS MO.   121    CLEAR  (SCALE 0-3)   7
DPTR FM NORMAL  -114    PTCLDY (SCALE 4-7)  10
TOTAL FM JUL 1  4675    CLOUDY (SCALE 8-10)  2
DPTR FM NORMAL  -155

[CDD (BASE 65) ]
TOTAL THIS MO.     5
DPTR FM NORMAL    -7    [PRESSURE DATA]
TOTAL FM JAN 1     5    HIGHEST SLP M ON M
DPTR FM NORMAL   -10    LOWEST  SLP 29.51 ON  9

[REMARKS]
