000
CDUS41 KBTV 190536
CLI1V4


CLIMATE REPORT
NATIONAL WEATHER SERVICE BURLINGTON VT
135 AM EDT SUN APR 19 2015


...................................

...THE ST. JOHNSBURY VT CLIMATE SUMMARY FOR APRIL 18 2015...

CLIMATE NORMAL PERIOD 1981 TO 2010
CLIMATE RECORD PERIOD 1894 TO 2015


WEATHER ITEM   OBSERVED TIME   RECORD YEAR NORMAL DEPARTURE LAST
                VALUE   (LST)  VALUE       VALUE  FROM      YEAR
                                                  NORMAL
..................................................................
TEMPERATURE (F)
 YESTERDAY
  MAXIMUM         65        MM  87    1976  58      7       50
  MINIMUM         32        MM  18    1985  34     -2       24
  AVERAGE         49                        46      3       37

PRECIPITATION (IN)
  YESTERDAY        0.04          0.88 1967   0.10  -0.06     0.00
  MONTH TO DATE    1.32                      1.68  -0.36     2.48
  SINCE MAR 1      2.69                      4.19  -1.50     5.35
  SINCE JAN 1      7.25                      8.87  -1.62    10.48

DEGREE DAYS
 HEATING
  YESTERDAY       16                        19     -3       28
  MONTH TO DATE  450                       418     32      447
  SINCE MAR 1   1724                      1494    230     1868
  SINCE JUL 1   7789                      7218    571     7900

 COOLING
  YESTERDAY        0                         0      0        0
  MONTH TO DATE    0                         0      0        0
  SINCE MAR 1      0                         0      0        0
  SINCE JAN 1      0                         0      0        0
..................................................................


WIND (MPH)
  HIGHEST WIND SPEED    MM   HIGHEST WIND DIRECTION    MM
  HIGHEST GUST SPEED    MM   HIGHEST GUST DIRECTION    MM
  AVERAGE WIND SPEED    MM


SKY COVER
  AVERAGE SKY COVER 0.0


WEATHER CONDITIONS
 THE FOLLOWING WEATHER WAS RECORDED YESTERDAY.
  NO SIGNIFICANT WEATHER WAS OBSERVED.


RELATIVE HUMIDITY (PERCENT)
 HIGHEST    96           400 AM
 LOWEST     32          1100 AM
 AVERAGE    64

..........................................................


THE ST. JOHNSBURY VT CLIMATE NORMALS FOR TODAY
                         NORMAL    RECORD    YEAR
 MAXIMUM TEMPERATURE (F)   58        90      1976
 MINIMUM TEMPERATURE (F)   34        18      1926


SUNRISE AND SUNSET
APRIL 19 2015.........SUNRISE   558 AM EDT   SUNSET   737 PM EDT
APRIL 20 2015.........SUNRISE   556 AM EDT   SUNSET   738 PM EDT


-  INDICATES NEGATIVE NUMBERS.
R  INDICATES RECORD WAS SET OR TIED.
MM INDICATES DATA IS MISSING.
T  INDICATES TRACE AMOUNT.




$$
