000
CDUS43 KUNR 070836
CLI2WX


CLIMATE REPORT
NATIONAL WEATHER SERVICE RAPID CITY SD
236 AM MDT THU MAY 7 2015


...................................

...THE BUFFALO SD CLIMATE SUMMARY FOR MAY 6 2015...

CLIMATE NORMAL PERIOD 1981 TO 2010
CLIMATE RECORD PERIOD 9999 TO 9999


WEATHER ITEM   OBSERVED TIME   NORMAL DEPARTURE LAST
                VALUE   (LST)  VALUE  FROM      YEAR
                                      NORMAL
......................................................
TEMPERATURE (F)
 YESTERDAY
  MAXIMUM         61    113 PM  63     -2       63
  MINIMUM         48   1159 PM  38     10       45
  AVERAGE         55            50      5       54

PRECIPITATION (IN)
  YESTERDAY        0.29          0.04   0.25     0.17
  MONTH TO DATE    0.29          0.30  -0.01     0.18
  SINCE MAR 1      1.54          2.62  -1.08     2.28
  SINCE JAN 1      2.01          3.19  -1.18     2.86

DEGREE DAYS
 HEATING
  YESTERDAY       10            15     -5       11
  MONTH TO DATE   53            93    -40       99
  SINCE MAR 1   1356          1749   -393     1903
  SINCE JUL 1   6814          7546   -732     7960

 COOLING
  YESTERDAY        0             0      0        0
  MONTH TO DATE    0             0      0        0
  SINCE MAR 1      0             0      0        0
  SINCE JAN 1      0             0      0        0
......................................................


WIND (MPH)
  HIGHEST WIND SPEED    33   HIGHEST WIND DIRECTION    NW (330)
  HIGHEST GUST SPEED    40   HIGHEST GUST DIRECTION    NW (330)
  AVERAGE WIND SPEED    18.2




RELATIVE HUMIDITY (PERCENT)
 HIGHEST    93           400 AM
 LOWEST     80          1200 AM
 AVERAGE    87

..........................................................




SUNRISE AND SUNSET
MAY  7 2015...........SUNRISE   534 AM MDT   SUNSET   809 PM MDT
MAY  8 2015...........SUNRISE   532 AM MDT   SUNSET   810 PM MDT


-  INDICATES NEGATIVE NUMBERS.
R  INDICATES RECORD WAS SET OR TIED.
MM INDICATES DATA IS MISSING.
T  INDICATES TRACE AMOUNT.




$$
