000
CDUS42 KTAE 250633
CLIABY


CLIMATE REPORT
NATIONAL WEATHER SERVICE TALLAHASSEE FL
233 AM EDT SAT APR 25 2015


...................................

...THE ALBANY CLIMATE SUMMARY FOR APRIL 24 2015...

CLIMATE NORMAL PERIOD 1981 TO 2010
CLIMATE RECORD PERIOD 1930 TO 2015


WEATHER ITEM   OBSERVED TIME   RECORD YEAR NORMAL DEPARTURE LAST
                VALUE   (LST)  VALUE       VALUE  FROM      YEAR
                                                  NORMAL
..................................................................
TEMPERATURE (F)
 YESTERDAY
  MAXIMUM         82    321 PM  91    2011  81      1       85
                                      2009
  MINIMUM         60    632 AM  32    1986  55      5       58
  AVERAGE         71                        68      3       72

PRECIPITATION (IN)
  YESTERDAY        0.00                      0.09  -0.09      T
  MONTH TO DATE    4.06                      3.16   0.90     6.10
  SINCE MAR 1      6.23                      8.21  -1.98     8.90
  SINCE JAN 1     13.56                     17.19  -3.63    14.14

SNOWFALL (IN)
  YESTERDAY        0.0

DEGREE DAYS
 HEATING
  YESTERDAY        0                         1     -1        0
  MONTH TO DATE    0                        61    -61       70
  SINCE MAR 1    118                       270   -152      338
  SINCE JUL 1   1842                      1830     12     1934

 COOLING
  YESTERDAY        6                         4      2        7
  MONTH TO DATE  156                        71     85       50
  SINCE MAR 1    222                       100    122       53
  SINCE JAN 1    224                       109    115       57
..................................................................


WIND (MPH)
  HIGHEST WIND SPEED    14   HIGHEST WIND DIRECTION     E (70)
  HIGHEST GUST SPEED    15   HIGHEST GUST DIRECTION     E (70)
  AVERAGE WIND SPEED     3.5




RELATIVE HUMIDITY (PERCENT)
 HIGHEST    73
 LOWEST     28
 AVERAGE    51

..........................................................


THE ALBANY CLIMATE NORMALS FOR TODAY
                         NORMAL    RECORD    YEAR
 MAXIMUM TEMPERATURE (F)   82        92      1958
 MINIMUM TEMPERATURE (F)   56        37      1986


SUNRISE AND SUNSET
APRIL 25 2015.........SUNRISE   658 AM EDT   SUNSET   812 PM EDT
APRIL 26 2015.........SUNRISE   657 AM EDT   SUNSET   813 PM EDT


-  INDICATES NEGATIVE NUMBERS.
R  INDICATES RECORD WAS SET OR TIED.
MM INDICATES DATA IS MISSING.
T  INDICATES TRACE AMOUNT.




$$
