000
CDUS42 KCAE 202125
CLIAGS


CLIMATE REPORT
NATIONAL WEATHER SERVICE COLUMBIA SC
524 PM EDT MON APR 20 2015


...................................

...THE AUGUSTA BUSH FIELD GA CLIMATE SUMMARY FOR APRIL 20 2015...
VALID TODAY AS OF 0500 PM LOCAL TIME.

CLIMATE NORMAL PERIOD 1981 TO 2010
CLIMATE RECORD PERIOD 1873 TO 2015


WEATHER ITEM   OBSERVED TIME   RECORD YEAR NORMAL DEPARTURE LAST
                VALUE   (LST)  VALUE       VALUE  FROM      YEAR
                                                  NORMAL
..................................................................
TEMPERATURE (F)
 TODAY
  MAXIMUM         75   1022 AM  94    1925  78     -3       74
  MINIMUM         60    342 AM  27    1983  49     11       50
  AVERAGE         68                        64      4       62

PRECIPITATION (IN)
  TODAY            0.00          2.37 1900   0.09  -0.09     0.02
  MONTH TO DATE    3.87                      2.00   1.87     4.24
  SINCE MAR 1      6.91                      6.18   0.73     6.80
  SINCE JAN 1     13.71                     14.01  -0.30    13.01

SNOWFALL (IN)
  TODAY            0.0          MM      MM   0.0             0.0
  MONTH TO DATE    0.0                       0.0             0.0
  SINCE MAR 1      0.0                       0.0             0.0
  SINCE JUL 1      T                         0.9             3.3

DEGREE DAYS
 HEATING
  TODAY            0                         3     -3        3
  MONTH TO DATE   26                        98    -72       95
  SINCE MAR 1    239                       394   -155      495
  SINCE JUL 1   2525                      2426     99     2657

 COOLING
  TODAY            3                         2      1        0
  MONTH TO DATE   92                        28     64       18
  SINCE MAR 1    104                        43     61       18
  SINCE JAN 1    104                        46     58       20
..................................................................


WIND (MPH)
  HIGHEST WIND SPEED    18   HIGHEST WIND DIRECTION    SW (210)
  HIGHEST GUST SPEED    27   HIGHEST GUST DIRECTION    SW (230)
  AVERAGE WIND SPEED     7.7


SKY COVER
  AVERAGE SKY COVER 0.5


WEATHER CONDITIONS
 THE FOLLOWING WEATHER WAS RECORDED TODAY.
  FOG


RELATIVE HUMIDITY (PERCENT)
 HIGHEST   100           500 AM
 LOWEST     73          1000 AM
 AVERAGE    87

..........................................................


THE AUGUSTA BUSH FIELD GA CLIMATE NORMALS FOR TOMORROW
                         NORMAL    RECORD    YEAR
 MAXIMUM TEMPERATURE (F)   79        92      2002
 MINIMUM TEMPERATURE (F)   49        30      1953


SUNRISE AND SUNSET
APRIL 20 2015.........SUNRISE   652 AM EDT   SUNSET   802 PM EDT
APRIL 21 2015.........SUNRISE   651 AM EDT   SUNSET   803 PM EDT


-  INDICATES NEGATIVE NUMBERS.
R  INDICATES RECORD WAS SET OR TIED.
MM INDICATES DATA IS MISSING.
T  INDICATES TRACE AMOUNT.




$$
