000
CDAK47 PANT 180921
CLIANN

CLIMATE REPORT
NATIONAL WEATHER SERVICE ANNETTE, AK
122 AM AKDT SAT APR 18 2015

...................................
...THE ANNETTE WSO AP CLIMATE SUMMARY FOR APRIL 17 2015...

CLIMATE NORMAL PERIOD  1981 TO  2010
CLIMATE RECORD PERIOD  1948 TO  2015

WEATHER ITEM   OBSERVED TIME    RECORD YEAR NORMAL DEPARTURE LAST
               VALUE    (LST)   VALUE       VALUE  FROM      YEAR
                                                   NORMAL
...................................................................
TEMPERATURE
YESTERDAY
 MAXIMUM            52  0346 PM    60  1967     51       1     46
 MINIMUM            39  0601 AM    29  2011     38       1     41
 AVERAGE            46                          44       2     44

PRECIPITATION
(INCHES)
 YESTERDAY           T           4.75  1956   0.21   -0.21   0.68
 MONTH TO DATE    6.71                        4.09    2.62   9.50
 SINCE MAR 1     16.79                       12.14    4.65  17.64
 SINCE JAN 1     37.85                       30.18    7.67  29.74

SNOWFALL
(INCHES)
 YESTERDAY         0.0              T  1987    0.0     0.0    0.0
 MONTH TO DATE       T                         1.1    -1.1    0.0
 SINCE MAR 1         T                         8.0    -8.0    0.3
 SINCE JUL 1      10.2                        34.5   -24.3   25.4
 SNOW DEPTH (IN)     0                                          0

DEGREE DAYS
 HEATING
  YESTERDAY         19                          21      -2     21
  MONTH TO DATE    354                         372     -18    381
  SINCE MAR 1     1003                        1156    -153   1248
  SINCE JUL 1     5087                        5694    -607   5737

 COOLING
  YESTERDAY          0                           0       0      0
  MONTH TO DATE      0                           0       0      0
  SINCE MAR 1        0                           0       0      0
  SINCE JAN 1        0                           0       0      0
...................................................................

WIND (MPH)
 HIGHEST WIND SPEED    12     HIGHEST WIND DIRECTION    240
 HIGHEST GUST SPEED    17     HIGHEST GUST DIRECTION    260
 AVERAGE WIND SPEED    MM

SKY COVER
  POSSIBLE SUNSHINE    MM          AVERAGE SKY COVER     MM

WEATHER CONDITIONS
 THE FOLLOWING WEATHER WAS RECORDED YESTERDAY.
  RAIN


RELATIVE HUMIDITY
 HIGHEST RH     MM PERCENT       MM
 LOWEST  RH     MM PERCENT       MM
 AVERAGE RH     MM PERCENT       MM
...................................................................

THE ANNETTE CLIMATE NORMALS FOR TODAY
                           NORMAL    RECORD   YEAR
 MAXIMUM TEMPERATURE (F)     51        61     1994
 MINIMUM TEMPERATURE (F)     39        29     1963

SUNRISE AND SUNSET
 APR 18 2015..........SUNRISE  5:36 AM      SUNSET  7:57 PM
 APR 19 2015..........SUNRISE  5:34 AM      SUNSET  7:59 PM

-  INDICATES NEGATIVE NUMBERS.
R  INDICATES RECORD HAS BEEN SET OR TIED.
MM INDICATES DATA IS MISSING.
T  INDICATES TRACE OF PRECIPITATION.

&&
-------------------------------------------------------------------

AMOUNT OF DAYLIGHT TODAY  (HOUR:MIN)........14 HOURS 21 MINUTES
GAIN/LOSS SINCE YESTERDAY (HOUR:MIN:SEC)....+0:04:21

$$
MM APR 15
