000
CDUS44 KLCH 260856
CLIARA


CLIMATE REPORT
NATIONAL WEATHER SERVICE LAKE CHARLES, LA
356 AM CDT SUN APR 26 2015


...................................

...THE NEW IBERIA CLIMATE SUMMARY FOR APRIL 25 2015...

CLIMATE NORMAL PERIOD 1981 TO 2010
CLIMATE RECORD PERIOD 1948 TO 2015


WEATHER ITEM   OBSERVED TIME   RECORD YEAR NORMAL DEPARTURE LAST
                VALUE   (LST)  VALUE       VALUE  FROM      YEAR
                                                  NORMAL
..................................................................
TEMPERATURE (F)
 YESTERDAY
  MAXIMUM         79    502 PM  90    1999  81     -2       88
  MINIMUM         67   1127 PM  47    1983  60      7       68
  AVERAGE         73                        70      3       78

PRECIPITATION (IN)
  YESTERDAY        0.77          4.10 1992   0.10   0.67     0.00
  MONTH TO DATE    8.66                      3.54   5.12     2.24
  SINCE MAR 1     12.54                      7.31   5.23     3.75
  SINCE JAN 1     19.00                     16.72   2.28    12.09

SNOWFALL (IN)
  YESTERDAY        0.0           0.0    MM  MM               0.0
  MONTH TO DATE    0.0                      MM               0.0
  SINCE MAR 1      T                        MM               0.0
  SINCE JUL 1      T                        MM               0.1

DEGREE DAYS
 HEATING
  YESTERDAY        0                         0      0        0
  MONTH TO DATE    0                        43    -43       43
  SINCE MAR 1     72                       191   -119      256
  SINCE JUL 1   1415                      1407      8     1780

 COOLING
  YESTERDAY        8                         6      2       13
  MONTH TO DATE  192                       103     89       99
  SINCE MAR 1    284                       155    129      122
  SINCE JAN 1    288                       186    102      140
..................................................................


WIND (MPH)
  RESULTANT WIND SPEED   5   RESULTANT WIND DIRECTION   S (200)
  HIGHEST WIND SPEED    30   HIGHEST WIND DIRECTION    NW (310)
  HIGHEST GUST SPEED    37   HIGHEST GUST DIRECTION    NW (320)
  AVERAGE WIND SPEED     6.7


SKY COVER
  POSSIBLE SUNSHINE  MM
  AVERAGE SKY COVER 0.4


WEATHER CONDITIONS
 THE FOLLOWING WEATHER WAS RECORDED YESTERDAY.
  THUNDERSTORM
  HEAVY RAIN
  RAIN
  LIGHT RAIN
  FOG
  FOG W/VISIBILITY <= 1/4 MILE
  HAZE


RELATIVE HUMIDITY (PERCENT)
 HIGHEST    97           900 PM
 LOWEST     71           500 PM
 AVERAGE    84

..........................................................


THE NEW IBERIA CLIMATE NORMALS FOR TODAY
                         NORMAL    RECORD    YEAR
 MAXIMUM TEMPERATURE (F)   82        90      1999
 MINIMUM TEMPERATURE (F)   60        48      1977


SUNRISE AND SUNSET
APRIL 26 2015.........SUNRISE   629 AM CDT   SUNSET   742 PM CDT
APRIL 27 2015.........SUNRISE   629 AM CDT   SUNSET   742 PM CDT


-  INDICATES NEGATIVE NUMBERS.
R  INDICATES RECORD WAS SET OR TIED.
MM INDICATES DATA IS MISSING.
T  INDICATES TRACE AMOUNT.




$$
