000
CDUS44 KEWX 060619
CLIATT


CLIMATE REPORT
NATIONAL WEATHER SERVICE AUSTIN/SAN ANTONIO, TX
119 AM CDT WED MAY 6 2015


...................................

...THE AUSTIN CAMP MABRY CLIMATE SUMMARY FOR MAY 5 2015...

CLIMATE NORMAL PERIOD 1981 TO 2010
CLIMATE RECORD PERIOD 1897 TO 2015


WEATHER ITEM   OBSERVED TIME   RECORD YEAR NORMAL DEPARTURE LAST
                VALUE   (LST)  VALUE       VALUE  FROM      YEAR
                                                  NORMAL
..................................................................
TEMPERATURE (F)
 YESTERDAY
  MAXIMUM         83    122 PM 100    1984  84     -1       92
  MINIMUM         66    420 AM  47    1944  64      2       60
                                      1935
  AVERAGE         75                        74      1

PRECIPITATION (IN)
  YESTERDAY        3.84R         2.79 1919   0.13   3.71     0.00
  MONTH TO DATE    3.84                      0.62   3.22     0.00
  SINCE MAR 1     10.98                      5.47   5.51     3.16
  SINCE JAN 1     16.50                      9.71   6.79     3.99

SNOWFALL (IN)
  YESTERDAY        0.0
  MONTH TO DATE    0.0
  SINCE MAR 1      T
  SINCE JUL 1      T
  SNOW DEPTH       0

DEGREE DAYS
 HEATING
  YESTERDAY        0                         0      0        0
  MONTH TO DATE    0                         0      0        0
  SINCE MAR 1    215                       200     15      275
  SINCE JUL 1   1698                      1537    161     1771

 COOLING
  YESTERDAY       10                         9      1       11
  MONTH TO DATE   37                        43     -6       38
  SINCE MAR 1    304                       268     36      262
  SINCE JAN 1    315                       295     20      303
..................................................................


WIND (MPH)
  HIGHEST WIND SPEED    20   HIGHEST WIND DIRECTION    SE (150)
  HIGHEST GUST SPEED    28   HIGHEST GUST DIRECTION    SE (140)
  AVERAGE WIND SPEED     7.2


SKY COVER
  AVERAGE SKY COVER 0.9


WEATHER CONDITIONS
 THE FOLLOWING WEATHER WAS RECORDED YESTERDAY.
  THUNDERSTORM
  HEAVY RAIN
  RAIN
  LIGHT RAIN
  FOG


RELATIVE HUMIDITY (PERCENT)
 HIGHEST   100           700 PM
 LOWEST     54           400 PM
 AVERAGE    77

..........................................................


THE AUSTIN CAMP MABRY CLIMATE NORMALS FOR TODAY
                         NORMAL    RECORD    YEAR
 MAXIMUM TEMPERATURE (F)   84        99      1984
 MINIMUM TEMPERATURE (F)   64        46      1917


SUNRISE AND SUNSET
MAY  6 2015...........SUNRISE   643 AM CDT   SUNSET   812 PM CDT
MAY  7 2015...........SUNRISE   643 AM CDT   SUNSET   812 PM CDT


-  INDICATES NEGATIVE NUMBERS.
R  INDICATES RECORD WAS SET OR TIED.
MM INDICATES DATA IS MISSING.
T  INDICATES TRACE AMOUNT.




$$
