000
CDUS42 KGSP 190631
CLIAVL

CLIMATE REPORT
NATIONAL WEATHER SERVICE GREENVILLE-SPARTANBURG SC
229 AM EDT SUN APR 19 2015


...................................

...THE ASHEVILLE NC CLIMATE SUMMARY FOR APRIL 18 2015...

CLIMATE NORMAL PERIOD 1981 TO 2010
CLIMATE RECORD PERIOD 1869 TO 2015


WEATHER ITEM   OBSERVED TIME   RECORD YEAR NORMAL DEPARTURE LAST
                VALUE   (LST)  VALUE       VALUE  FROM      YEAR
                                                  NORMAL
..................................................................
TEMPERATURE (F)
 YESTERDAY
  MAXIMUM         74   1241 PM  90    1896  69      5       54
  MINIMUM         58    605 AM  28    1905  43     15       38
  AVERAGE         66                        56     10       46

PRECIPITATION (IN)
  YESTERDAY        0.02          1.24 1969   0.11  -0.09     0.36
  MONTH TO DATE    3.38                      1.99   1.39     3.27
  SINCE MAR 1      5.50                      5.82  -0.32     5.57
  SINCE JAN 1     11.34                     13.25  -1.91    10.92

SNOWFALL (IN)
  YESTERDAY        0.0           2.0  1983   0.0             0.0
  MONTH TO DATE    0.0                       0.6             0.0
  SINCE MAR 1      T                         2.5             0.4
  SINCE JUL 1     13.3                       9.8             9.8
  SNOW DEPTH       0

DEGREE DAYS
 HEATING
  YESTERDAY        0                         9     -9       19
  MONTH TO DATE  113                       208    -95      199
  SINCE MAR 1    538                       763   -225      828
  SINCE JUL 1   3847                      3980   -133     4147

 COOLING
  YESTERDAY        1                         0      1        0
  MONTH TO DATE   19                         0     19        0
  SINCE MAR 1     19                         1     18        0
  SINCE JAN 1     19                         1     18        0
..................................................................


WIND (MPH)
  HIGHEST WIND SPEED    12   HIGHEST WIND DIRECTION     S (160)
  HIGHEST GUST SPEED    17   HIGHEST GUST DIRECTION    SE (150)
  AVERAGE WIND SPEED     3.4


SKY COVER
  POSSIBLE SUNSHINE  MM
  AVERAGE SKY COVER 0.8


WEATHER CONDITIONS
 THE FOLLOWING WEATHER WAS RECORDED YESTERDAY.
  LIGHT RAIN
  FOG


RELATIVE HUMIDITY (PERCENT)
 HIGHEST    93           300 AM
 LOWEST     53          1100 AM
 AVERAGE    73

..........................................................


THE ASHEVILLE NC CLIMATE NORMALS FOR TODAY
                         NORMAL    RECORD    YEAR
 MAXIMUM TEMPERATURE (F)   69        89      1896
 MINIMUM TEMPERATURE (F)   44        27      1983


SUNRISE AND SUNSET
APRIL 19 2015.........SUNRISE   653 AM EDT   SUNSET   806 PM EDT
APRIL 20 2015.........SUNRISE   652 AM EDT   SUNSET   807 PM EDT


-  INDICATES NEGATIVE NUMBERS.
R  INDICATES RECORD WAS SET OR TIED.
MM INDICATES DATA IS MISSING.
T  INDICATES TRACE AMOUNT.




$$
