000
CDAK48 PABE 271205
CLIBET

CLIMATE REPORT
NATIONAL WEATHER SERVICE BETHEL, AK
405 AM AKDT MON APR 27 2015

...................................
...THE BETHEL AP CLIMATE SUMMARY FOR APRIL 26 2015...

CLIMATE NORMAL PERIOD  1981 TO  2015
CLIMATE RECORD PERIOD  1923 TO  2015

WEATHER ITEM   OBSERVED TIME    RECORD YEAR NORMAL DEPARTURE LAST
               VALUE    (LST)   VALUE       VALUE  FROM      YEAR
                                                   NORMAL
...................................................................
TEMPERATURE
YESTERDAY
 MAXIMUM            51  0534 PM    58  1958     41      10     54
 MINIMUM            29  0724 AM    -4  1964     25       4     29
 AVERAGE            40                          33       7     42

PRECIPITATION
(INCHES)
 YESTERDAY        0.00           0.41  2009   0.02   -0.02   0.00
 MONTH TO DATE    1.05                        0.62    0.43   0.31
 SINCE MAR 1      1.55                        1.33    0.22   0.79
 SINCE JAN 1      2.59                        2.83   -0.24   2.37

SNOWFALL
(INCHES)
 YESTERDAY         0.0            2.4  1951    0.1    -0.1    0.0
 MONTH TO DATE     9.8                         5.2     4.6    1.0
 SINCE MAR 1      16.6                        13.4     3.2    5.7
 SINCE JUL 1      42.1                        59.2   -17.1   27.8
 SNOW DEPTH (IN)     T                                          0

DEGREE DAYS
 HEATING
  YESTERDAY         25                          32      -7     23
  MONTH TO DATE    944                        1018     -74    839
  SINCE MAR 1     2314                        2562    -248   2452
  SINCE JUL 1    10089                       11308   -1219   9927

 COOLING
  YESTERDAY          0                           0       0      0
  MONTH TO DATE      0                           0       0      0
  SINCE MAR 1        0                           0       0      0
  SINCE JAN 1        0                           0       0      0
...................................................................

WIND (MPH)
 HIGHEST WIND SPEED    21     HIGHEST WIND DIRECTION    330
 HIGHEST GUST SPEED    25     HIGHEST GUST DIRECTION    320
 AVERAGE WIND SPEED  12.2

SKY COVER
  POSSIBLE SUNSHINE    MM          AVERAGE SKY COVER     MM

WEATHER CONDITIONS
 THE FOLLOWING WEATHER WAS RECORDED YESTERDAY.
  NO SIGNIFICANT WEATHER WAS OBSERVED.

RELATIVE HUMIDITY
 HIGHEST RH     MM PERCENT       MM
 LOWEST  RH     MM PERCENT       MM
 AVERAGE RH     MM PERCENT       MM
...................................................................

THE BETHEL CLIMATE NORMALS FOR TODAY
                           NORMAL    RECORD   YEAR
 MAXIMUM TEMPERATURE (F)     41        59     2014
 MINIMUM TEMPERATURE (F)     26       -13     1924

SUNRISE AND SUNSET
 APR 27 2015..........SUNRISE  6:53 AM      SUNSET 10:40 PM
 APR 28 2015..........SUNRISE  6:50 AM      SUNSET 10:42 PM

-  INDICATES NEGATIVE NUMBERS.
R  INDICATES RECORD HAS BEEN SET OR TIED.
MM INDICATES DATA IS MISSING.
T  INDICATES TRACE OF PRECIPITATION.

&&
-------------------------------------------------------------------

AMOUNT OF DAYLIGHT TODAY  (HOUR:MIN)........15 HOURS 47 MINUTES
GAIN/LOSS SINCE YESTERDAY (HOUR:MIN:SEC)....+0:05:30

$$
*** APR 15
