000
CDUS45 KCYS 260339
CLIBFF


CLIMATE REPORT
NATIONAL WEATHER SERVICE CHEYENNE WY
939 PM MDT SAT APR 25 2015


...................................

...THE SCOTTSBLUFF NE AIRPORT CLIMATE SUMMARY FOR APRIL 25 2015...
VALID TODAY AS OF 0900 PM LOCAL TIME.

CLIMATE NORMAL PERIOD 1981 TO 2010
CLIMATE RECORD PERIOD 1871 TO 2015


WEATHER ITEM   OBSERVED TIME   RECORD YEAR NORMAL DEPARTURE LAST
                VALUE   (LST)  VALUE       VALUE  FROM      YEAR
                                                  NORMAL
..................................................................
TEMPERATURE (F)
 TODAY
  MAXIMUM         72    145 PM  86    1975  65      7       76
  MINIMUM         39    512 AM  21    2002  35      4       39
  AVERAGE         56                        50      6       58

PRECIPITATION (IN)
  TODAY            0.01          2.07 1935   0.06  -0.05     0.00
  MONTH TO DATE    2.53                      1.49   1.04     0.11
  SINCE MAR 1      2.80                      2.49   0.31     0.96
  SINCE JAN 1      3.64                      3.50   0.14     2.56

SNOWFALL (IN)
  TODAY           MM            17.6  1935   0.1   MM        0.0
  MONTH TO DATE    0.5                       4.9   -4.4      1.1
  SINCE JUL 1     43.7                      41.1    2.6     61.5
  SNOW DEPTH       0

DEGREE DAYS
 HEATING
  TODAY            9                        15     -6        7
  MONTH TO DATE  413                       480    -67      407
  SINCE MAR 1   1033                      1309   -276     1237
  SINCE JUL 1   5748                      6221   -473     6270

 COOLING
  TODAY            0                         0      0        0
  MONTH TO DATE    0                         0      0        0
  SINCE MAR 1      0                         0      0        0
  SINCE JAN 1      0                         0      0        0
..................................................................


WIND (MPH)
  HIGHEST WIND SPEED    25   HIGHEST WIND DIRECTION     W (260)
  HIGHEST GUST SPEED    32   HIGHEST GUST DIRECTION     W (270)
  AVERAGE WIND SPEED     7.0


SKY COVER
  AVERAGE SKY COVER 0.2


WEATHER CONDITIONS
 THE FOLLOWING WEATHER WAS RECORDED TODAY.
  THUNDERSTORM
  LIGHT RAIN
  HAZE


RELATIVE HUMIDITY (PERCENT)
 HIGHEST    96           200 AM
 LOWEST     29           100 PM
 AVERAGE    63

..........................................................


THE SCOTTSBLUFF NE AIRPORT CLIMATE NORMALS FOR TOMORROW
                         NORMAL    RECORD    YEAR
 MAXIMUM TEMPERATURE (F)   65        89      1981
 MINIMUM TEMPERATURE (F)   35        21      1932


SUNRISE AND SUNSET
APRIL 25 2015.........SUNRISE   559 AM MDT   SUNSET   746 PM MDT
APRIL 26 2015.........SUNRISE   558 AM MDT   SUNSET   747 PM MDT


-  INDICATES NEGATIVE NUMBERS.
R  INDICATES RECORD WAS SET OR TIED.
MM INDICATES DATA IS MISSING.
T  INDICATES TRACE AMOUNT.




$$
