000
CDUS46 KHNX 210821
CLIBFL


CLIMATE REPORT
NATIONAL WEATHER SERVICE SAN JOAQUIN VALLEY, CA
121 AM PDT TUE APR 21 2015


...................................

...THE BAKERSFIELD CLIMATE SUMMARY FOR APRIL 20 2015...

CLIMATE NORMAL PERIOD 1981 TO 2010
CLIMATE RECORD PERIOD 1889 TO 2015


WEATHER ITEM   OBSERVED TIME   RECORD YEAR NORMAL DEPARTURE
                VALUE   (LST)  VALUE       VALUE  FROM
                                                  NORMAL
...............................................................
TEMPERATURE (F)
 YESTERDAY
  MAXIMUM         88    356 PM  98    1906  76     12
  MINIMUM         58    356 AM  36    1904  51      7
  AVERAGE         73                        64      9

PRECIPITATION (IN)
  YESTERDAY        0.00          0.61 1957   0.01  -0.01
  MONTH TO DATE    0.06                      0.39  -0.33
  SINCE OCT 1      4.59                      5.96  -1.37
  SINCE JAN 1      1.92                      4.00  -2.08

SNOWFALL (IN)
  YESTERDAY        0.0
  MONTH TO DATE    0.0
  SINCE MAR 1      0.0
  SINCE JUL 1      0.0
  SNOW DEPTH       0

DEGREE DAYS
 HEATING
  YESTERDAY        0                               -4
  MONTH TO DATE   63                              -40
  SINCE MAR 1    147                             -195
  SINCE JUL 1   1282                             -834

 COOLING
  YESTERDAY        8                                6
  MONTH TO DATE   38                                9
  SINCE MAR 1    109                               71
  SINCE JAN 1    113                               75
...............................................................


WIND (MPH)
  HIGHEST WIND SPEED    16   HIGHEST WIND DIRECTION     W (290)
  HIGHEST GUST SPEED    22   HIGHEST GUST DIRECTION    NW (330)
  AVERAGE WIND SPEED     6.7




RELATIVE HUMIDITY (PERCENT)
 HIGHEST    40
 LOWEST     18
 AVERAGE    29

..........................................................


THE BAKERSFIELD CLIMATE NORMALS FOR TODAY
                         NORMAL    RECORD    YEAR
 MAXIMUM TEMPERATURE (F)   77        99      2009
                                             1931
 MINIMUM TEMPERATURE (F)   51        33      1904


SUNRISE AND SUNSET
APRIL 21 2015.........SUNRISE   616 AM PDT   SUNSET   734 PM PDT
APRIL 22 2015.........SUNRISE   615 AM PDT   SUNSET   735 PM PDT


-  INDICATES NEGATIVE NUMBERS.
R  INDICATES RECORD WAS SET OR TIED.
MM INDICATES DATA IS MISSING.
T  INDICATES TRACE AMOUNT.




$$
