000
CDUS44 KAMA 281436
CLIBGD


CLIMATE REPORT
NATIONAL WEATHER SERVICE AMARILLO TX
936 AM CDT TUE APR 28 2015


...................................

...THE BORGER CLIMATE SUMMARY FOR APRIL 28 2015...
VALID AS OF 0900 AM LOCAL TIME.

CLIMATE NORMAL PERIOD 1981 TO 2013
CLIMATE RECORD PERIOD 1949 TO 2015


WEATHER ITEM   OBSERVED TIME   RECORD YEAR NORMAL DEPARTURE LAST
                VALUE   (LST)  VALUE       VALUE  FROM      YEAR
                                                  NORMAL
..................................................................
TEMPERATURE (F)
 TODAY
  MINIMUM         43    702 AM  30    1994  49     -6       48

PRECIPITATION (IN)
  TODAY            T             2.41 1957   0.03  -0.03      T
  MONTH TO DATE    4.40                      1.46   2.94     0.13
  SINCE MAR 1      4.67                      2.87   1.80     0.20
  SINCE JAN 1      6.52                      4.08   2.44     0.58

SNOWFALL (IN)
  TODAY           MM             0.5  1994                   0.0
  MONTH TO DATE    0.0                                       1.1
  SINCE MAR 1      T                                         2.1
  SINCE JUL 1     17.5                                      14.7
  SNOW DEPTH       0

..................................................................


WIND (MPH)
  RESULTANT WIND SPEED   5   RESULTANT WIND DIRECTION   N (340)
  HIGHEST WIND SPEED    15   HIGHEST WIND DIRECTION     N (340)
  HIGHEST GUST SPEED    19   HIGHEST GUST DIRECTION     N (340)
  AVERAGE WIND SPEED     5.3


SKY COVER
  AVERAGE SKY COVER 0.6


WEATHER CONDITIONS
 THE FOLLOWING WEATHER WAS RECORDED TODAY.
  LIGHT RAIN


RELATIVE HUMIDITY (PERCENT)
 HIGHEST    96           200 AM
 LOWEST     65           600 AM
 AVERAGE    81

..........................................................


THE BORGER CLIMATE NORMALS FOR TOMORROW
                         NORMAL    RECORD    YEAR
 MAXIMUM TEMPERATURE (F)   76        96      2011
 MINIMUM TEMPERATURE (F)   49        30      1994


SUNRISE AND SUNSET
APRIL 28 2015.........SUNRISE   657 AM CDT   SUNSET   830 PM CDT
APRIL 29 2015.........SUNRISE   656 AM CDT   SUNSET   830 PM CDT


-  INDICATES NEGATIVE NUMBERS.
R  INDICATES RECORD WAS SET OR TIED.
MM INDICATES DATA IS MISSING.
T  INDICATES TRACE AMOUNT.




$$
