000
CDUS44 KBMX 020645
CLIBHM


CLIMATE REPORT
NATIONAL WEATHER SERVICE BIRMINGHAM, AL
142 AM CDT THU APR 2 2015


...................................

...THE BIRMINGHAM CLIMATE SUMMARY FOR APRIL 1 2015...

CLIMATE NORMAL PERIOD 1981 TO 2010
CLIMATE RECORD PERIOD 2014 TO 2015


WEATHER ITEM   OBSERVED TIME   RECORD YEAR NORMAL DEPARTURE LAST
                VALUE   (LST)  VALUE       VALUE  FROM      YEAR
                                                  NORMAL
..................................................................
TEMPERATURE (F)
 YESTERDAY
  MAXIMUM         80    435 PM  86    1974  71      9       81
  MINIMUM         55    509 AM  27    1987  47      8       52
  AVERAGE         68                        59      9       67

PRECIPITATION (IN)
  YESTERDAY        0.41          3.78 1920   0.16   0.25     0.00
  MONTH TO DATE    0.41                      0.16   0.25     0.00
  SINCE MAR 1      4.64                      5.39  -0.75     4.72
  SINCE JAN 1     13.34                     14.76  -1.42    11.65

SNOWFALL (IN)
  YESTERDAY        0.0                       0.0    0.0      0.0
  MONTH TO DATE    0.0                       0.0    0.0      0.0
  SINCE MAR 1      0.1                       0.6   -0.5      0.0
  SINCE JUL 1      0.8                       1.4   -0.6      5.0
  SNOW DEPTH       0

DEGREE DAYS
 HEATING
  YESTERDAY        0                         7     -7        0
  MONTH TO DATE    0                         7     -7        0
  SINCE MAR 1    259                       329    -70      373
  SINCE JUL 1   2725                      2519    206     2871

 COOLING
  YESTERDAY        3                         1      2        2
  MONTH TO DATE    3                         1      2        2
  SINCE MAR 1      8                        19    -11        2
  SINCE JAN 1      8                        23    -15        5
..................................................................


WIND (MPH)
  HIGHEST WIND SPEED    12   HIGHEST WIND DIRECTION    NW (330)
  HIGHEST GUST SPEED    13   HIGHEST GUST DIRECTION    NW (320)
  AVERAGE WIND SPEED     1.8


SKY COVER
  AVERAGE SKY COVER 0.6


WEATHER CONDITIONS
 THE FOLLOWING WEATHER WAS RECORDED YESTERDAY.
  THUNDERSTORM
  LIGHT RAIN
  FOG
  FOG W/VISIBILITY <= 1/4 MILE


RELATIVE HUMIDITY (PERCENT)
 HIGHEST   100           200 AM
 LOWEST     39           400 PM
 AVERAGE    70

..........................................................


THE BIRMINGHAM CLIMATE NORMALS FOR TODAY
                         NORMAL    RECORD    YEAR
 MAXIMUM TEMPERATURE (F)   71        86      2012
 MINIMUM TEMPERATURE (F)   47        28      1992


SUNRISE AND SUNSET
APRIL  2 2015.........SUNRISE   634 AM CDT   SUNSET   708 PM CDT
APRIL  3 2015.........SUNRISE   632 AM CDT   SUNSET   709 PM CDT


-  INDICATES NEGATIVE NUMBERS.
R  INDICATES RECORD WAS SET OR TIED.
MM INDICATES DATA IS MISSING.
T  INDICATES TRACE AMOUNT.




$$
