000
CDUS45 KBYZ 190933
CLIBIL


CLIMATE REPORT
NATIONAL WEATHER SERVICE BILLINGS MT
332 AM MDT SUN APR 19 2015


...................................

...THE BILLINGS MT CLIMATE SUMMARY FOR APRIL 18 2015...

CLIMATE NORMAL PERIOD 1981 TO 2010
CLIMATE RECORD PERIOD 1934 TO 2015


WEATHER ITEM   OBSERVED TIME   RECORD YEAR NORMAL DEPARTURE LAST
                VALUE   (LST)  VALUE       VALUE  FROM      YEAR
                                                  NORMAL
..................................................................
TEMPERATURE (F)
 YESTERDAY
  MAXIMUM         66   1148 AM  83    1936  58      8       62
  MINIMUM         35   1159 PM  18    1951  35      0       41
  AVERAGE         51                        47      4       52

PRECIPITATION (IN)
  YESTERDAY        0.00          0.97 2005   0.06  -0.06     0.17
  MONTH TO DATE    1.12                      0.94   0.18     0.26
  SINCE OCT 1      4.36                      5.27  -0.91     9.55
  SINCE JAN 1      2.79                      2.96  -0.17     4.66

SNOWFALL (IN)
  YESTERDAY        0.0           6.4  2002   0.3   -0.3      0.0
  MONTH TO DATE    5.9                       5.7    0.2      0.6
  SINCE MAR 1     11.3                      15.9   -4.6     11.2
  SINCE JUL 1     55.4                      50.4    5.0    101.4
  SNOW DEPTH       0

DEGREE DAYS
 HEATING
  YESTERDAY       14                        18     -4       13
  MONTH TO DATE  351                       372    -21      371
  SINCE MAR 1    907                      1217   -310     1338
  SINCE JUL 1   5548                      6182   -634     6611

 COOLING
  YESTERDAY        0                         0      0        0
  MONTH TO DATE    0                         0      0        0
  SINCE MAR 1      0                         0      0        0
  SINCE JAN 1      0                         0      0        0
..................................................................


WIND (MPH)
  HIGHEST WIND SPEED    31   HIGHEST WIND DIRECTION     N (360)
  HIGHEST GUST SPEED    38   HIGHEST GUST DIRECTION    NE (40)
  AVERAGE WIND SPEED    15.5


SKY COVER
  POSSIBLE SUNSHINE  MM
  AVERAGE SKY COVER 0.3


WEATHER CONDITIONS
 THE FOLLOWING WEATHER WAS RECORDED YESTERDAY.
  NO SIGNIFICANT WEATHER WAS OBSERVED.


RELATIVE HUMIDITY (PERCENT)
 HIGHEST    76           400 AM
 LOWEST     24          1100 AM
 AVERAGE    50

..........................................................


THE BILLINGS MT CLIMATE NORMALS FOR TODAY
                         NORMAL    RECORD    YEAR
 MAXIMUM TEMPERATURE (F)   59        87      1962
 MINIMUM TEMPERATURE (F)   36        11      1951


SUNRISE AND SUNSET
APRIL 19 2015.........SUNRISE   622 AM MDT   SUNSET   806 PM MDT
APRIL 20 2015.........SUNRISE   620 AM MDT   SUNSET   807 PM MDT


-  INDICATES NEGATIVE NUMBERS.
R  INDICATES RECORD WAS SET OR TIED.
MM INDICATES DATA IS MISSING.
T  INDICATES TRACE AMOUNT.





&&

...THE CLIMATE SUMMARY FOR SOUTHWEST BILLINGS FOR 18 APRIL 2015...

HIGH TEMPERATURE........................67
LOW TEMPERATURE.........................35

PRECIPITATION...........................0.00
MONTHLY PRECIPITATION TOTAL.............1.15
YEARLY PRECIPITATION TOTAL..............2.83

SNOWFALL................................0.0
MONTHLY SNOWFALL TOTAL..................2.4
TOTAL SNOWFALL SINCE JULY 1.............53.3

SNOW DEPTH AT MIDNIGHT..................0

$$
