000
CDUS41 KRLX 060719
CLIBKW


CLIMATE REPORT
NATIONAL WEATHER SERVICE CHARLESTON WV
317 AM EDT WED MAY 6 2015


...................................

...THE BECKLEY WV CLIMATE SUMMARY FOR MAY 5 2015...

CLIMATE NORMAL PERIOD 1981 TO 2010
CLIMATE RECORD PERIOD 1963 TO 2015


WEATHER ITEM   OBSERVED TIME   RECORD YEAR NORMAL DEPARTURE LAST
                VALUE   (LST)  VALUE       VALUE  FROM      YEAR
                                                  NORMAL
..................................................................
TEMPERATURE (F)
 YESTERDAY
  MAXIMUM         77    444 PM  88    1950  68      9       75
                                      1949
  MINIMUM         54    457 AM  24    1940  47      7       46
  AVERAGE         66                        57      9       61

PRECIPITATION (IN)
  YESTERDAY        0.00          1.47 1989   0.15  -0.15     0.06
  MONTH TO DATE    0.17                      0.70  -0.53     0.06
  SINCE JAN 1     18.97                     13.20   5.77    10.31

SNOWFALL (IN)
  YESTERDAY        0.0
  MONTH TO DATE    0.0
  SINCE SEP 1     66.2
  SNOW DEPTH       0

DEGREE DAYS
 HEATING
  YESTERDAY        0                         8     -8        4
  MONTH TO DATE   37                        43     -6       41
  SINCE MAR 1   1060                      1151    -91     1159
  SINCE JUL 1   5393                      5152    241     5367

 COOLING
  YESTERDAY        1                         0      1        0
  MONTH TO DATE    1                         0      1        0
  SINCE MAR 1      4                        10     -6        5
  SINCE JAN 1      4                        10     -6        5
..................................................................


WIND (MPH)
  HIGHEST WIND SPEED    14   HIGHEST WIND DIRECTION    NW (330)
  HIGHEST GUST SPEED    17   HIGHEST GUST DIRECTION    NW (330)
  AVERAGE WIND SPEED     4.6


SKY COVER
  POSSIBLE SUNSHINE  MM
  AVERAGE SKY COVER 0.4


WEATHER CONDITIONS
 THE FOLLOWING WEATHER WAS RECORDED YESTERDAY.
  THUNDERSTORM
  HAZE


RELATIVE HUMIDITY (PERCENT)
 HIGHEST    72           100 AM
 LOWEST     36           400 PM
 AVERAGE    54

..........................................................


THE BECKLEY WV CLIMATE NORMALS FOR TODAY
                         NORMAL    RECORD    YEAR
 MAXIMUM TEMPERATURE (F)   68        88      1950
 MINIMUM TEMPERATURE (F)   47        29      1957


SUNRISE AND SUNSET
MAY  6 2015...........SUNRISE   623 AM EDT   SUNSET   819 PM EDT
MAY  7 2015...........SUNRISE   622 AM EDT   SUNSET   820 PM EDT


-  INDICATES NEGATIVE NUMBERS.
R  INDICATES RECORD WAS SET OR TIED.
MM INDICATES DATA IS MISSING.
T  INDICATES TRACE AMOUNT.




$$
