000
CDUS41 KRNK 012126
CLIBLF


CLIMATE REPORT
NATIONAL WEATHER SERVICE BLACKSBURG VA
524 PM EDT WED APR 1 2015


...................................

...THE BLUEFIELD WV CLIMATE SUMMARY FOR APRIL 1 2015...
VALID TODAY AS OF 0500 PM LOCAL TIME.

CLIMATE NORMAL PERIOD 1981 TO 2010
CLIMATE RECORD PERIOD 1959 TO 2015


WEATHER ITEM   OBSERVED TIME   RECORD YEAR NORMAL DEPARTURE LAST
                VALUE   (LST)  VALUE       VALUE  FROM      YEAR
                                                  NORMAL
..................................................................
TEMPERATURE (F)
 TODAY
  MAXIMUM         64    332 PM  83    2010  60      4       76
  MINIMUM         36    618 AM  18    1987  41     -5       50
  AVERAGE         50                        50      0

PRECIPITATION (IN)
  TODAY            0.00          0.42 1996   0.10  -0.10     0.01
  MONTH TO DATE    0.00                      0.10  -0.10     0.01
  SINCE MAR 1      5.08                      3.61   1.47     1.97
  SINCE JAN 1      8.64                      9.27  -0.63     6.10

SNOWFALL (IN)
  TODAY            0.0
  MONTH TO DATE    0.0
  SINCE MAR 1      3.1
  SINCE JUL 1     39.7
  SNOW DEPTH       0

DEGREE DAYS
 HEATING
  TODAY           15                        15      0
  MONTH TO DATE   15                        15      0
  SINCE MAR 1    600                       631    -31
  SINCE JUL 1   4520                      4124    396

 COOLING
  TODAY            0                         0      0
  MONTH TO DATE    0                         0      0
  SINCE MAR 1      0                         4     -4
  SINCE JAN 1      0                         4     -4
..................................................................


WIND (MPH)
  HIGHEST WIND SPEED    18   HIGHEST WIND DIRECTION     N (360)
  HIGHEST GUST SPEED    23   HIGHEST GUST DIRECTION     N (20)
  AVERAGE WIND SPEED     6.6


SKY COVER
  POSSIBLE SUNSHINE  MM
  AVERAGE SKY COVER 0.0


WEATHER CONDITIONS
 THE FOLLOWING WEATHER WAS RECORDED TODAY.
  NO SIGNIFICANT WEATHER WAS OBSERVED.


RELATIVE HUMIDITY (PERCENT)
 HIGHEST    76           700 AM
 LOWEST     14           200 PM
 AVERAGE    45

..........................................................


THE BLUEFIELD WV CLIMATE NORMALS FOR TOMORROW
                         NORMAL    RECORD    YEAR
 MAXIMUM TEMPERATURE (F)   60        87      2010
 MINIMUM TEMPERATURE (F)   41        22      1992


SUNRISE AND SUNSET
APRIL  1 2015.........SUNRISE   711 AM EDT   SUNSET   747 PM EDT
APRIL  2 2015.........SUNRISE   709 AM EDT   SUNSET   748 PM EDT


-  INDICATES NEGATIVE NUMBERS.
R  INDICATES RECORD WAS SET OR TIED.
MM INDICATES DATA IS MISSING.
T  INDICATES TRACE AMOUNT.




$$
