000
CDUS45 KBOI 020121
CLIBNO


CLIMATE REPORT
NATIONAL WEATHER SERVICE BOISE ID
721 PM MDT WED APR 1 2015


...................................

...THE BURNS OR CLIMATE SUMMARY FOR APRIL 1 2015...
VALID TODAY AS OF 0600 PM LOCAL TIME.

CLIMATE NORMAL PERIOD 1981 TO 2010
CLIMATE RECORD PERIOD 1939 TO 2015


WEATHER ITEM   OBSERVED TIME   RECORD YEAR NORMAL DEPARTURE LAST
                VALUE   (LST)  VALUE       VALUE  FROM      YEAR
                                                  NORMAL
..................................................................
TEMPERATURE (F)
 TODAY
  MAXIMUM         48    246 PM  78    1966  54     -6       35
  MINIMUM         16    540 AM  14    2008  28    -12       30
  AVERAGE         32                        41     -9       33

PRECIPITATION (IN)
  TODAY            T             0.45 2014   0.03  -0.03     0.45
  MONTH TO DATE    T                         0.03  -0.03     0.45
  SINCE OCT 1      6.60                      6.83  -0.23     4.86
  SINCE JAN 1      2.10                      3.33  -1.23     3.89

DEGREE DAYS
 HEATING
  TODAY           33                        24      9       32
  MONTH TO DATE   33                        24      9       32
  SINCE MAR 1    715                       881   -166      816
  SINCE JUL 1   5189                      6409  -1220     6099

 COOLING
  TODAY            0                         0      0        0
  MONTH TO DATE    0                         0      0        0
  SINCE MAR 1      0                         0      0        0
  SINCE JAN 1      0                         0      0        0
..................................................................


WIND (MPH)
  HIGHEST WIND SPEED    22   HIGHEST WIND DIRECTION     W (290)
  HIGHEST GUST SPEED    30   HIGHEST GUST DIRECTION    NW (300)
  AVERAGE WIND SPEED     6.5



WEATHER CONDITIONS
 THE FOLLOWING WEATHER WAS RECORDED TODAY.
  LIGHT RAIN


RELATIVE HUMIDITY (PERCENT)
 HIGHEST    84           500 AM
 LOWEST     31           100 PM
 AVERAGE    58

..........................................................


THE BURNS OR CLIMATE NORMALS FOR TOMORROW
                         NORMAL    RECORD    YEAR
 MAXIMUM TEMPERATURE (F)   54        76      1992
 MINIMUM TEMPERATURE (F)   28        15      1976


SUNRISE AND SUNSET
APRIL  1 2015.........SUNRISE   638 AM PDT   SUNSET   722 PM PDT
APRIL  2 2015.........SUNRISE   636 AM PDT   SUNSET   724 PM PDT


-  INDICATES NEGATIVE NUMBERS.
R  INDICATES RECORD WAS SET OR TIED.
MM INDICATES DATA IS MISSING.
T  INDICATES TRACE AMOUNT.




$$
