000
CDUS44 KLCH 042234
CLIBPT


CLIMATE REPORT
NATIONAL WEATHER SERVICE LAKE CHARLES, LA
533 PM CDT MON MAY 4 2015


...................................

...THE BEAUMONT PORT ARTHUR CLIMATE SUMMARY FOR MAY 4 2015...
VALID TODAY AS OF 0500 PM LOCAL TIME.

CLIMATE NORMAL PERIOD 1981 TO 2010
CLIMATE RECORD PERIOD 1901 TO 2015


WEATHER ITEM   OBSERVED TIME   RECORD YEAR NORMAL DEPARTURE LAST
                VALUE   (LST)  VALUE       VALUE  FROM      YEAR
                                                  NORMAL
..................................................................
TEMPERATURE (F)
 TODAY
  MAXIMUM         84    213 PM  92    1943  82      2       86
  MINIMUM         61    557 AM  42    2013  64     -3       57
  AVERAGE         73                        73      0       72

PRECIPITATION (IN)
  TODAY            0.00          2.70 1904   0.16  -0.16     0.00
  MONTH TO DATE    T                         0.63  -0.63      T
  SINCE MAR 1     19.23                      7.37  11.86     4.31
  SINCE JAN 1     26.21                     16.21  10.00    11.03

SNOWFALL (IN)
  TODAY            0.0           0.0    MM   0.0    0.0      0.0
  MONTH TO DATE    0.0                       0.0    0.0      0.0
  SINCE MAR 1      T                         0.0    0.0      0.0
  SINCE JUL 1      T                         T      0.0      0.3
  SNOW DEPTH       0

DEGREE DAYS
 HEATING
  TODAY            0                         0      0        0
  MONTH TO DATE    0                         0      0        4
  SINCE MAR 1    105                       187    -82      245
  SINCE JUL 1   1362                      1400    -38     1714

 COOLING
  TODAY            8                         8      0        7
  MONTH TO DATE   29                        32     -3       12
  SINCE MAR 1    340                       233    107      189
  SINCE JAN 1    348                       259     89      213
..................................................................


WIND (MPH)
  HIGHEST WIND SPEED    17   HIGHEST WIND DIRECTION    SE (130)
  HIGHEST GUST SPEED    24   HIGHEST GUST DIRECTION    SE (120)
  AVERAGE WIND SPEED     8.5


SKY COVER
  POSSIBLE SUNSHINE  MM
  AVERAGE SKY COVER 0.1


WEATHER CONDITIONS
 THE FOLLOWING WEATHER WAS RECORDED TODAY.
  NO SIGNIFICANT WEATHER WAS OBSERVED.


RELATIVE HUMIDITY (PERCENT)
 HIGHEST    93           500 AM
 LOWEST     40          1100 AM
 AVERAGE    67

..........................................................


THE BEAUMONT PORT ARTHUR CLIMATE NORMALS FOR TOMORROW
                         NORMAL    RECORD    YEAR
 MAXIMUM TEMPERATURE (F)   82        91      1952
                                             1934
 MINIMUM TEMPERATURE (F)   64        49      2013
                                             1944


SUNRISE AND SUNSET
MAY  4 2015...........SUNRISE   631 AM CDT   SUNSET   755 PM CDT
MAY  5 2015...........SUNRISE   630 AM CDT   SUNSET   756 PM CDT


-  INDICATES NEGATIVE NUMBERS.
R  INDICATES RECORD WAS SET OR TIED.
MM INDICATES DATA IS MISSING.
T  INDICATES TRACE AMOUNT.




$$
