000
CDAK49 PABR 012307
CLIBRW

CLIMATE REPORT
NATIONAL WEATHER SERVICE BARROW, AK
307 PM AKDT WED APR 1 2015

...................................
...THE BARROW WSO AP CLIMATE SUMMARY FOR APRIL 1 2015...
VALID TODAY AS OF 300 PM LOCAL TIME

CLIMATE NORMAL PERIOD  1981 TO  2010
CLIMATE RECORD PERIOD  1915 TO  2015

WEATHER ITEM   OBSERVED TIME    RECORD YEAR NORMAL DEPARTURE LAST
               VALUE    (LST)   VALUE       VALUE  FROM      YEAR
                                                   NORMAL
...................................................................
TEMPERATURE
TODAY
 MAXIMUM            -2   150 PM    25  2008     -1      -1      7
 MINIMUM            -8   754 AM   -35  1924    -14       6     -4
 AVERAGE            -5                          -8       3      2

PRECIPITATION
(INCHES)
 TODAY            0.00           0.10  1965   0.00    0.00      T
 MONTH TO DATE    0.00                        0.00    0.00      T
 SINCE MAR 1      0.28                        0.09    0.19   0.05
 SINCE JAN 1      0.85                        0.36    0.49   0.42

SNOWFALL
(INCHES)
 TODAY             0.0            1.7  1965    0.1    -0.1    0.1
 MONTH TO DATE     0.0                         0.1    -0.1    0.1
 SINCE MAR 1       3.4                         2.2     1.2    1.9
 SINCE JUL 1      46.5                        31.2    15.3   44.5
 SNOW DEPTH (IN)     6                                          7

DEGREE DAYS
 HEATING
  TODAY             70                          73      -3     63
  MONTH TO DATE     70                          73      -3     63
  SINCE MAR 1     2417                        2477     -60   2218
  SINCE JUL 1    14560                       15325    -765  13939

 COOLING
  TODAY              0                           0       0      0
  MONTH TO DATE      0                           0       0      0
  SINCE MAR 1        0                           0       0      0
  SINCE JAN 1        0                           0       0      0
...................................................................

WIND (MPH)
 HIGHEST WIND SPEED    23     HIGHEST WIND DIRECTION     70
 HIGHEST GUST SPEED    25     HIGHEST GUST DIRECTION     70
 AVERAGE WIND SPEED    MM

SKY COVER
  POSSIBLE SUNSHINE  MM            AVERAGE SKY COVER MM

WEATHER CONDITIONS
 THE FOLLOWING WEATHER WAS RECORDED TODAY.
  NO SIGNIFICANT WEATHER WAS OBSERVED.

RELATIVE HUMIDITY
 HIGHEST RH     MM PERCENT       MM
 LOWEST  RH     MM PERCENT       MM
 AVERAGE RH     MM PERCENT       MM
...................................................................

THE BARROW CLIMATE NORMALS FOR TOMORROW
                        NORMAL    RECORD   YEAR
 MAXIMUM TEMPERATURE       0        30     2008
 MINIMUM TEMPERATURE     -14       -35     1921

SUNRISE AND SUNSET
 APR 1 2015..........SUNRISE  726 AM      SUNSET  940 PM
 APR 2 2015..........SUNRISE  721 AM      SUNSET  944 PM

-  INDICATES NEGATIVE NUMBERS.
R  INDICATES RECORD HAS BEEN SET OR TIED.
MM INDICATES DATA IS MISSING.
T  INDICATES TRACE OF PRECIPITATION.

&&
-------------------------------------------------------------------

AMOUNT OF DAYLIGHT TODAY  (HOUR:MIN)........14 HOURS 14 MINUTES
GAIN/LOSS SINCE YESTERDAY (HOUR:MIN:SEC)....+0:09:33

$$
DPA APR 15
