000
CDUS45 KMSO 052235
CLIBTM


CLIMATE REPORT
NATIONAL WEATHER SERVICE MISSOULA, MT
435 PM MDT TUE MAY 5 2015


...................................

...THE BUTTE MT CLIMATE SUMMARY FOR MAY 5 2015...
VALID TODAY AS OF 0400 PM LOCAL TIME.

CLIMATE NORMAL PERIOD 1981 TO 2010
CLIMATE RECORD PERIOD 1895 TO 2015


WEATHER ITEM   OBSERVED TIME   RECORD YEAR NORMAL DEPARTURE LAST
                VALUE   (LST)  VALUE       VALUE  FROM      YEAR
                                                  NORMAL
..................................................................
TEMPERATURE (F)
 TODAY
  MAXIMUM         61   1236 PM  82    1966  58      3       52
  MINIMUM         35    623 AM  15    2010  31      4       32
  AVERAGE         48                        44      4       42

PRECIPITATION (IN)
  TODAY            T             0.48 1924   0.05  -0.05     0.08
  MONTH TO DATE    T                         0.24  -0.24     0.15
  SINCE OCT 1      3.98                      4.96  -0.98     4.65
  SINCE JAN 1      1.59                      3.07  -1.48     3.61

SNOWFALL (IN)
  TODAY            0.0
  MONTH TO DATE    0.0
  SINCE JAN 1      0.0
  SINCE JUL 1      0.0
  SNOW DEPTH       0

DEGREE DAYS
 HEATING
  TODAY           17                        21     -4       23
  MONTH TO DATE   82                       107    -25       85
  SINCE MAR 1   1706                      1929   -223     1928
  SINCE JUL 1   7587                      8498   -911     8306

 COOLING
  TODAY            0                         0      0        0
  MONTH TO DATE    0                         0      0        0
  SINCE MAR 1      0                         0      0        0
  SINCE JAN 1      0                         0      0        0
..................................................................


WIND (MPH)
  HIGHEST WIND SPEED    18   HIGHEST WIND DIRECTION     W (270)
  HIGHEST GUST SPEED    24   HIGHEST GUST DIRECTION     W (260)
  AVERAGE WIND SPEED     3.2


SKY COVER
  POSSIBLE SUNSHINE  MM
  AVERAGE SKY COVER 0.3


WEATHER CONDITIONS
 THE FOLLOWING WEATHER WAS RECORDED TODAY.
  THUNDERSTORM


RELATIVE HUMIDITY (PERCENT)
 HIGHEST    75           500 AM
 LOWEST     32          1200 PM
 AVERAGE    54

..........................................................


THE BUTTE MT CLIMATE NORMALS FOR TOMORROW
                         NORMAL    RECORD    YEAR
 MAXIMUM TEMPERATURE (F)   58        82      1992
 MINIMUM TEMPERATURE (F)   31        16      1968


SUNRISE AND SUNSET
MAY  5 2015...........SUNRISE   611 AM MDT   SUNSET   843 PM MDT
MAY  6 2015...........SUNRISE   610 AM MDT   SUNSET   844 PM MDT


-  INDICATES NEGATIVE NUMBERS.
R  INDICATES RECORD WAS SET OR TIED.
MM INDICATES DATA IS MISSING.
T  INDICATES TRACE AMOUNT.




$$
