000
CDUS43 KLMK 272033
CLIBWG

CLIMATE REPORT
NATIONAL WEATHER SERVICE LOUISVILLE KY
432 PM EDT MON APR 27 2015


...................................

...THE BOWLING GREEN CLIMATE SUMMARY FOR APRIL 27 2015...
VALID TODAY AS OF 0400 PM LOCAL TIME.

CLIMATE NORMAL PERIOD 1981 TO 2010
CLIMATE RECORD PERIOD 1870 TO 2015


WEATHER ITEM   OBSERVED TIME   RECORD YEAR NORMAL DEPARTURE LAST
                VALUE   (LST)  VALUE       VALUE  FROM      YEAR
                                                  NORMAL
..................................................................
TEMPERATURE (F)
 TODAY
  MAXIMUM         67    200 PM  90    1989  73     -6       80
  MINIMUM         44    744 AM  31    1946  49     -5       49
  AVERAGE         56                        61     -5       65

PRECIPITATION (IN)
  TODAY            0.00          2.43 2011   0.16  -0.16     0.61
  MONTH TO DATE    9.08                      3.87   5.21     4.02
  SINCE MAR 1     15.35                      8.28   7.07     7.75
  SINCE JAN 1     21.23                     15.85   5.38    14.92

SNOWFALL (IN)
  TODAY            0.0           0.0    MM   0.0    0.0      0.0
  MONTH TO DATE    0.0                       0.2   -0.2       T
  SINCE MAR 1      7.2                       1.3    5.9      5.1
  SINCE JUL 1     23.5                       9.1   14.4     10.4
  SNOW DEPTH       0

DEGREE DAYS
 HEATING
  TODAY            9                         5      4        0
  MONTH TO DATE  145                       236    -91      189
  SINCE MAR 1    685                       756    -71      842
  SINCE JUL 1   4220                      3954    266     4451

 COOLING
  TODAY            0                         1     -1        0
  MONTH TO DATE   35                        26      9       12
  SINCE MAR 1     35                        31      4       12
  SINCE JAN 1     35                        31      4       12
..................................................................


WIND (MPH)
  HIGHEST WIND SPEED    10   HIGHEST WIND DIRECTION    NE (40)
  HIGHEST GUST SPEED    17   HIGHEST GUST DIRECTION     N (10)
  AVERAGE WIND SPEED     4.7


SKY COVER
  POSSIBLE SUNSHINE  MM
  AVERAGE SKY COVER 0.0


WEATHER CONDITIONS
 THE FOLLOWING WEATHER WAS RECORDED TODAY.
  NO SIGNIFICANT WEATHER WAS OBSERVED.


RELATIVE HUMIDITY (PERCENT)
 HIGHEST    70           300 AM
 LOWEST     34           100 PM
 AVERAGE    52

..........................................................


THE BOWLING GREEN CLIMATE NORMALS FOR TOMORROW
                         NORMAL    RECORD    YEAR
 MAXIMUM TEMPERATURE (F)   73        91      1906
 MINIMUM TEMPERATURE (F)   50        33      1934


SUNRISE AND SUNSET
APRIL 27 2015.........SUNRISE   556 AM CDT   SUNSET   731 PM CDT
APRIL 28 2015.........SUNRISE   555 AM CDT   SUNSET   732 PM CDT


-  INDICATES NEGATIVE NUMBERS.
R  INDICATES RECORD WAS SET OR TIED.
MM INDICATES DATA IS MISSING.
T  INDICATES TRACE AMOUNT.




$$
