000
CDUS45 KCYS 062126
CLICDR


CLIMATE REPORT
NATIONAL WEATHER SERVICE CHEYENNE WY
326 PM MDT WED MAY 6 2015


...................................

...THE CHADRON NE AIRPORT CLIMATE SUMMARY FOR MAY 6 2015...
VALID AS OF 0300 PM LOCAL TIME.

CLIMATE NORMAL PERIOD 1981 TO 2010
CLIMATE RECORD PERIOD 1895 TO 2015


WEATHER ITEM   OBSERVED TIME   RECORD YEAR NORMAL DEPARTURE LAST
                VALUE   (LST)  VALUE       VALUE  FROM      YEAR
                                                  NORMAL
..................................................................
TEMPERATURE (F)
 TODAY
  MAXIMUM         67    159 PM  91    2000  67      0       66
  MINIMUM         53    602 AM  23    1982  37     16       46
  AVERAGE         60                        52      8       56

PRECIPITATION (IN)
  TODAY            0.27          1.07 1932   0.09   0.18     0.00
  MONTH TO DATE    0.39                      0.51  -0.12     0.00
  SINCE JAN 1      3.01                      4.69  -1.68     4.30

DEGREE DAYS
 HEATING
  TODAY            5                        13     -8        9
  MONTH TO DATE   58                        83    -25       72
  SINCE MAR 1   1273                      1594   -321     1516
  SINCE JUL 1   6218                      6846   -628     6990

 COOLING
  TODAY            0                         0      0        0
  MONTH TO DATE    0                         0      0        0
  SINCE MAR 1      0                         2     -2        1
  SINCE JAN 1      0                         2     -2        1
..................................................................


WIND (MPH)
  HIGHEST WIND SPEED    15   HIGHEST WIND DIRECTION     S (160)
  HIGHEST GUST SPEED    17   HIGHEST GUST DIRECTION     S (160)
  AVERAGE WIND SPEED     5.9


SKY COVER
  AVERAGE SKY COVER 0.9


WEATHER CONDITIONS
 THE FOLLOWING WEATHER WAS RECORDED TODAY.
  RAIN
  LIGHT RAIN
  FOG


RELATIVE HUMIDITY (PERCENT)
 HIGHEST   100           700 AM
 LOWEST     58           200 PM
 AVERAGE    79

..........................................................


THE CHADRON NE AIRPORT CLIMATE NORMALS FOR TOMORROW
                         NORMAL    RECORD    YEAR
 MAXIMUM TEMPERATURE (F)   68        92      1934
 MINIMUM TEMPERATURE (F)   38        23      2010


SUNRISE AND SUNSET
MAY  6 2015...........SUNRISE   540 AM MDT   SUNSET   758 PM MDT
MAY  7 2015...........SUNRISE   539 AM MDT   SUNSET   800 PM MDT


-  INDICATES NEGATIVE NUMBERS.
R  INDICATES RECORD WAS SET OR TIED.
MM INDICATES DATA IS MISSING.
T  INDICATES TRACE AMOUNT.




$$
