000
CDUS44 KLUB 050627
CLICDS


CLIMATE REPORT
NATIONAL WEATHER SERVICE LUBBOCK, TX
126 AM CDT TUE MAY 5 2015


...................................

...THE CHILDRESS CLIMATE SUMMARY FOR MAY 4 2015...

CLIMATE NORMAL PERIOD 1981 TO 2010
CLIMATE RECORD PERIOD 1893 TO 2015


WEATHER ITEM   OBSERVED TIME   RECORD YEAR NORMAL DEPARTURE LAST
                VALUE   (LST)  VALUE       VALUE  FROM      YEAR
                                                  NORMAL
..................................................................
TEMPERATURE (F)
 YESTERDAY
  MAXIMUM         83    221 PM 105    2012  81      2      100
  MINIMUM         60    547 AM  27    1907  55      5       62
  AVERAGE         72                        68      4       81

PRECIPITATION (IN)
  YESTERDAY        T             2.35 2001   0.08  -0.08     0.00
  MONTH TO DATE    T                         0.32  -0.32     0.00
  SINCE MAR 1      5.22                      3.97   1.25     1.99
  SINCE JAN 1      6.39                      5.75   0.64     2.35

SNOWFALL (IN)
  YESTERDAY        0.0                       0.0    0.0      0.0
  MONTH TO DATE    0.0                       0.0    0.0      0.0
  SINCE MAR 1      0.0                       0.6   -0.6       T
  SINCE JUL 1      2.0                       7.0   -5.0      9.5
  SNOW DEPTH       0

DEGREE DAYS
 HEATING
  YESTERDAY        0                         2     -2        0
  MONTH TO DATE    0                         8     -8       14
  SINCE MAR 1    434                       536   -102      624
  SINCE JUL 1   2931                      3096   -165     3440

 COOLING
  YESTERDAY        7                         5      2       16
  MONTH TO DATE   20                        17      3       23
  SINCE MAR 1    116                       107      9      117
  SINCE JAN 1    116                       108      8      117
..................................................................


WIND (MPH)
  RESULTANT WIND SPEED  15   RESULTANT WIND DIRECTION   S (160)
  HIGHEST WIND SPEED    30   HIGHEST WIND DIRECTION     S (160)
  HIGHEST GUST SPEED    37   HIGHEST GUST DIRECTION     S (170)
  AVERAGE WIND SPEED    16.1


SKY COVER
  AVERAGE SKY COVER 0.2


WEATHER CONDITIONS
 THE FOLLOWING WEATHER WAS RECORDED YESTERDAY.
  LIGHT RAIN


RELATIVE HUMIDITY (PERCENT)
 HIGHEST    84           600 AM
 LOWEST     43           200 PM
 AVERAGE    64

..........................................................


THE CHILDRESS CLIMATE NORMALS FOR TODAY
                         NORMAL    RECORD    YEAR
 MAXIMUM TEMPERATURE (F)   81       105      2014
                                             2012
 MINIMUM TEMPERATURE (F)   55        38      2013


SUNRISE AND SUNSET
MAY  5 2015...........SUNRISE   647 AM CDT   SUNSET   829 PM CDT
MAY  6 2015...........SUNRISE   647 AM CDT   SUNSET   829 PM CDT


-  INDICATES NEGATIVE NUMBERS.
R  INDICATES RECORD WAS SET OR TIED.
MM INDICATES DATA IS MISSING.
T  INDICATES TRACE AMOUNT.




$$
